000
CXUS55 KSEW 220930
CF6UIL
PRELIMINARY LOCAL CLIMATOLOGICAL DATA (WS FORM: F-6)

                                          STATION:   QUILLAYUTE WA AIRPORT
                                          MONTH:     NOVEMBER
                                          YEAR:      2017
                                          LATITUDE:   47 57 N
                                          LONGITUDE: 124 33 W

  TEMPERATURE IN F:       :PCPN:    SNOW:  WIND      :SUNSHINE: SKY     :PK WND
================================================================================
1   2   3   4   5  6A  6B    7    8   9   10  11  12  13   14  15   16   17  18
                                     12Z  AVG MX 2MIN
DY MAX MIN AVG DEP HDD CDD  WTR  SNW DPTH SPD SPD DIR MIN PSBL S-S WX    SPD DR
================================================================================

 1  56  46  51   4  14   0 0.01  0.0    0  7.1 18 320   M    M   9        29 310
 2  48  37  43  -4  22   0 0.89  0.0    0  6.4 21 250   M    M  10 1      31 230
 3  43  29  36 -10  29   0    T    M    M  9.7 21  60   M    M   4        29  70
 4  45  30  38  -8  27   0 0.41  0.0    0  6.1 14  50   M    M   9 1      20  50
 5  43  32  38  -8  27   0    T    M    0 10.7 25  40   M    M   4        34  40
 6  51  28  40  -6  25   0 0.00  0.0    0  4.6 10  40   M    M   3        13  70
 7  49  34  42  -4  23   0 0.00  0.0    0  6.9 13  70   M    M   3        17  70
 8  53  42  48   2  17   0 0.26  0.0    0  7.4 20 120   M    M  10 1      35 120
 9  53  43  48   3  17   0 0.10  0.0    0  5.6 13 130   M    M   6 1      18 110
10  56  38  47   2  18   0    T  0.0    0  2.7  8 250   M    M   5 12     11  70
11  53  35  44  -1  21   0 0.99  0.0    0  7.3 17 130   M    M  10 1      26 140
12  53  48  51   6  14   0 0.95  0.0    0  7.0 16 130   M    M  10 1      30 140
13  52  46  49   4  16   0 1.17  0.0    0 14.0 28 250   M    M   9 13     43 160
14  51  45  48   4  17   0 2.39  0.0    0 11.7 26 200   M    M  10 13     42 140
15  49  41  45   1  20   0 0.82  0.0    0  5.6 17 190   M    M   6 13     29 160
16  47  38  43  -1  22   0 0.24  0.0    0  3.1 12 140   M    M   9 1      16 150
17  49  34  42  -2  23   0 0.15  0.0    0  1.8  9 230   M    M   6 1      13 210
18  49  42  46   2  19   0 0.03  0.0    0  6.3 15 140   M    M   9 1      22 150
19  50  46  48   4  17   0 3.69  0.0    0 11.6 23 170   M    M   9 1      43 160
20  52  36  44   1  21   0 0.14  0.0    0  4.6 12 240   M    M   4 1      16 240
21  58  37  48   5  17   0 2.54  0.0    0  9.9 23 180   M    M   8 1      40 170
================================================================================
SM 1060  807       426   0 14.78     0.0 150.1          M      153
================================================================================
AV 50.5 38.4                               7.1 FASTST   M    M   7    MAX(MPH)
                                 MISC ---->  # 28 250               # 43  160
================================================================================
NOTES:
# LAST OF SEVERAL OCCURRENCES

COLUMN 17 PEAK WIND IN M.P.H.

PRELIMINARY LOCAL CLIMATOLOGICAL DATA (WS FORM: F-6) , PAGE 2

                                          STATION:  QUILLAYUTE WA AIRPORT
                                          MONTH:    NOVEMBER
                                          YEAR:     2017
                                          LATITUDE:   47 57 N
                                          LONGITUDE: 124 33 W

[TEMPERATURE DATA]      [PRECIPITATION DATA]       SYMBOLS USED IN COLUMN 16

AVERAGE MONTHLY: 44.5   TOTAL FOR MONTH:  14.78    1 = FOG OR MIST
DPTR FM NORMAL:  -0.5   DPTR FM NORMAL:    3.99    2 = FOG REDUCING VISIBILITY
HIGHEST:    58 ON 21    GRTST 24HR  3.69 ON 19-19      TO 1/4 MILE OR LESS
LOWEST:     28 ON  6                               3 = THUNDER
                        SNOW, ICE PELLETS, HAIL    4 = ICE PELLETS
                        TOTAL MONTH:   0.0 INCH    5 = HAIL
                        GRTST 24HR     0.0         6 = FREEZING RAIN OR DRIZZLE
                        GRTST DEPTH:   0           7 = DUSTSTORM OR SANDSTORM:
                                                       VSBY 1/2 MILE OR LESS
                                                   8 = SMOKE OR HAZE
[NO. OF DAYS WITH]      [WEATHER - DAYS WITH]      9 = BLOWING SNOW
                                                   X = TORNADO
MAX 32 OR BELOW:   0    0.01 INCH OR MORE:  16
MAX 90 OR ABOVE:   0    0.10 INCH OR MORE:  14
MIN 32 OR BELOW:   4    0.50 INCH OR MORE:   8
MIN  0 OR BELOW:   0    1.00 INCH OR MORE:   4

[HDD (BASE 65) ]
TOTAL THIS MO.   426    CLEAR  (SCALE 0-3)   2
DPTR FM NORMAL     6    PTCLDY (SCALE 4-7)   8
TOTAL FM JUL 1  1373    CLOUDY (SCALE 8-10) 11
DPTR FM NORMAL  -137

[CDD (BASE 65) ]
TOTAL THIS MO.     0
DPTR FM NORMAL     0    [PRESSURE DATA]
TOTAL FM JAN 1    73    HIGHEST SLP M ON M
DPTR FM NORMAL    54    LOWEST  SLP 29.38 ON 13

[REMARKS]
