000
CXUS53 KLSX 311600
CF6UIN
PRELIMINARY LOCAL CLIMATOLOGICAL DATA (WS FORM: F-6)

                                          STATION:   QUINCY IL
                                          MONTH:     JULY
                                          YEAR:      2015
                                          LATITUDE:   39 57 N
                                          LONGITUDE:  91 12 W

  TEMPERATURE IN F:       :PCPN:    SNOW:  WIND      :SUNSHINE: SKY     :PK WND
================================================================================
1   2   3   4   5  6A  6B    7    8   9   10  11  12  13   14  15   16   17  18
                                     12Z  AVG MX 2MIN
DY MAX MIN AVG DEP HDD CDD  WTR  SNW DPTH SPD SPD DIR MIN PSBL S-S WX    SPD DR
================================================================================

 1  83  68  76   0   0  11 0.12  0.0    0  6.7 17  40   M    M   6 18     22  80
 2  72  63  68  -8   0   3 0.00  0.0    0  8.9 16  70   M    M   3 1      19  60
 3  80  62  71  -5   0   6 0.00  0.0    0  6.2 13 360   M    M   2 1      15  10
 4  82  61  72  -4   0   7 0.00  0.0    0  3.5  9 200   M    M   0 18     12 140
 5  86  64  75  -1   0  10 0.00  0.0    0  7.2 14 160   M    M   1 18     18 140
 6  88  72  80   4   0  15 0.33  0.0    0  9.5 22 250   M    M   2 138    29 240
 7  74  63  69  -7   0   4 0.16  0.0    0  9.4 21  20   M    M   8 18     25  10
 8  67  57  62 -14   3   0 1.74  0.0    0  9.8 18  70   M    M  10 18     23  70
 9  74  58  66 -10   0   1 0.00  0.0    0  5.2 12 320   M    M   7 1      14 330
10  79  61  70  -6   0   5 0.00  0.0    0  3.4  9 140   M    M   1        14 100
11  86  66  76   0   0  11 3.87  0.0    0  9.1 43  20   M    M   5 13     50  30
12  91  67  79   3   0  14    T  0.0    0  7.9 17 230   M    M   0 3      24 240
13  91  68  80   4   0  15    M  0.0    0  7.1 48 290   M    M   1 13     74 290
14  89  71  80   4   0  15 0.00  0.0    0  8.1 16 330   M    M   0        20 330
15  83  69  76   0   0  11 0.00  0.0    0  6.3 16 100   M    M   2        20 100
16  89  71  80   4   0  15    T  0.0    0 10.9 18 190   M    M   5 3      27 200
17  93  75  84   8   0  19 0.00  0.0    0  8.9 16 250   M    M   0        20 240
18  88  77  83   7   0  18 0.04  0.0    0  7.8 18 210   M    M   2        22 200
19  81  71  76   0   0  11 0.88  0.0    0  7.5 22 290   M    M   5 13     29 290
20  85  68  77   1   0  12 0.22  0.0    0  5.6 20 310   M    M   5 128    25 320
21  80  63  72  -4   0   7 0.00  0.0    0  5.9 13  20   M    M   1        17 350
22  82  61  72  -4   0   7 0.00  0.0    0  5.2 10 110   M    M   1        15 120
23  84  65  75  -1   0  10 0.00  0.0    0  6.8 12 140   M    M   1        14 140
24  87  66  77   1   0  12 0.00  0.0    0  6.7 16 190   M    M   1 1      21 190
25  88  72  80   4   0  15 0.05  0.0    0  6.8 23 140   M    M   1 18     35 300
26  88  70  79   3   0  14 1.07  0.0    0  6.6 21 290   M    M   1 13     26 310
27  90  71  81   5   0  16 0.93  0.0    0  6.6 29 290   M    M   3 123    38 320
28  93  71  82   6   0  17 0.01  0.0    0  5.1 13 300   M    M   1 1      17 300
29  85  68  77   1   0  12    T  0.0    0  7.6 15  10   M    M   0 1      20 360
30  88  65  77   1   0  12 0.00  0.0    0  7.0 14 270   M    M   0        19 280
================================================================================
SM 2526 2004         3 325  9.42     0.0 213.3          M       75
================================================================================
AV 84.2 66.8                               7.1 FASTST   M    M   3    MAX(MPH)
                                 MISC ---->  # 48 290               # 74  290
================================================================================
NOTES:
# LAST OF SEVERAL OCCURRENCES

COLUMN 17 PEAK WIND IN M.P.H.

PRELIMINARY LOCAL CLIMATOLOGICAL DATA (WS FORM: F-6) , PAGE 2

                                          STATION:  QUINCY IL
                                          MONTH:    JULY
                                          YEAR:     2015
                                          LATITUDE:   39 57 N
                                          LONGITUDE:  91 12 W

[TEMPERATURE DATA]      [PRECIPITATION DATA]       SYMBOLS USED IN COLUMN 16

AVERAGE MONTHLY: 75.5   TOTAL FOR MONTH:   9.42    1 = FOG OR MIST
DPTR FM NORMAL:  -0.5   DPTR FM NORMAL:    5.50    2 = FOG REDUCING VISIBILITY
HIGHEST:    93 ON 28,17 GRTST 24HR  3.87 ON 11-11      TO 1/4 MILE OR LESS
LOWEST:     57 ON  8                               3 = THUNDER
                        SNOW, ICE PELLETS, HAIL    4 = ICE PELLETS
                        TOTAL MONTH:   0.0 INCH    5 = HAIL
                        GRTST 24HR     0.0         6 = FREEZING RAIN OR DRIZZLE
                        GRTST DEPTH:   0           7 = DUSTSTORM OR SANDSTORM:
                                                       VSBY 1/2 MILE OR LESS
                                                   8 = SMOKE OR HAZE
[NO. OF DAYS WITH]      [WEATHER - DAYS WITH]      9 = BLOWING SNOW
                                                   X = TORNADO
MAX 32 OR BELOW:   0    0.01 INCH OR MORE:  12
MAX 90 OR ABOVE:   5    0.10 INCH OR MORE:   9
MIN 32 OR BELOW:   0    0.50 INCH OR MORE:   5
MIN  0 OR BELOW:   0    1.00 INCH OR MORE:   3

[HDD (BASE 65) ]
TOTAL THIS MO.     3    CLEAR  (SCALE 0-3)  22
DPTR FM NORMAL     3    PTCLDY (SCALE 4-7)   7
TOTAL FM JUL 1     3    CLOUDY (SCALE 8-10)  1
DPTR FM NORMAL     3

[CDD (BASE 65) ]
TOTAL THIS MO.   325
DPTR FM NORMAL    -5    [PRESSURE DATA]
TOTAL FM JAN 1   686    HIGHEST SLP M ON M
DPTR FM NORMAL    43    LOWEST  SLP 29.63 ON M

[REMARKS]
