000
CXUS53 KLSX 171600
CF6UIN
PRELIMINARY LOCAL CLIMATOLOGICAL DATA (WS FORM: F-6)

                                          STATION:   QUINCY IL
                                          MONTH:     JANUARY
                                          YEAR:      2017
                                          LATITUDE:   39 57 N
                                          LONGITUDE:  91 12 W

  TEMPERATURE IN F:       :PCPN:    SNOW:  WIND      :SUNSHINE: SKY     :PK WND
================================================================================
1   2   3   4   5  6A  6B    7    8   9   10  11  12  13   14  15   16   17  18
                                     12Z  AVG MX 2MIN
DY MAX MIN AVG DEP HDD CDD  WTR  SNW DPTH SPD SPD DIR MIN PSBL S-S WX    SPD DR
================================================================================

 1  41  18  30   3  35   0 0.00  0.0    0  6.7 14 110   M    M   2 18     18 130
 2  45  35  40  13  25   0 0.06  0.0    0  7.5 14 110   M    M  10 12     16 140
 3  40  18  29   2  36   0 0.01  0.0    0 16.2 28 320   M    M   8 12     34 320
 4  21  10  16 -11  49   0    T    M    0 12.3 20 300   M    M   3 18     25 310
 5  15   2   9 -17  56   0 0.01    M    M  9.3 15 320   M    M   9 18     18 300
 6   8  -2   3 -23  62   0 0.00  0.0    0  6.5 16 320   M    M   1        20 300
 7  24  -2  11 -15  54   0 0.00  0.0    M  7.0 13 250   M    M   2        16 250
 8  25   2  14 -12  51   0 0.00  0.0    M  9.1 18 180   M    M   4        24 170
 9  41  20  31   5  34   0 0.00  0.0    0 13.5 21 170   M    M   3        29 170
10  60  25  43  17  22   0    T    M    0 17.4 36 250   M    M   6 1      48 250
11  57  24  41  15  24   0 0.00  0.0    0 12.3 18 160   M    M   2 1      26 150
12  30  19  25  -1  40   0 0.02    M    0 11.8 21 320   M    M   7 16     26 310
13  29  16  23  -3  42   0 0.00  0.0    0  9.0 17  50   M    M   4 18     20  50
14  30  27  29   3  36   0 0.04    M    0  5.2 12 320   M    M  10 16     13 320
15  32  28  30   4  35   0 0.03    M    M  6.3 12 110   M    M  10 168    14 110
16  47  32  40  14  25   0 0.85    M    M  9.0 16 110   M    M  10 123    21 100
================================================================================
SM  545  272       626   0  1.02     0.0 159.1          M       91
================================================================================
AV 34.1 17.0                               9.9 FASTST   M    M   6    MAX(MPH)
                                 MISC ---->  # 36 250               # 48  250
================================================================================
NOTES:
# LAST OF SEVERAL OCCURRENCES

COLUMN 17 PEAK WIND IN M.P.H.

PRELIMINARY LOCAL CLIMATOLOGICAL DATA (WS FORM: F-6) , PAGE 2

                                          STATION:  QUINCY IL
                                          MONTH:    JANUARY
                                          YEAR:     2017
                                          LATITUDE:   39 57 N
                                          LONGITUDE:  91 12 W

[TEMPERATURE DATA]      [PRECIPITATION DATA]       SYMBOLS USED IN COLUMN 16

AVERAGE MONTHLY: 25.5   TOTAL FOR MONTH:   1.02    1 = FOG OR MIST
DPTR FM NORMAL:  -0.7   DPTR FM NORMAL:    0.21    2 = FOG REDUCING VISIBILITY
HIGHEST:    60 ON 10    GRTST 24HR  0.85 ON 16-16      TO 1/4 MILE OR LESS
LOWEST:     -2 ON  7, 6                            3 = THUNDER
                        SNOW, ICE PELLETS, HAIL    4 = ICE PELLETS
                        TOTAL MONTH:   0.0 INCH    5 = HAIL
                        GRTST 24HR     0.0         6 = FREEZING RAIN OR DRIZZLE
                        GRTST DEPTH:   0           7 = DUSTSTORM OR SANDSTORM:
                                                       VSBY 1/2 MILE OR LESS
                                                   8 = SMOKE OR HAZE
[NO. OF DAYS WITH]      [WEATHER - DAYS WITH]      9 = BLOWING SNOW
                                                   X = TORNADO
MAX 32 OR BELOW:   9    0.01 INCH OR MORE:   7
MAX 90 OR ABOVE:   0    0.10 INCH OR MORE:   1
MIN 32 OR BELOW:  15    0.50 INCH OR MORE:   1
MIN  0 OR BELOW:   2    1.00 INCH OR MORE:   0

[HDD (BASE 65) ]
TOTAL THIS MO.   626    CLEAR  (SCALE 0-3)   4
DPTR FM NORMAL     6    PTCLDY (SCALE 4-7)   7
TOTAL FM JUL 1  2427    CLOUDY (SCALE 8-10)  5
DPTR FM NORMAL  -384

[CDD (BASE 65) ]
TOTAL THIS MO.     0
DPTR FM NORMAL     0    [PRESSURE DATA]
TOTAL FM JAN 1     0    HIGHEST SLP M ON M
DPTR FM NORMAL     0    LOWEST  SLP 29.50 ON 10

[REMARKS]
