000
CXUS53 KSGF 260800
CF6UNO
PRELIMINARY LOCAL CLIMATOLOGICAL DATA (WS FORM: F-6)

                                          STATION:   WEST PLAINS MO
                                          MONTH:     FEBRUARY
                                          YEAR:      2017
                                          LATITUDE:   36 52 N
                                          LONGITUDE:  91 55 W

  TEMPERATURE IN F:       :PCPN:    SNOW:  WIND      :SUNSHINE: SKY     :PK WND
================================================================================
1   2   3   4   5  6A  6B    7    8   9   10  11  12  13   14  15   16   17  18
                                     12Z  AVG MX 2MIN
DY MAX MIN AVG DEP HDD CDD  WTR  SNW DPTH SPD SPD DIR MIN PSBL S-S WX    SPD DR
================================================================================

 1  56  36  46  11  19   0 0.00    M    M  9.1 20  60   M    M   0        25  60
 2  37  30  34  -1  31   0 0.00    M    M  8.7 16  20   M    M  10        21 360
 3  41  20  31  -4  34   0 0.00    M    M  6.6 14 340   M    M   2        19 320
 4  36  20  28  -7  37   0 0.00    M    M  8.1 16 170   M    M   4        22 170
 5  62  29  46  10  19   0 0.00    M    M  5.4 12 180   M    M   0        14 210
 6  66  46  56  20   9   0 0.00    M    M  9.6 17 180   M    M  10 12     26 180
 7  76  48  62  26   3   0 0.00    M    M 10.5 22 300   M    M   3        29 300
 8  53  24  39   3  26   0 0.00    M    M 10.2 21 320   M    M   4 18     27 340
 9  42  18  30  -6  35   0 0.00    M    M  6.4 14 330   M    M   0        19 350
10  69  29  49  13  16   0 0.00    M    M 11.5 22 210   M    M   0        31 200
11  80  50  65  28   0   0 0.00    M    M  8.1 17 200   M    M   2 1      25 200
12  63  36  50  13  15   0 0.00    M    M 10.3 23  20   M    M   1        33  10
13  52  27  40   3  25   0 0.02    M    M  3.4 12 120   M    M   3        15 120
14  46  38  42   5  23   0 0.47    M    M  2.0  9 320   M    M   8 1      12 310
15  52  31  42   4  23   0 0.00    M    M  8.5 17  10   M    M   0        23  20
16  64  29  47   9  18   0 0.00    M    M  8.3 16 210   M    M   0        21 190
17  70  38  54  16  11   0 0.00    M    M  8.1 15 190   M    M   1        23 170
18  61  47  54  16  11   0 0.12    M    M  3.2  8 180   M    M   7 12     11 190
19  67  39  53  14  12   0 0.00    M    M  5.0 13 160   M    M   6 12     16 170
20  75  55  65  26   0   0 1.31    M    M  9.0 23 170   M    M   4 1      30 170
21  61  53  57  18   8   0 0.66    M    M  7.0 15  30   M    M   9 1      20 360
22  68  53  61  21   4   0 0.00    M    M  4.6 14 160   M    M   5 12     19 230
23  76  51  64  24   1   0 0.00  0.0    0 10.4 22 160   M    M   5 12     29 160
24  63  34  49   9  16   0 0.00    M    M 11.9 23 290   M    M   2        32 290
25  46  25  36  -5  29   0 0.00  0.0    0  9.3 23 310   M    M   2        34 310
================================================================================
SM 1482  906       425   0  2.58     0.0 195.2          M       88
================================================================================
AV 59.3 36.2                               7.8 FASTST   M    M   4    MAX(MPH)
                                 MISC ---->  # 23  20               # 34  310
================================================================================
NOTES:
# LAST OF SEVERAL OCCURRENCES

COLUMN 17 PEAK WIND IN M.P.H.

PRELIMINARY LOCAL CLIMATOLOGICAL DATA (WS FORM: F-6) , PAGE 2

                                          STATION:  WEST PLAINS MO
                                          MONTH:    FEBRUARY
                                          YEAR:     2017
                                          LATITUDE:   36 52 N
                                          LONGITUDE:  91 55 W

[TEMPERATURE DATA]      [PRECIPITATION DATA]       SYMBOLS USED IN COLUMN 16

AVERAGE MONTHLY: 47.8   TOTAL FOR MONTH:   2.58    1 = FOG OR MIST
DPTR FM NORMAL:  10.4   DPTR FM NORMAL:    0.04    2 = FOG REDUCING VISIBILITY
HIGHEST:    80 ON 11    GRTST 24HR  1.97 ON 20-21      TO 1/4 MILE OR LESS
LOWEST:     18 ON  9                               3 = THUNDER
                        SNOW, ICE PELLETS, HAIL    4 = ICE PELLETS
                        TOTAL MONTH:   0.0 INCH    5 = HAIL
                        GRTST 24HR     0.0         6 = FREEZING RAIN OR DRIZZLE
                        GRTST DEPTH:   0           7 = DUSTSTORM OR SANDSTORM:
                                                       VSBY 1/2 MILE OR LESS
                                                   8 = SMOKE OR HAZE
[NO. OF DAYS WITH]      [WEATHER - DAYS WITH]      9 = BLOWING SNOW
                                                   X = TORNADO
MAX 32 OR BELOW:   0    0.01 INCH OR MORE:   5
MAX 90 OR ABOVE:   0    0.10 INCH OR MORE:   4
MIN 32 OR BELOW:  11    0.50 INCH OR MORE:   2
MIN  0 OR BELOW:   0    1.00 INCH OR MORE:   1

[HDD (BASE 65) ]
TOTAL THIS MO.   425    CLEAR  (SCALE 0-3)  13
DPTR FM NORMAL  -264    PTCLDY (SCALE 4-7)   8
TOTAL FM JUL 1  2604    CLOUDY (SCALE 8-10)  4
DPTR FM NORMAL  -789

[CDD (BASE 65) ]
TOTAL THIS MO.     0
DPTR FM NORMAL     0    [PRESSURE DATA]
TOTAL FM JAN 1     0    HIGHEST SLP M ON M
DPTR FM NORMAL     0    LOWEST  SLP 29.38 ON M

[REMARKS]
