000
CXUS54 KHGX 201415
CF6UTS
PRELIMINARY LOCAL CLIMATOLOGICAL DATA (WS FORM: F-6)

                                          STATION:   HUNTSVILLE_(ASOS)
                                          MONTH:     DECEMBER
                                          YEAR:      2014
                                          LATITUDE:   30 45 N
                                          LONGITUDE:  95 35 W

  TEMPERATURE IN F:       :PCPN:    SNOW:  WIND      :SUNSHINE: SKY     :PK WND
================================================================================
1   2   3   4   5  6A  6B    7    8   9   10  11  12  13   14  15   16   17  18
                                     12Z  AVG MX 2MIN
DY MAX MIN AVG DEP HDD CDD  WTR  SNW DPTH SPD SPD DIR MIN PSBL S-S WX    SPD DR
================================================================================

 1  69  43  56   2   9   0    T  0.0    0  7.3 17 330   M    M   8 18     24 340
 2  55  40  48  -6  17   0 0.00  0.0    0  4.1 12 340   M    M  10 1      18 340
 3  57  51  54   0  11   0 0.00  0.0    0  2.4  8  90   M    M  10 1      12  90
 4  72  55  64  11   1   0    T  0.0    0  2.8  9 170   M    M   8 12     13 160
 5  80  64  72  19   0   7    T  0.0    0  7.5 18 190   M    M   7 1      26 220
 6  70  57  64  11   1   0    T  0.0    0  5.7 14 340   M    M   8 1      19 330
 7  57  50  54   1  11   0 0.00  0.0    0  4.2 10  90   M    M  10 1      16  40
 8  64  38  51  -1  14   0 0.00  0.0    0  1.5 12 320   M    M   2 12     16 320
 9  68  38  53   1  12   0 0.00  0.0    0  0.7  7 310   M    M   0 1       9  50
10  66  42  54   2  11   0    T    M    0  2.1 10 220   M    M   4 1      13 220
11  68  54  61   9   4   0 0.01  0.0    0  3.4 14 190   M    M  10        19 190
12  72  58  65  13   0   0    T  0.0    0  5.9 17 190   M    M   7        21 190
13  71  52  62  10   3   0 0.00  0.0    0  4.5 12 180   M    M   8 12     17 170
14  74  62  68  17   0   3 0.04  0.0    0  8.4 17 160   M    M   9 1      25 160
15  75  51  63  12   2   0 0.03  0.0    0  9.1 17 240   M    M   4 1      23 190
16  61  40  51   0  14   0 0.00  0.0    0  4.6 14 330   M    M   0        18 340
17  58  37  48  -3  17   0    T  0.0    0  2.5 10 130   M    M   8        17 130
18  65  51  58   7   7   0 0.04  0.0    0  3.0  9  50   M    M  10 13     13 320
19  56  49  53   2  12   0 1.83    M    0  5.8 13 330   M    M  10 13     19  10
================================================================================
SM 1258  932       146  10  1.95     0.0  85.5          M      133
================================================================================
AV 66.2 49.1                               4.5 FASTST   M    M   7    MAX(MPH)
                                 MISC ---->  # 18 190               # 26  220
================================================================================
NOTES:
# LAST OF SEVERAL OCCURRENCES

COLUMN 17 PEAK WIND IN M.P.H.

PRELIMINARY LOCAL CLIMATOLOGICAL DATA (WS FORM: F-6) , PAGE 2

                                          STATION:  HUNTSVILLE_(ASOS)
                                          MONTH:    DECEMBER
                                          YEAR:     2014
                                          LATITUDE:   30 45 N
                                          LONGITUDE:  95 35 W

[TEMPERATURE DATA]      [PRECIPITATION DATA]       SYMBOLS USED IN COLUMN 16

AVERAGE MONTHLY: 57.6   TOTAL FOR MONTH:   1.95    1 = FOG OR MIST
DPTR FM NORMAL:   5.4   DPTR FM NORMAL:   -0.61    2 = FOG REDUCING VISIBILITY
HIGHEST:    80 ON  5    GRTST 24HR  1.84 ON 18-19      TO 1/4 MILE OR LESS
LOWEST:     37 ON 17                               3 = THUNDER
                        SNOW, ICE PELLETS, HAIL    4 = ICE PELLETS
                        TOTAL MONTH:   0.0 INCH    5 = HAIL
                        GRTST 24HR     0.0         6 = FREEZING RAIN OR DRIZZLE
                        GRTST DEPTH:   0           7 = DUSTSTORM OR SANDSTORM:
                                                       VSBY 1/2 MILE OR LESS
                                                   8 = SMOKE OR HAZE
[NO. OF DAYS WITH]      [WEATHER - DAYS WITH]      9 = BLOWING SNOW
                                                   X = TORNADO
MAX 32 OR BELOW:   0    0.01 INCH OR MORE:   5
MAX 90 OR ABOVE:   0    0.10 INCH OR MORE:   1
MIN 32 OR BELOW:   0    0.50 INCH OR MORE:   1
MIN  0 OR BELOW:   0    1.00 INCH OR MORE:   1

[HDD (BASE 65) ]
TOTAL THIS MO.   146    CLEAR  (SCALE 0-3)   3
DPTR FM NORMAL  -108    PTCLDY (SCALE 4-7)   6
TOTAL FM JUL 1   457    CLOUDY (SCALE 8-10) 10
DPTR FM NORMAL   -55

[CDD (BASE 65) ]
TOTAL THIS MO.    10
DPTR FM NORMAL    -2    [PRESSURE DATA]
TOTAL FM JAN 1  2814    HIGHEST SLP M ON M
DPTR FM NORMAL   -92    LOWEST  SLP 29.88 ON 15

[REMARKS]
