000
CXUS54 KCRP 301300
CF6VCT
PRELIMINARY LOCAL CLIMATOLOGICAL DATA (WS FORM: F-6)

                                          STATION:   VICTORIA
                                          MONTH:     MAY
                                          YEAR:      2015
                                          LATITUDE:   28 51 N
                                          LONGITUDE:  96 55 W

  TEMPERATURE IN F:       :PCPN:    SNOW:  WIND      :SUNSHINE: SKY     :PK WND
================================================================================
1   2   3   4   5  6A  6B    7    8   9   10  11  12  13   14  15   16   17  18
                                     12Z  AVG MX 2MIN
DY MAX MIN AVG DEP HDD CDD  WTR  SNW DPTH SPD SPD DIR MIN PSBL S-S WX    SPD DR
================================================================================

 1  83  56  70  -4   0   5 0.00  0.0    0  5.1 14 160   M    M   1        17 170
 2  80  58  69  -5   0   4 0.00  0.0    0  6.7 16 130   M    M   1        21 130
 3  84  58  71  -3   0   6 0.00  0.0    0 10.3 23 140   M    M   1        29 140
 4  83  66  75   1   0  10    T  0.0    0 11.0 22 130   M    M   3 1      27 120
 5  85  67  76   2   0  11 0.02  0.0    0 16.8 28 140   M    M   7 18     34 140
 6  86  73  80   5   0  15    T  0.0    0 14.5 22 140   M    M   7        28 150
 7  82  75  79   4   0  14    T  0.0    0 14.2 23 150   M    M  10        29 140
 8  87  76  82   7   0  17    T  0.0    0 16.6 25 150   M    M   8 1      32 160
 9  86  76  81   6   0  16 0.00  0.0    0 19.6 32 150   M    M   9 1      38 160
10  87  75  81   5   0  16    T  0.0    0 19.4 31 170   M    M   9 18     41 160
11  88  70  79   3   0  14 0.14  0.0    0 11.9 25  40   M    M   7 18     32  40
12  82  68  75  -1   0  10 0.91  0.0    0 10.2 33 120   M    M   7 13     41 110
13  78  70  74  -2   0   9 0.25  0.0    0  7.0 15  80   M    M   8 1X     19  70
14  86  72  79   3   0  14 0.00  0.0    0 10.7 23 150   M    M   6 13     28 160
15  77  67  72  -5   0   7 1.86  0.0    0 10.2 28 120   M    M   5 13     37 230
16  86  68  77   0   0  12 0.00  0.0    0 14.3 28 160   M    M   8 1      35 150
17  83  68  76  -1   0  11 0.94  0.0    0 12.7 23 160   M    M   8 13     31 350
18  88  77  83   6   0  18 0.00  0.0    0 10.3 17 120   M    M   6 1      22 110
19  87  75  81   3   0  16 0.00  0.0    0 11.6 23 150   M    M   6 1      27 140
20  88  75  82   4   0  17 0.00  0.0    0 10.8 21 150   M    M   4 1      25 150
21  82  71  77  -1   0  12 0.58  0.0    0  6.0 17 360   M    M   6 138    22 360
22  83  70  77  -1   0  12 0.06  0.0    0 11.2 23 140   M    M   7 18     28 120
23  85  74  80   2   0  15 0.14  0.0    0 12.4 31 140   M    M   4 138    37 140
24  84  69  77  -2   0  12 1.65  0.0    0 10.8 30 160   M    M   5 13     39 200
25  87  68  78  -1   0  13 0.64  0.0    0 15.7 32 160   M    M   7 138    42 150
26  89  70  80   1   0  15    T  0.0    0 12.3 23 170   M    M   8 13     28 170
27  86  75  81   2   0  16 0.00  0.0    0 12.1 23 140   M    M   6 18     29 150
28  89  74  82   3   0  17    T  0.0    0 11.3 22 140   M    M   6 13     27 150
29  89  65  77  -3   0  12 0.31  0.0    0 11.6 40 150   M    M   3 13     46 150
================================================================================
SM 2460 2026         0 366  7.50     0.0 347.3          M      173
================================================================================
AV 84.8 69.9                              12.0 FASTST   M    M   6    MAX(MPH)
                                 MISC ---->  # 40 150               # 46  150
================================================================================
NOTES:
# LAST OF SEVERAL OCCURRENCES

COLUMN 17 PEAK WIND IN M.P.H.

PRELIMINARY LOCAL CLIMATOLOGICAL DATA (WS FORM: F-6) , PAGE 2

                                          STATION:  VICTORIA
                                          MONTH:    MAY
                                          YEAR:     2015
                                          LATITUDE:   28 51 N
                                          LONGITUDE:  96 55 W

[TEMPERATURE DATA]      [PRECIPITATION DATA]       SYMBOLS USED IN COLUMN 16

AVERAGE MONTHLY: 77.3   TOTAL FOR MONTH:   7.50    1 = FOG OR MIST
DPTR FM NORMAL:   0.7   DPTR FM NORMAL:    2.64    2 = FOG REDUCING VISIBILITY
HIGHEST:    89 ON 29,28 GRTST 24HR  1.86 ON 15-15      TO 1/4 MILE OR LESS
LOWEST:     56 ON  1                               3 = THUNDER
                        SNOW, ICE PELLETS, HAIL    4 = ICE PELLETS
                        TOTAL MONTH:   0.0 INCH    5 = HAIL
                        GRTST 24HR     0.0         6 = FREEZING RAIN OR DRIZZLE
                        GRTST DEPTH:   0           7 = DUSTSTORM OR SANDSTORM:
                                                       VSBY 1/2 MILE OR LESS
                                                   8 = SMOKE OR HAZE
[NO. OF DAYS WITH]      [WEATHER - DAYS WITH]      9 = BLOWING SNOW
                                                   X = TORNADO
MAX 32 OR BELOW:   0    0.01 INCH OR MORE:  12
MAX 90 OR ABOVE:   0    0.10 INCH OR MORE:  10
MIN 32 OR BELOW:   0    0.50 INCH OR MORE:   6
MIN  0 OR BELOW:   0    1.00 INCH OR MORE:   2

[HDD (BASE 65) ]
TOTAL THIS MO.     0    CLEAR  (SCALE 0-3)   5
DPTR FM NORMAL     0    PTCLDY (SCALE 4-7)  20
TOTAL FM JUL 1  1220    CLOUDY (SCALE 8-10)  4
DPTR FM NORMAL   -28

[CDD (BASE 65) ]
TOTAL THIS MO.   366
DPTR FM NORMAL    26    [PRESSURE DATA]
TOTAL FM JAN 1   673    HIGHEST SLP M ON M
DPTR FM NORMAL    44    LOWEST  SLP 29.72 ON 10

[REMARKS]
