000
CXUS55 KGJT 231000
CF6VEL
PRELIMINARY LOCAL CLIMATOLOGICAL DATA (WS FORM: F-6)

                                          STATION:   VERNAL UT
                                          MONTH:     MAY
                                          YEAR:      2015
                                          LATITUDE:   40 27 N
                                          LONGITUDE: 109 31 W

  TEMPERATURE IN F:       :PCPN:    SNOW:  WIND      :SUNSHINE: SKY     :PK WND
================================================================================
1   2   3   4   5  6A  6B    7    8   9   10  11  12  13   14  15   16   17  18
                                     12Z  AVG MX 2MIN
DY MAX MIN AVG DEP HDD CDD  WTR  SNW DPTH SPD SPD DIR MIN PSBL S-S WX    SPD DR
================================================================================

 1  76  45  61   9   4   0 0.00    M    M  6.3 23 350   M    M   1        29 220
 2  78  44  61   9   4   0    T    M    M  4.5 31 220   M    M   1 3      43 210
 3  77  44  61   9   4   0    T    M    M  5.9 23 210   M    M   2        35 220
 4  73  43  58   5   7   0 0.00    M    M  6.1 24 100   M    M   3        29 100
 5  73  49  61   8   4   0 0.46    M    M  3.1 18 360   M    M   6 1      22  30
 6  56  44  50  -4  15   0 0.22    M    M  5.0 18 280   M    M  10 1      25  30
 7  67  41  54   0  11   0 0.01    M    M  6.4 16 350   M    M   5 3      21 130
 8  65  43  54   0  11   0 0.31    M    M  7.6 22 290   M    M   5 13     28 220
 9  57  41  49  -5  16   0 0.06    M    M  8.2 21  20   M    M   7        29  30
10  51  37  44 -11  21   0 0.02    M    M  6.6 18  20   M    M   7        24  20
11  64  35  50  -5  15   0 0.00    M    M  2.9 10 170   M    M   3        14 170
12  76  44  60   4   5   0 0.00    M    M  9.5 28 200   M    M   1        39 190
13  71  48  60   4   5   0    T    M    M  5.0 20 230   M    M   3        24 240
14  63  47  55  -1  10   0 0.29    M    M  5.5 32 160   M    M   4 1      41 160
15  57  42  50  -6  15   0 0.33    M    M  6.3 29 280   M    M   6 13     43 270
16  60  40  50  -7  15   0 0.16    M    M  7.6 20 240   M    M   6 1      27 240
17  65  45  55  -2  10   0 0.05    M    M  6.7 17 360   M    M   5        21 340
18  68  45  57   0   8   0 0.20    M    M  5.8 24 210   M    M   1 13     34 200
19  62  46  54  -4  11   0 0.27    M    M  6.5 20  40   M    M   0 13     25  90
20  66  46  56  -2   9   0 0.02    M    M  5.2 20 180   M    M   2 3      24 180
21  70  42  56  -2   9   0 0.05    M    M  3.8 21 350   M    M   1 3      24 360
22  61  48  55  -3  10   0 0.12    M    M  6.9 23 240   M    M   7 3      30 230
================================================================================
SM 1456  959       219   0  2.57    M    131.4          M       86
================================================================================
AV 66.2 43.6                               6.0 FASTST   M    M   4    MAX(MPH)
                                 MISC ---->  # 32 160               # 43  210
================================================================================
NOTES:
# LAST OF SEVERAL OCCURRENCES

COLUMN 17 PEAK WIND IN M.P.H.

PRELIMINARY LOCAL CLIMATOLOGICAL DATA (WS FORM: F-6) , PAGE 2

                                          STATION:  VERNAL UT
                                          MONTH:    MAY
                                          YEAR:     2015
                                          LATITUDE:   40 27 N
                                          LONGITUDE: 109 31 W

[TEMPERATURE DATA]      [PRECIPITATION DATA]       SYMBOLS USED IN COLUMN 16

AVERAGE MONTHLY: 54.9   TOTAL FOR MONTH:   2.57    1 = FOG OR MIST
DPTR FM NORMAL:  -0.3   DPTR FM NORMAL:    1.91    2 = FOG REDUCING VISIBILITY
HIGHEST:    78 ON  2    GRTST 24HR  0.62 ON  5- 6      TO 1/4 MILE OR LESS
LOWEST:     35 ON 11                               3 = THUNDER
                        SNOW, ICE PELLETS, HAIL    4 = ICE PELLETS
                        TOTAL MONTH:    M          5 = HAIL
                        GRTST 24HR    M  ON   M    6 = FREEZING RAIN OR DRIZZLE
                        GRTST DEPTH:  M  ON   M    7 = DUSTSTORM OR SANDSTORM:
                                                       VSBY 1/2 MILE OR LESS
                                                   8 = SMOKE OR HAZE
[NO. OF DAYS WITH]      [WEATHER - DAYS WITH]      9 = BLOWING SNOW
                                                   X = TORNADO
MAX 32 OR BELOW:   0    0.01 INCH OR MORE:  15
MAX 90 OR ABOVE:   0    0.10 INCH OR MORE:   9
MIN 32 OR BELOW:   0    0.50 INCH OR MORE:   0
MIN  0 OR BELOW:   0    1.00 INCH OR MORE:   0

[HDD (BASE 65) ]
TOTAL THIS MO.   219    CLEAR  (SCALE 0-3)   9
DPTR FM NORMAL     1    PTCLDY (SCALE 4-7)  12
TOTAL FM JUL 1  5876    CLOUDY (SCALE 8-10)  1
DPTR FM NORMAL -1221

[CDD (BASE 65) ]
TOTAL THIS MO.     0
DPTR FM NORMAL     0    [PRESSURE DATA]
TOTAL FM JAN 1     0    HIGHEST SLP M ON M
DPTR FM NORMAL     0    LOWEST  SLP 29.53 ON 15

[REMARKS]
