000
CXUS55 KGJT 201000
CF6VEL
PRELIMINARY LOCAL CLIMATOLOGICAL DATA (WS FORM: F-6)

                                          STATION:   VERNAL UT
                                          MONTH:     JULY
                                          YEAR:      2017
                                          LATITUDE:   40 27 N
                                          LONGITUDE: 109 31 W

  TEMPERATURE IN F:       :PCPN:    SNOW:  WIND      :SUNSHINE: SKY     :PK WND
================================================================================
1   2   3   4   5  6A  6B    7    8   9   10  11  12  13   14  15   16   17  18
                                     12Z  AVG MX 2MIN
DY MAX MIN AVG DEP HDD CDD  WTR  SNW DPTH SPD SPD DIR MIN PSBL S-S WX    SPD DR
================================================================================

 1  93  51  72   2   0   7 0.00    M    M  4.6 15 270   M    M   0        21 260
 2  90  56  73   3   0   8 0.00    M    M  6.1 23 330   M    M   0        29 330
 3  95  57  76   6   0  11    T    M    M  6.9 37 340   M    M   0 8      47 360
 4  96  54  75   5   0  10 0.00    M    M  5.5 18 260   M    M   0        25 260
 5 100  59  80   9   0  15 0.00    M    M  5.0 22  60   M    M   0        28  60
 6  99  60  80   9   0  15 0.00    M    M  7.0 31 320   M    M   0        39 320
 7  98  58  78   7   0  13    T    M    M  6.5 38 340   M    M   0 8      50 330
 8  98  61  80   9   0  15 0.00    M    M  5.8 21 280   M    M   0        26 270
 9  97  58  78   6   0  13 0.00    M    M  6.5 24 350   M    M   0        32 340
10  92  61  77   5   0  12 0.05    M    M  5.3 24 250   M    M   2 3      31 260
11  91  57  74   2   0   9    T    M    M  5.9 26 320   M    M   2        34 330
12  92  58  75   3   0  10 0.00    M    M  3.5 16 310   M    M   1        21 310
13  96  56  76   4   0  11    T    M    M  5.6 25  70   M    M   0        31  70
14  97  58  78   6   0  13 0.00    M    M  6.2 17  50   M    M   0 3      24  40
15  97  60  79   7   0  14 0.00    M    M  4.9 21 250   M    M   0        25 300
16  98  58  78   5   0  13 0.00    M    M  6.2 23 250   M    M   0        34 290
17  97  60  79   6   0  14    T    M    M  7.1 22 320   M    M   0 8      31 320
18  97  66  82   9   0  17    T    M    M  4.3 18 360   M    M   0        24  10
19  97  66  82   9   0  17 0.04    M    M  8.3 25 320   M    M   2 3      32 240
================================================================================
SM 1820 1114         0 237  0.09    M    111.2          M        7
================================================================================
AV 95.8 58.6                               5.9 FASTST   M    M   0    MAX(MPH)
                                 MISC ---->  # 38 340               # 50  330
================================================================================
NOTES:
# LAST OF SEVERAL OCCURRENCES

COLUMN 17 PEAK WIND IN M.P.H.

PRELIMINARY LOCAL CLIMATOLOGICAL DATA (WS FORM: F-6) , PAGE 2

                                          STATION:  VERNAL UT
                                          MONTH:    JULY
                                          YEAR:     2017
                                          LATITUDE:   40 27 N
                                          LONGITUDE: 109 31 W

[TEMPERATURE DATA]      [PRECIPITATION DATA]       SYMBOLS USED IN COLUMN 16

AVERAGE MONTHLY: 77.2   TOTAL FOR MONTH:   0.09    1 = FOG OR MIST
DPTR FM NORMAL:   5.6   DPTR FM NORMAL:   -0.27    2 = FOG REDUCING VISIBILITY
HIGHEST:   100 ON  5    GRTST 24HR  0.05 ON 10-10      TO 1/4 MILE OR LESS
LOWEST:     51 ON  1                               3 = THUNDER
                        SNOW, ICE PELLETS, HAIL    4 = ICE PELLETS
                        TOTAL MONTH:    M          5 = HAIL
                        GRTST 24HR    M  ON   M    6 = FREEZING RAIN OR DRIZZLE
                        GRTST DEPTH:  M  ON   M    7 = DUSTSTORM OR SANDSTORM:
                                                       VSBY 1/2 MILE OR LESS
                                                   8 = SMOKE OR HAZE
[NO. OF DAYS WITH]      [WEATHER - DAYS WITH]      9 = BLOWING SNOW
                                                   X = TORNADO
MAX 32 OR BELOW:   0    0.01 INCH OR MORE:   2
MAX 90 OR ABOVE:  19    0.10 INCH OR MORE:   0
MIN 32 OR BELOW:   0    0.50 INCH OR MORE:   0
MIN  0 OR BELOW:   0    1.00 INCH OR MORE:   0

[HDD (BASE 65) ]
TOTAL THIS MO.     0    CLEAR  (SCALE 0-3)  19
DPTR FM NORMAL    -2    PTCLDY (SCALE 4-7)   0
TOTAL FM JUL 1     0    CLOUDY (SCALE 8-10)  0
DPTR FM NORMAL    -2

[CDD (BASE 65) ]
TOTAL THIS MO.   237
DPTR FM NORMAL   107    [PRESSURE DATA]
TOTAL FM JAN 1   441    HIGHEST SLP M ON M
DPTR FM NORMAL   220    LOWEST  SLP 29.75 ON 10

[REMARKS]
