000
CXUS55 KVEF 270940
CF6VGT
PRELIMINARY LOCAL CLIMATOLOGICAL DATA (WS FORM: F-6)

                                          STATION:   NORTH_LAS_VEGAS NV
                                          MONTH:     MARCH
                                          YEAR:      2017
                                          LATITUDE:   36 12 N
                                          LONGITUDE: 115 12 W

  TEMPERATURE IN F:       :PCPN:    SNOW:  WIND      :SUNSHINE: SKY     :PK WND
================================================================================
1   2   3   4   5  6A  6B    7    8   9   10  11  12  13   14  15   16   17  18
                                     12Z  AVG MX 2MIN
DY MAX MIN AVG DEP HDD CDD  WTR  SNW DPTH SPD SPD DIR MIN PSBL S-S WX    SPD DR
================================================================================

 1  61  41  51  -4  14   0 0.00  0.0    0  6.2 18 330   M    M   0        21 330
 2  69  42  56   1   9   0 0.00  0.0    0  4.5 14 340   M    M   0        17 340
 3  70  42  56   0   9   0 0.00  0.0    0  4.2 10 140   M    M   0        15 140
 4  76  50  63   7   2   0 0.00  0.0    0 10.0 23 190   M    M   0        30 180
 5  68  47  58   2   7   0    T  0.0    0 19.9 40 240   M    M   1        55 230
 6  56  40  48  -8  17   0 0.00  0.0    0  7.5 18 350   M    M   0        21 360
 7  66  38  52  -5  13   0 0.00  0.0    0  2.7  9 340   M    M   0        12 160
 8  75  49  62   5   3   0 0.00  0.0    0  4.9 15 310   M    M   0        16 320
 9  81  50  66   9   0   1 0.00  0.0    0  4.2 12  10   M    M   0        14 330
10  78  52  65   8   0   0 0.00  0.0    0  2.7  8 300   M    M   0        10 320
11  81  58  70  12   0   5 0.00  0.0    0  6.6 16  20   M    M   0        20  20
12  86  58  72  14   0   7 0.00  0.0    0  8.2 17 340   M    M   0        23 340
13  83  54  69  11   0   4 0.00  0.0    0  4.0 12 340   M    M   0        14 340
14  87  57  72  14   0   7 0.00  0.0    0  3.7 10 140   M    M   0        12 130
15  87  57  72  14   0   7 0.00  0.0    0  6.9 20 250   M    M   0        24 250
16  84  58  71  12   0   6 0.00  0.0    0  5.2 12 210   M    M   0        15 210
17  86  59  73  14   0   8 0.00  0.0    0  4.9 13 120   M    M   0        16 120
18  89  59  74  15   0   9 0.00  0.0    0  6.9 21 180   M    M   0        24 210
19  90  59  75  15   0  10 0.00  0.0    0  5.8 18 200   M    M   0        22 210
20  88  64  76  16   0  11 0.00  0.0    0  8.4 22 270   M    M   0        27 200
21  83  68  76  16   0  11 0.00  0.0    0 12.6 23 230   M    M   2        30 240
22  72  58  65   5   0   0    T  0.0    0 14.3 26 270   M    M   0 3      32 270
23  72  53  63   3   2   0 0.00  0.0    0 15.1 30 320   M    M   2 3      38 310
24  75  45  60  -1   5   0 0.00  0.0    0  7.9 18 140   M    M   0        22 150
25  71  57  64   3   1   0 0.00  0.0    0 13.0 31 330   M    M   2        39 310
26  73  48  61   0   4   0 0.00  0.0    0  5.4 13 130   M    M   0        17 150
================================================================================
SM 2007 1363        86  86    T      0.0 195.7          M        7
================================================================================
AV 77.2 52.4                               7.5 FASTST   M    M   0    MAX(MPH)
                                 MISC ---->  # 40 240               # 55  230
================================================================================
NOTES:
# LAST OF SEVERAL OCCURRENCES

COLUMN 17 PEAK WIND IN M.P.H.

PRELIMINARY LOCAL CLIMATOLOGICAL DATA (WS FORM: F-6) , PAGE 2

                                          STATION:  NORTH_LAS_VEGAS NV
                                          MONTH:    MARCH
                                          YEAR:     2017
                                          LATITUDE:   36 12 N
                                          LONGITUDE: 115 12 W

[TEMPERATURE DATA]      [PRECIPITATION DATA]       SYMBOLS USED IN COLUMN 16

AVERAGE MONTHLY: 64.8   TOTAL FOR MONTH:      T    1 = FOG OR MIST
DPTR FM NORMAL:   6.7   DPTR FM NORMAL:   -0.51    2 = FOG REDUCING VISIBILITY
HIGHEST:    90 ON 19    GRTST 24HR    T  ON 22-22      TO 1/4 MILE OR LESS
LOWEST:     38 ON  7                               3 = THUNDER
                        SNOW, ICE PELLETS, HAIL    4 = ICE PELLETS
                        TOTAL MONTH:   0.0 INCH    5 = HAIL
                        GRTST 24HR     0.0         6 = FREEZING RAIN OR DRIZZLE
                        GRTST DEPTH:   0           7 = DUSTSTORM OR SANDSTORM:
                                                       VSBY 1/2 MILE OR LESS
                                                   8 = SMOKE OR HAZE
[NO. OF DAYS WITH]      [WEATHER - DAYS WITH]      9 = BLOWING SNOW
                                                   X = TORNADO
MAX 32 OR BELOW:   0    0.01 INCH OR MORE:   0
MAX 90 OR ABOVE:   1    0.10 INCH OR MORE:   0
MIN 32 OR BELOW:   0    0.50 INCH OR MORE:   0
MIN  0 OR BELOW:   0    1.00 INCH OR MORE:   0

[HDD (BASE 65) ]
TOTAL THIS MO.    86    CLEAR  (SCALE 0-3)  26
DPTR FM NORMAL  -107    PTCLDY (SCALE 4-7)   0
TOTAL FM JUL 1  1608    CLOUDY (SCALE 8-10)  0
DPTR FM NORMAL  -346

[CDD (BASE 65) ]
TOTAL THIS MO.    86
DPTR FM NORMAL    70    [PRESSURE DATA]
TOTAL FM JAN 1    87    HIGHEST SLP M ON M
DPTR FM NORMAL    71    LOWEST  SLP 29.55 ON  5

[REMARKS]
