000
CXUS55 KLBF 201200
CF6VTN
PRELIMINARY LOCAL CLIMATOLOGICAL DATA (WS FORM: F-6)

                                          STATION:   VALENTINE
                                          MONTH:     JANUARY
                                          YEAR:      2018
                                          LATITUDE:   42 52 N
                                          LONGITUDE: 100 33 W

  TEMPERATURE IN F:       :PCPN:    SNOW:  WIND      :SUNSHINE: SKY     :PK WND
================================================================================
1   2   3   4   5  6A  6B    7    8   9   10  11  12  13   14  15   16   17  18
                                     12Z  AVG MX 2MIN
DY MAX MIN AVG DEP HDD CDD  WTR  SNW DPTH SPD SPD DIR MIN PSBL S-S WX    SPD DR
================================================================================

 1  13 -24  -5 -28  70   0    T    T    2  4.1 13 140   M    M   3 8      15 160
 2  28 -11   9 -14  56   0 0.00  0.0    2 11.2 21 320   M    M   1        27 320
 3  28   9  19  -4  46   0 0.00  0.0    2  6.0 24 330   M    M   5 1      30 330
 4  37   7  22  -1  43   0    T    T    1  7.0 17 300   M    M   0 128    23 290
 5  21   7  14  -9  51   0 0.00  0.0    1  7.4 14 170   M    M   8 128    18 160
 6  34  16  25   2  40   0    T    T    1 10.1 21 200   M    M   3 18     23 200
 7  45  24  35  12  30   0 0.00  0.0    1  9.4 26 320   M    M   3        33 320
 8  55  23  39  16  26   0 0.00  0.0    T  5.9 12 220   M    M   0        14 250
 9  61  27  44  21  21   0 0.00  0.0    T  6.4 14 210   M    M   0        18 210
10  55  10  33  10  32   0 0.06    T    T 14.6 36 340   M    M   4 16     46 340
11  15   2   9 -14  56   0 0.00  0.0    T 16.4 33 320   M    M   2        44 320
12   7   0   4 -19  61   0 0.05  0.5    1  6.6 13  70   M    M   9 8      15  70
13  24   3  14 -10  51   0 0.07  0.7    1  7.1 20 190   M    M  10 18     23 200
14  41   9  25   1  40   0 0.09    M    1 12.5 28 350   M    M   8 1      41 350
15   9  -5   2 -22  63   0 0.00  0.0    1 17.7 30 330   M    M   3 8      39 330
16  20 -10   5 -19  60   0 0.00  0.0    0  8.3 16 200   M    M   0        20 320
17  43   6  25   1  40   0 0.00  0.0    1  7.8 16 290   M    M   0        21 310
18  49  19  34  10  31   0 0.00  0.0    1  7.1 13 230   M    M   0        15 230
19  61  29  45  21  20   0 0.00  0.0    T  7.8 25 260   M    M   0        30 260
================================================================================
SM  646  141       837   0  0.27     1.2 173.4          M       59
================================================================================
AV 34.0  7.4                               9.1 FASTST   M    M   3    MAX(MPH)
                                 MISC ---->  # 36 340               # 46  340
================================================================================
NOTES:
# LAST OF SEVERAL OCCURRENCES

COLUMN 17 PEAK WIND IN M.P.H.

PRELIMINARY LOCAL CLIMATOLOGICAL DATA (WS FORM: F-6) , PAGE 2

                                          STATION:  VALENTINE
                                          MONTH:    JANUARY
                                          YEAR:     2018
                                          LATITUDE:   42 52 N
                                          LONGITUDE: 100 33 W

[TEMPERATURE DATA]      [PRECIPITATION DATA]       SYMBOLS USED IN COLUMN 16

AVERAGE MONTHLY: 20.7   TOTAL FOR MONTH:   0.27    1 = FOG OR MIST
DPTR FM NORMAL:  -2.7   DPTR FM NORMAL:    0.11    2 = FOG REDUCING VISIBILITY
HIGHEST:    61 ON 19, 9 GRTST 24HR  0.09 ON 14-14      TO 1/4 MILE OR LESS
LOWEST:    -24 ON  1                               3 = THUNDER
                        SNOW, ICE PELLETS, HAIL    4 = ICE PELLETS
                        TOTAL MONTH:   1.2 INCHES  5 = HAIL
                        GRTST 24HR   0.7 ON 13-13  6 = FREEZING RAIN OR DRIZZLE
                        GRTST DEPTH:   2 ON  3, 2  7 = DUSTSTORM OR SANDSTORM:
                                                       VSBY 1/2 MILE OR LESS
                                                   8 = SMOKE OR HAZE
[NO. OF DAYS WITH]      [WEATHER - DAYS WITH]      9 = BLOWING SNOW
                                                   X = TORNADO
MAX 32 OR BELOW:   9    0.01 INCH OR MORE:   4
MAX 90 OR ABOVE:   0    0.10 INCH OR MORE:   0
MIN 32 OR BELOW:  19    0.50 INCH OR MORE:   0
MIN  0 OR BELOW:   5    1.00 INCH OR MORE:   0

[HDD (BASE 65) ]
TOTAL THIS MO.   837    CLEAR  (SCALE 0-3)  12
DPTR FM NORMAL    45    PTCLDY (SCALE 4-7)   4
TOTAL FM JUL 1  3364    CLOUDY (SCALE 8-10)  3
DPTR FM NORMAL  -323

[CDD (BASE 65) ]
TOTAL THIS MO.     0
DPTR FM NORMAL     0    [PRESSURE DATA]
TOTAL FM JAN 1     0    HIGHEST SLP M ON M
DPTR FM NORMAL     0    LOWEST  SLP 29.35 ON 10

[REMARKS]
