000
CXUS55 KLOX 291655
CF6WJF
PRELIMINARY LOCAL CLIMATOLOGICAL DATA (WS FORM: F-6)

                                          STATION:   LANCASTER FOX FIELD CA
                                          MONTH:     JUNE
                                          YEAR:      2015
                                          LATITUDE:   34 43 N
                                          LONGITUDE: 118 13 W

  TEMPERATURE IN F:       :PCPN:    SNOW:  WIND      :SUNSHINE: SKY     :PK WND
================================================================================
1   2   3   4   5  6A  6B    7    8   9   10  11  12  13   14  15   16   17  18
                                     12Z  AVG MX 2MIN
DY MAX MIN AVG DEP HDD CDD  WTR  SNW DPTH SPD SPD DIR MIN PSBL S-S WX    SPD DR
================================================================================

 1  86  61  74   2   0   9 0.00  0.0    0 17.3 29 240   M    M   0        34 240
 2  84  59  72   0   0   7 0.00  0.0    0 18.6 26 240   M    M   0        34 270
 3  77  60  69  -4   0   4 0.00  0.0    0 20.7 31 220   M    M   0        40 230
 4  75  55  65  -8   0   0 0.00  0.0    0 19.3 35 230   M    M   0        42 240
 5  80  46  63 -10   2   0 0.00  0.0    0 13.9 28 220   M    M   0        35 220
 6  88  58  73  -1   0   8 0.03  0.0    0 11.2 24 360   M    M   0        31 350
 7  93  53  73  -1   0   8 0.00  0.0    0  6.2 18  60   M    M   0        31  40
 8  99  54  77   3   0  12 0.00  0.0    0  8.1 24 250   M    M   0        30 250
 9  86  63  75   1   0  10 0.01  0.0    M 10.0 28 270   M    M   5        33 280
10  84  62  73  -2   0   8 0.00  0.0    0 17.9 33 280   M    M   0        39 280
11  93  65  79   4   0  14 0.00  0.0    0 10.3 22 250   M    M   0        26 240
12  99  65  82   7   0  17    T  0.0    0  7.5  M   M   M    M   1 8       M  M
13 101  70  86  11   0  21 0.00  0.0    0 12.0 28 240   M    M   0        32 240
14 101  72  87  11   0  22 0.00  0.0    0 13.1 26 240   M    M   0        31 240
15 100  66  83   7   0  18 0.00  0.0    0 13.6 25 240   M    M   0        32 200
16  99  65  82   6   0  17 0.00  0.0    0 14.8 23 250   M    M   0        33 250
17 100  67  84   8   0  19 0.00  0.0    0 12.7 26 240   M    M   0 8      33 240
18 103  72  88  11   0  23 0.00  0.0    0 17.0 31 260   M    M   0        39 260
19 103  72  88  11   0  23 0.00  0.0    0 25.1 36 260   M    M   0 8      41 270
20 106  69  88  11   0  23 0.00  0.0    0 14.9 30 260   M    M   0        34 250
21 103  74  89  11   0  24 0.00  0.0    0 16.7 32 270   M    M   0        40 260
22 100  70  85   7   0  20 0.00  0.0    0 19.7 31 270   M    M   0        37 260
23  97  70  84   6   0  19 0.00  0.0    0 13.9 26 240   M    M   0        32 250
24  99  69  84   6   0  19 0.00  0.0    0 12.9 25 240   M    M   0 8      32 220
25 102  59  81   2   0  16 0.00  0.0    0  9.0 23 220   M    M   0        30 280
26 104  68  86   7   0  21 0.00  0.0    0 12.7 24 240   M    M   0        31 230
27  99  76  88   9   0  23 0.00  0.0    0 14.1 25 250   M    M   0        30 230
28  99  79  89   9   0  24 0.00  0.0    0  8.1 17 250   M    M   0        22 240
================================================================================
SM 2660 1819         2 429  0.04     0.0 391.3          M        6
================================================================================
AV 95.0 65.0                              14.0 FASTST   M    M   0    MAX(MPH)
                                 MISC ---->  # 36 260                 42    M
================================================================================
NOTES:
# LAST OF SEVERAL OCCURRENCES

COLUMN 17 PEAK WIND IN M.P.H.

PRELIMINARY LOCAL CLIMATOLOGICAL DATA (WS FORM: F-6) , PAGE 2

                                          STATION:  LANCASTER FOX FIELD CA
                                          MONTH:    JUNE
                                          YEAR:     2015
                                          LATITUDE:   34 43 N
                                          LONGITUDE: 118 13 W

[TEMPERATURE DATA]      [PRECIPITATION DATA]       SYMBOLS USED IN COLUMN 16

AVERAGE MONTHLY: 80.0   TOTAL FOR MONTH:   0.04    1 = FOG OR MIST
DPTR FM NORMAL:   4.2   DPTR FM NORMAL:   -0.01    2 = FOG REDUCING VISIBILITY
HIGHEST:   106 ON 20    GRTST 24HR  0.03 ON  6- 6      TO 1/4 MILE OR LESS
LOWEST:     46 ON  5                               3 = THUNDER
                        SNOW, ICE PELLETS, HAIL    4 = ICE PELLETS
                        TOTAL MONTH:   0.0 INCH    5 = HAIL
                        GRTST 24HR     0.0         6 = FREEZING RAIN OR DRIZZLE
                        GRTST DEPTH:   0           7 = DUSTSTORM OR SANDSTORM:
                                                       VSBY 1/2 MILE OR LESS
                                                   8 = SMOKE OR HAZE
[NO. OF DAYS WITH]      [WEATHER - DAYS WITH]      9 = BLOWING SNOW
                                                   X = TORNADO
MAX 32 OR BELOW:   0    0.01 INCH OR MORE:   2
MAX 90 OR ABOVE:  20    0.10 INCH OR MORE:   0
MIN 32 OR BELOW:   0    0.50 INCH OR MORE:   0
MIN  0 OR BELOW:   0    1.00 INCH OR MORE:   0

[HDD (BASE 65) ]
TOTAL THIS MO.     2    CLEAR  (SCALE 0-3)  27
DPTR FM NORMAL    -4    PTCLDY (SCALE 4-7)   1
TOTAL FM JUL 1  2378    CLOUDY (SCALE 8-10)  0
DPTR FM NORMAL  -557

[CDD (BASE 65) ]
TOTAL THIS MO.   429
DPTR FM NORMAL   118    [PRESSURE DATA]
TOTAL FM JAN 1   527    HIGHEST SLP M ON M
DPTR FM NORMAL    27    LOWEST  SLP 29.70 ON 14

[REMARKS]
