000
CXUS55 KLOX 241155
CF6WJF
PRELIMINARY LOCAL CLIMATOLOGICAL DATA (WS FORM: F-6)

                                          STATION:   LANCASTER FOX FIELD CA
                                          MONTH:     MAY
                                          YEAR:      2016
                                          LATITUDE:   34 43 N
                                          LONGITUDE: 118 13 W

  TEMPERATURE IN F:       :PCPN:    SNOW:  WIND      :SUNSHINE: SKY     :PK WND
================================================================================
1   2   3   4   5  6A  6B    7    8   9   10  11  12  13   14  15   16   17  18
                                     12Z  AVG MX 2MIN
DY MAX MIN AVG DEP HDD CDD  WTR  SNW DPTH SPD SPD DIR MIN PSBL S-S WX    SPD DR
================================================================================

 1  80  45  63  -1   2   0 0.00  0.0    0  7.7 23 250   M    M   2        29 250
 2  83  49  66   2   0   1 0.00  0.0    0  7.3 17 240   M    M   2        26  80
 3  86  48  67   3   0   2 0.00  0.0    0  6.7 17 240   M    M   0        24  70
 4  85  55  70   5   0   5 0.00  0.0    0 12.1 26 240   M    M   0        32 250
 5  67  50  59  -6   6   0 0.00  0.0    0 19.9 32 210   M    M   0        41 220
 6  67  49  58  -7   7   0 0.00  0.0    0 16.1 29 240   M    M   3        37 250
 7  68  50  59  -7   6   0 0.00  0.0    0 16.1 28 240   M    M   1        34 230
 8  72  51  62  -4   3   0 0.00  0.0    0 17.0 29 230   M    M   0        38 220
 9  78  53  66   0   0   1 0.00  0.0    0 15.5 25 230   M    M   0        35 240
10  85  53  69   2   0   4 0.00  0.0    0 14.8 28 240   M    M   0        34 240
11  90  53  72   5   0   7 0.00  0.0    0  8.2 22 250   M    M   0        26 250
12  94  53  74   7   0   9 0.00  0.0    0  9.1 23 240   M    M   0        29 240
13  93  56  75   7   0  10 0.00  0.0    0 10.8 26 220   M    M   0        34 210
14  83  60  72   4   0   7 0.00  0.0    0 18.8 36 260   M    M   0        42 260
15  77  57  67  -1   0   2 0.00  0.0    0 27.6 40 280   M    M   0 8      49 270
16  85  58  72   4   0   7 0.00  0.0    0 16.8 32 270   M    M   0 8      39 270
17  82  58  70   1   0   5 0.00  0.0    0 11.0 26  70   M    M   2        32  60
18  91  52  72   3   0   7 0.00  0.0    0  8.4 22 300   M    M   1        29 280
19  86  56  71   2   0   6 0.00  0.0    0 19.3 31 210   M    M   0        39 210
20  68  50  59 -10   6   0 0.00  0.0    0 22.0 30 240   M    M   0        44 240
21  68  48  58 -12   7   0 0.00  0.0    0 18.4 29 220   M    M   1        36 240
22  76  49  63  -7   2   0 0.00  0.0    0 13.8 28 290   M    M   0        32 220
23  72  51  62  -8   3   0 0.00  0.0    0 20.2 29 220   M    M   0        41 210
================================================================================
SM 1836 1204        42  73  0.00     0.0 337.7          M       12
================================================================================
AV 79.8 52.3                              14.7 FASTST   M    M   1    MAX(MPH)
                                 MISC ---->  # 40 280               # 49  270
================================================================================
NOTES:
# LAST OF SEVERAL OCCURRENCES

COLUMN 17 PEAK WIND IN M.P.H.

PRELIMINARY LOCAL CLIMATOLOGICAL DATA (WS FORM: F-6) , PAGE 2

                                          STATION:  LANCASTER FOX FIELD CA
                                          MONTH:    MAY
                                          YEAR:     2016
                                          LATITUDE:   34 43 N
                                          LONGITUDE: 118 13 W

[TEMPERATURE DATA]      [PRECIPITATION DATA]       SYMBOLS USED IN COLUMN 16

AVERAGE MONTHLY: 66.1   TOTAL FOR MONTH:   0.00    1 = FOG OR MIST
DPTR FM NORMAL:  -1.0   DPTR FM NORMAL:   -0.07    2 = FOG REDUCING VISIBILITY
HIGHEST:    94 ON 12    GRTST 24HR    T  ON 30- 1      TO 1/4 MILE OR LESS
LOWEST:     45 ON  1                               3 = THUNDER
                        SNOW, ICE PELLETS, HAIL    4 = ICE PELLETS
                        TOTAL MONTH:   0.0 INCH    5 = HAIL
                        GRTST 24HR     0.0         6 = FREEZING RAIN OR DRIZZLE
                        GRTST DEPTH:   0           7 = DUSTSTORM OR SANDSTORM:
                                                       VSBY 1/2 MILE OR LESS
                                                   8 = SMOKE OR HAZE
[NO. OF DAYS WITH]      [WEATHER - DAYS WITH]      9 = BLOWING SNOW
                                                   X = TORNADO
MAX 32 OR BELOW:   0    0.01 INCH OR MORE:   0
MAX 90 OR ABOVE:   4    0.10 INCH OR MORE:   0
MIN 32 OR BELOW:   0    0.50 INCH OR MORE:   0
MIN  0 OR BELOW:   0    1.00 INCH OR MORE:   0

[HDD (BASE 65) ]
TOTAL THIS MO.    42    CLEAR  (SCALE 0-3)  23
DPTR FM NORMAL   -10    PTCLDY (SCALE 4-7)   0
TOTAL FM JUL 1  2663    CLOUDY (SCALE 8-10)  0
DPTR FM NORMAL  -257

[CDD (BASE 65) ]
TOTAL THIS MO.    73
DPTR FM NORMAL   -28    [PRESSURE DATA]
TOTAL FM JAN 1    97    HIGHEST SLP M ON M
DPTR FM NORMAL   -34    LOWEST  SLP 29.77 ON M

[REMARKS]
