000
CXUS54 KFWD 290730
CF6XBP
PRELIMINARY LOCAL CLIMATOLOGICAL DATA (WS FORM: F-6)

                                          STATION:   BRIDGEPORT
                                          MONTH:     SEPTEMBER
                                          YEAR:      2014
                                          LATITUDE:   33 10 N
                                          LONGITUDE:  96 30 W

  TEMPERATURE IN F:       :PCPN:    SNOW:  WIND      :SUNSHINE: SKY     :PK WND
================================================================================
1   2   3   4   5  6A  6B    7    8   9   10  11  12  13   14  15   16   17  18
                                     12Z  AVG MX 2MIN
DY MAX MIN AVG DEP HDD CDD  WTR  SNW DPTH SPD SPD DIR MIN PSBL S-S WX    SPD DR
================================================================================

 1  97  77  87   7   0  22 0.00  0.0    0 12.6 17 160   M    M   1        22 170
 2  96  77  87   7   0  22 0.00  0.0    0  9.2 13 160   M    M   1        18 180
 3  96  73  85   6   0  20 0.00  0.0    0  9.4 16 170   M    M   1        28 180
 4  96  75  86   7   0  21 0.00  0.0    0  9.0 14 180   M    M   0        18 160
 5  95  70  83   4   0  18 0.00  0.0    0  4.5 16 150   M    M   1        22 150
 6  87  69  78   0   0  13 0.00  0.0    0  6.9 14  10   M    M   5        17 340
 7  81  68  75  -3   0  10 0.00  0.0    0  3.3  8  10   M    M   6 1       M  M
 8  94  68  81   3   0  16 0.00  0.0    0  3.0 10 170   M    M   2 1       M  M
 9  97  74  86   9   0  21 0.00  0.0    0  9.3 17 170   M    M   0        24 170
10 102  77  90  13   0  25    M  0.0    0 10.6 16 200   M    M   2 3      24 340
11  77  69  73  -4   0   8 0.00  0.0    0  6.9  9  20   M    M   9 1       M  M
12  70  56  63 -13   2   0 0.00  0.0    0  8.3 15  20   M    M  10 13     23  30
13  69  55  62 -14   3   0 0.00  0.0    0  6.2 13  10   M    M   6        21  20
14  79  58  69  -6   0   4 0.00  0.0    0  2.6  8 130   M    M   2         M  M
15  85  67  76   1   0  11 0.00  0.0    0  2.4  7 130   M    M   1         M  M
16  88  70  79   4   0  14 0.00  0.0    0  2.3  7  60   M    M   3 1       M  M
17  92  71  82   8   0  17 0.00  0.0    0  1.8  7 100   M    M   2 1       M  M
18  86  71  79   5   0  14 0.00  0.0    0  2.4 14  70   M    M   1 1      18  70
19  85  68  77   4   0  12 0.00  0.0    0  3.8  9 150   M    M   5 1       M  M
20  90  69  80   7   0  15 0.00  0.0    0  3.8  9 130   M    M   5 1       M  M
21  92  63  78   5   0  13 0.00  0.0    0  2.3  8  50   M    M   0         M  M
22  85  66  76   4   0  11 0.00  0.0    0  5.7 13  80   M    M   3        18  80
23  86  54  70  -2   0   5 0.00  0.0    0  4.4  9 140   M    M   0         M  M
24  86  50  68  -3   0   3 0.00  0.0    0  3.5  9 120   M    M   0         M  M
25  86  49  68  -3   0   3 0.00  0.0    0  2.0  8 120   M    M   0         M  M
26  87  55  71   0   0   6 0.00  0.0    0  2.0  9 110   M    M   1         M  M
27  88  58  73   3   0   8 0.00  0.0    0  3.3 13  30   M    M   3        17  30
28  87  58  73   3   0   8 0.00  0.0    0  2.4  8 110   M    M   3         M  M
================================================================================
SM 2459 1835         5 340  0.00     0.0 143.9          M       73
================================================================================
AV 87.8 65.5                               5.1 FASTST   M    M   3    MAX(MPH)
                                 MISC ---->    17   M                 28    M
================================================================================
NOTES:
# LAST OF SEVERAL OCCURRENCES

COLUMN 17 PEAK WIND IN M.P.H.

PRELIMINARY LOCAL CLIMATOLOGICAL DATA (WS FORM: F-6) , PAGE 2

                                          STATION:  BRIDGEPORT
                                          MONTH:    SEPTEMBER
                                          YEAR:     2014
                                          LATITUDE:   33 10 N
                                          LONGITUDE:  96 30 W

[TEMPERATURE DATA]      [PRECIPITATION DATA]       SYMBOLS USED IN COLUMN 16

AVERAGE MONTHLY: 76.7   TOTAL FOR MONTH:   0.00    1 = FOG OR MIST
DPTR FM NORMAL:   1.6   DPTR FM NORMAL:   -2.90    2 = FOG REDUCING VISIBILITY
HIGHEST:   102 ON 10    GRTST 24HR  0.00 ON 28-28      TO 1/4 MILE OR LESS
LOWEST:     49 ON 25                               3 = THUNDER
                        SNOW, ICE PELLETS, HAIL    4 = ICE PELLETS
                        TOTAL MONTH:   0.0 INCH    5 = HAIL
                        GRTST 24HR     0.0         6 = FREEZING RAIN OR DRIZZLE
                        GRTST DEPTH:   0           7 = DUSTSTORM OR SANDSTORM:
                                                       VSBY 1/2 MILE OR LESS
                                                   8 = SMOKE OR HAZE
[NO. OF DAYS WITH]      [WEATHER - DAYS WITH]      9 = BLOWING SNOW
                                                   X = TORNADO
MAX 32 OR BELOW:   0    0.01 INCH OR MORE:   0
MAX 90 OR ABOVE:  11    0.10 INCH OR MORE:   0
MIN 32 OR BELOW:   0    0.50 INCH OR MORE:   0
MIN  0 OR BELOW:   0    1.00 INCH OR MORE:   0

[HDD (BASE 65) ]
TOTAL THIS MO.     5    CLEAR  (SCALE 0-3)  21
DPTR FM NORMAL    -6    PTCLDY (SCALE 4-7)   5
TOTAL FM JUL 1     5    CLOUDY (SCALE 8-10)  2
DPTR FM NORMAL    -6

[CDD (BASE 65) ]
TOTAL THIS MO.   340
DPTR FM NORMAL    46    [PRESSURE DATA]
TOTAL FM JAN 1  2225    HIGHEST SLP M ON M
DPTR FM NORMAL   171    LOWEST  SLP M ON M

[REMARKS]
