000
CXUS54 KFWD 310730
CF6XBP
PRELIMINARY LOCAL CLIMATOLOGICAL DATA (WS FORM: F-6)

                                          STATION:   BRIDGEPORT
                                          MONTH:     JANUARY
                                          YEAR:      2015
                                          LATITUDE:   33 10 N
                                          LONGITUDE:  96 30 W

  TEMPERATURE IN F:       :PCPN:    SNOW:  WIND      :SUNSHINE: SKY     :PK WND
================================================================================
1   2   3   4   5  6A  6B    7    8   9   10  11  12  13   14  15   16   17  18
                                     12Z  AVG MX 2MIN
DY MAX MIN AVG DEP HDD CDD  WTR  SNW DPTH SPD SPD DIR MIN PSBL S-S WX    SPD DR
================================================================================

 1  33  28  31 -11  34   0 0.49    M    0  1.8  6 100   M    M   9 16      M  M
 2  38  33  36  -6  29   0 0.27    M    0  4.0  9  50   M    M  10 13      M  M
 3  56  35  46   4  19   0 0.06    M    0  6.2 14 250   M    M   5 3      24 240
 4  39  25  32 -10  33   0 0.00  0.0    0 10.7 23 340   M    M   1        31 330
 5  49  18  34  -8  31   0 0.00  0.0    0  4.4 14 180   M    M   0        16 170
 6  58  25  42   0  23   0 0.00  0.0    0  2.8 10  30   M    M   0         M  M
 7  37  21  29 -13  36   0 0.00  0.0    0 12.0 22  10   M    M   0        30  10
 8  41  15  28 -14  37   0 0.00  0.0    0  5.9 15 200   M    M   0        21 200
 9  38  23  31 -11  34   0 0.00  0.0    0  7.0 16  30   M    M   6        23  20
10  41  30  36  -6  29   0 0.00  0.0    0  6.0 10 200   M    M  10        16 200
11  43  33  38  -4  27   0 0.02  0.0    0  5.3  9 140   M    M  10 1       M  M
12  42  33  38  -4  27   0 0.00  0.0    0  8.9 15 360   M    M  10 1      23  10
13  36  32  34  -8  31   0 0.00  0.0    0  4.9  8 340   M    M  10        16  20
14  39  33  36  -6  29   0 0.00  0.0    0  3.3  7 360   M    M  10         M  M
15  58  29  44   2  21   0 0.00  0.0    0  3.1  8 340   M    M   2         M  M
16  66  25  46   4  19   0 0.00  0.0    0  5.0 13 190   M    M   0        20 210
17  67  42  55  13  10   0 0.00  0.0    0  9.6 18 210   M    M   0        28 210
18  73  28  51   9  14   0 0.00  0.0    0  7.9 16 200   M    M   0        21 200
19  74  37  56  14   9   0 0.00  0.0    0  3.8 10 230   M    M   0        18 230
20  69  33  51   9  14   0 0.00  0.0    0  4.7 14  40   M    M   0        21  40
21  59  32  46   4  19   0 0.39  0.0    0  4.6 13  50   M    M   4        18  90
22  43  37  40  -3  25   0 0.53    M    0 11.1 20  40   M    M  10        25  40
23  51  35  43   0  22   0 0.00  0.0    0  6.4 13 310   M    M   4        17 320
24  62  32  47   4  18   0 0.00  0.0    0  6.1 10 280   M    M   0         M  M
25  63  40  52   9  13   0 0.00  0.0    0  9.9 21 340   M    M   0        27 340
26  74  30  52   9  13   0 0.00  0.0    0  4.2 14 260   M    M   0        20 260
27  82  43  63  20   2   0 0.00  0.0    0  3.6  7 160   M    M   0         M  M
28  82  38  60  17   5   0 0.00  0.0    0  7.4 15 200   M    M   0        23 200
29  64  46  55  12  10   0 0.00  0.0    0  8.5 15 340   M    M   0        25 360
30  58  38  48   5  17   0 0.00  0.0    0  4.6  8  70   M    M   1         M  M
================================================================================
SM 1635  949       650   0  1.76     0.0 183.7          M      102
================================================================================
AV 54.5 31.6                               6.1 FASTST   M    M   3    MAX(MPH)
                                 MISC ---->  # 23 340                 31    M
================================================================================
NOTES:
# LAST OF SEVERAL OCCURRENCES

COLUMN 17 PEAK WIND IN M.P.H.

PRELIMINARY LOCAL CLIMATOLOGICAL DATA (WS FORM: F-6) , PAGE 2

                                          STATION:  BRIDGEPORT
                                          MONTH:    JANUARY
                                          YEAR:     2015
                                          LATITUDE:   33 10 N
                                          LONGITUDE:  96 30 W

[TEMPERATURE DATA]      [PRECIPITATION DATA]       SYMBOLS USED IN COLUMN 16

AVERAGE MONTHLY: 43.1   TOTAL FOR MONTH:   1.76    1 = FOG OR MIST
DPTR FM NORMAL:   0.8   DPTR FM NORMAL:    0.27    2 = FOG REDUCING VISIBILITY
HIGHEST:    82 ON 28,27 GRTST 24HR  0.53 ON 22-22      TO 1/4 MILE OR LESS
LOWEST:     15 ON  8                               3 = THUNDER
                        SNOW, ICE PELLETS, HAIL    4 = ICE PELLETS
                        TOTAL MONTH:   0.0 INCH    5 = HAIL
                        GRTST 24HR     0.0         6 = FREEZING RAIN OR DRIZZLE
                        GRTST DEPTH:   0           7 = DUSTSTORM OR SANDSTORM:
                                                       VSBY 1/2 MILE OR LESS
                                                   8 = SMOKE OR HAZE
[NO. OF DAYS WITH]      [WEATHER - DAYS WITH]      9 = BLOWING SNOW
                                                   X = TORNADO
MAX 32 OR BELOW:   0    0.01 INCH OR MORE:   6
MAX 90 OR ABOVE:   0    0.10 INCH OR MORE:   4
MIN 32 OR BELOW:  15    0.50 INCH OR MORE:   1
MIN  0 OR BELOW:   0    1.00 INCH OR MORE:   0

[HDD (BASE 65) ]
TOTAL THIS MO.   650    CLEAR  (SCALE 0-3)  18
DPTR FM NORMAL   -30    PTCLDY (SCALE 4-7)   4
TOTAL FM JUL 1  1618    CLOUDY (SCALE 8-10)  8
DPTR FM NORMAL  -237

[CDD (BASE 65) ]
TOTAL THIS MO.     0
DPTR FM NORMAL     0    [PRESSURE DATA]
TOTAL FM JAN 1     0    HIGHEST SLP M ON M
DPTR FM NORMAL     0    LOWEST  SLP M ON M

[REMARKS]
