000
CXUS56 KPDT 230532
CF6YKM
PRELIMINARY LOCAL CLIMATOLOGICAL DATA (WS FORM: F-6)

                                          STATION:   YAKIMA WA
                                          MONTH:     OCTOBER
                                          YEAR:      2014
                                          LATITUDE:   46 34 N
                                          LONGITUDE: 120 32 W

  TEMPERATURE IN F:       :PCPN:    SNOW:  WIND      :SUNSHINE: SKY     :PK WND
================================================================================
1   2   3   4   5  6A  6B    7    8   9   10  11  12  13   14  15   16   17  18
                                     12Z  AVG MX 2MIN
DY MAX MIN AVG DEP HDD CDD  WTR  SNW DPTH SPD SPD DIR MIN PSBL S-S WX    SPD DR
================================================================================

 1  71  38  55   0  10   0 0.00  0.0    0  5.4 16 330   M    M   0        19 320
 2  70  42  56   1   9   0 0.00  0.0    0  5.1 14 320   M    M   0        20 330
 3  73  38  56   2   9   0 0.00  0.0    0  4.8 10 310   M    M   0        12 170
 4  80  41  61   7   4   0    T  0.0    0  3.9 12 270   M    M   3        13 270
 5  83  47  65  11   0   0 0.00  0.0    0  3.5 13 260   M    M   0 8      13 260
 6  91  49  70  17   0   5 0.00  0.0    0  5.0 13 320   M    M   0        15 310
 7  86  50  68  15   0   3 0.00  0.0    0  5.2 10 250   M    M   0        14 150
 8  78  45  62  10   3   0 0.00  0.0    0  4.8 12 260   M    M   0        15 270
 9  80  41  61   9   4   0 0.00  0.0    0  6.1 13 270   M    M   0        14 270
10  78  40  59   8   6   0 0.00  0.0    0  4.6 10 280   M    M   1        12 130
11  74  49  62  11   3   0 0.00  0.0    0 10.4 35 310   M    M   3         M  M
12  70  36  53   3  12   0 0.00  0.0    0  2.8  9 270   M    M   2        12 220
13  70  41  56   6   9   0 0.00  0.0    0  6.8 29 210   M    M   0        41 210
14  68  52  60  10   5   0 0.06  0.0    0  4.7 31 220   M    M   6        45 210
15  65  42  54   5  11   0    T  0.0    0  9.9 29 190   M    M   4        37 210
16  66  39  53   4  12   0 0.00  0.0    0  5.1 13 260   M    M   0        14 300
17  62  48  55   7  10   0 0.02  0.0    0  4.5 10 290   M    M   8        18 320
18  72  43  58  10   7   0 0.00  0.0    0  5.6 14 180   M    M   2 1      23 320
19  71  46  59  11   6   0 0.00  0.0    0  5.4 10 260   M    M   0 18     12 260
20  59  43  51   4  14   0 0.04    M    0  3.5 13 120   M    M   6 1      16 140
21  67  37  52   5  13   0    T    M    0  5.3 22 200   M    M   2 1      28 190
================================================================================
SM 1534  907       147   8  0.12     0.0 112.4          M       37
================================================================================
AV 73.0 43.2                               5.4 FASTST   M    M   2    MAX(MPH)
                                 MISC ---->  # 35 310               # 45  210
================================================================================
NOTES:
# LAST OF SEVERAL OCCURRENCES

COLUMN 17 PEAK WIND IN M.P.H.

PRELIMINARY LOCAL CLIMATOLOGICAL DATA (WS FORM: F-6) , PAGE 2

                                          STATION:  YAKIMA WA
                                          MONTH:    OCTOBER
                                          YEAR:     2014
                                          LATITUDE:   46 34 N
                                          LONGITUDE: 120 32 W

[TEMPERATURE DATA]      [PRECIPITATION DATA]       SYMBOLS USED IN COLUMN 16

AVERAGE MONTHLY: 58.1   TOTAL FOR MONTH:   0.12    1 = FOG OR MIST
DPTR FM NORMAL:   7.2   DPTR FM NORMAL:   -0.19    2 = FOG REDUCING VISIBILITY
HIGHEST:    91 ON  6    GRTST 24HR  0.06 ON 14-14      TO 1/4 MILE OR LESS
LOWEST:     36 ON 12                               3 = THUNDER
                        SNOW, ICE PELLETS, HAIL    4 = ICE PELLETS
                        TOTAL MONTH:   0.0 INCH    5 = HAIL
                        GRTST 24HR     0.0         6 = FREEZING RAIN OR DRIZZLE
                        GRTST DEPTH:   0           7 = DUSTSTORM OR SANDSTORM:
                                                       VSBY 1/2 MILE OR LESS
                                                   8 = SMOKE OR HAZE
[NO. OF DAYS WITH]      [WEATHER - DAYS WITH]      9 = BLOWING SNOW
                                                   X = TORNADO
MAX 32 OR BELOW:   0    0.01 INCH OR MORE:   3
MAX 90 OR ABOVE:   1    0.10 INCH OR MORE:   0
MIN 32 OR BELOW:   0    0.50 INCH OR MORE:   0
MIN  0 OR BELOW:   0    1.00 INCH OR MORE:   0

[HDD (BASE 65) ]
TOTAL THIS MO.   147    CLEAR  (SCALE 0-3)  16
DPTR FM NORMAL  -148    PTCLDY (SCALE 4-7)   5
TOTAL FM JUL 1   223    CLOUDY (SCALE 8-10)  0
DPTR FM NORMAL  -280

[CDD (BASE 65) ]
TOTAL THIS MO.     8
DPTR FM NORMAL     8    [PRESSURE DATA]
TOTAL FM JAN 1   871    HIGHEST SLP 30.02 ON 18
DPTR FM NORMAL   399    LOWEST  SLP 29.56 ON 15

[REMARKS]
