000
CXUS51 KPBZ 190901
CF6ZZV
PRELIMINARY LOCAL CLIMATOLOGICAL DATA (WS FORM: F-6)

                                          STATION:   ZANESVILLE OH
                                          MONTH:     OCTOBER
                                          YEAR:      2014
                                          LATITUDE:   39 56 N
                                          LONGITUDE:  81 54 W

  TEMPERATURE IN F:       :PCPN:    SNOW:  WIND      :SUNSHINE: SKY     :PK WND
================================================================================
1   2   3   4   5  6A  6B    7    8   9   10  11  12  13   14  15   16   17  18
                                     12Z  AVG MX 2MIN
DY MAX MIN AVG DEP HDD CDD  WTR  SNW DPTH SPD SPD DIR MIN PSBL S-S WX    SPD DR
================================================================================

 1  69  47  58   0   7   0 0.00    M    M  3.2  8 320   M    M   6 128    11 330
 2  83  45  64   6   1   0 0.00    M    M  4.3 13 160   M    M   4 128    18 160
 3  72  53  63   6   2   0 0.54    M    M 10.3 20 280   M    M   5 1      27 280
 4  55  40  48  -9  17   0 0.05    M    M  9.4 23 290   M    M   9 1      37 260
 5  56  39  48  -9  17   0 0.02    M    M  7.2 22 200   M    M   9        27 190
 6  60  44  52  -4  13   0 0.21    M    M  7.6 21 180   M    M   5 13     28 210
 7  62  49  56   0   9   0 0.04    M    M  8.4 18 200   M    M   7 1      27 210
 8  66  41  54  -2  11   0 0.00    M    M  7.6 20 260   M    M   3        26 260
 9  54  37  46  -9  19   0 0.01    M    M  3.1 10 250   M    M   7 12     15 240
10  60  47  54  -1  11   0    T    M    M  1.9  9  10   M    M   8 12     11 360
11  61  45  53  -1  12   0 0.00    M    M  6.4 14  20   M    M   2 1      19  50
12  62  37  50  -4  15   0 0.00    M    M  5.3 13 120   M    M   5        17 160
13  76  56  66  12   0   1    T    M    M  9.5 18 170   M    M   4        24 150
14  77  58  68  14   0   3 1.06    M    M 12.0 26 160   M    M   6 1      38 160
15  64  54  59   6   6   0 0.01    M    M  4.2 12 240   M    M   9 1      16 120
16  63  53  58   5   7   0 0.07    M    M  4.6 12 280   M    M   9 1      15 290
17  71  52  62   9   3   0 0.00    M    M 11.0 20 210   M    M   8        31 260
18  57  46  52   0  13   0 0.03    M    M  9.8 18 340   M    M   9 1      24 320
================================================================================
SM 1168  843       163   4  2.04    M    125.8          M      115
================================================================================
AV 64.9 46.8                               7.0 FASTST   M    M   6    MAX(MPH)
                                 MISC ---->  # 26 160               # 38  160
================================================================================
NOTES:
# LAST OF SEVERAL OCCURRENCES

COLUMN 17 PEAK WIND IN M.P.H.

PRELIMINARY LOCAL CLIMATOLOGICAL DATA (WS FORM: F-6) , PAGE 2

                                          STATION:  ZANESVILLE OH
                                          MONTH:    OCTOBER
                                          YEAR:     2014
                                          LATITUDE:   39 56 N
                                          LONGITUDE:  81 54 W

[TEMPERATURE DATA]      [PRECIPITATION DATA]       SYMBOLS USED IN COLUMN 16

AVERAGE MONTHLY: 55.9   TOTAL FOR MONTH:   2.04    1 = FOG OR MIST
DPTR FM NORMAL:   0.7   DPTR FM NORMAL:    0.49    2 = FOG REDUCING VISIBILITY
HIGHEST:    83 ON  2    GRTST 24HR  1.07 ON 14-15      TO 1/4 MILE OR LESS
LOWEST:     37 ON 12, 9                            3 = THUNDER
                        SNOW, ICE PELLETS, HAIL    4 = ICE PELLETS
                        TOTAL MONTH:    M          5 = HAIL
                        GRTST 24HR    M  ON   M    6 = FREEZING RAIN OR DRIZZLE
                        GRTST DEPTH:  M  ON   M    7 = DUSTSTORM OR SANDSTORM:
                                                       VSBY 1/2 MILE OR LESS
                                                   8 = SMOKE OR HAZE
[NO. OF DAYS WITH]      [WEATHER - DAYS WITH]      9 = BLOWING SNOW
                                                   X = TORNADO
MAX 32 OR BELOW:   0    0.01 INCH OR MORE:  10
MAX 90 OR ABOVE:   0    0.10 INCH OR MORE:   3
MIN 32 OR BELOW:   0    0.50 INCH OR MORE:   2
MIN  0 OR BELOW:   0    1.00 INCH OR MORE:   1

[HDD (BASE 65) ]
TOTAL THIS MO.   163    CLEAR  (SCALE 0-3)   2
DPTR FM NORMAL   -23    PTCLDY (SCALE 4-7)  11
TOTAL FM JUL 1   284    CLOUDY (SCALE 8-10)  5
DPTR FM NORMAL   -11

[CDD (BASE 65) ]
TOTAL THIS MO.     4
DPTR FM NORMAL    -3    [PRESSURE DATA]
TOTAL FM JAN 1   727    HIGHEST SLP M ON M
DPTR FM NORMAL   -39    LOWEST  SLP 29.61 ON 17

[REMARKS]
