000
CXUS53 KEAX 031455
CLADMO

CLIMATE REPORT
NATIONAL WEATHER SERVICE KANSAS CITY/PLEASANT HILL MO
851 AM CST TUE JAN 3 2017

...................................

...THE SEDALIA MO CLIMATE SUMMARY FOR THE YEAR OF 2016...

CLIMATE NORMAL PERIOD 1981 TO 2010
CLIMATE RECORD PERIOD 9999 TO 9999

WEATHER         OBSERVED          NORMAL  DEPART
                 VALUE   DATE(S)  VALUE   FROM
                                          NORMAL
................................................
TEMPERATURE (F)
HIGHEST            99   06/15        98       1
LOWEST             -4   12/19                -3
                        12/18
AVG. MAXIMUM     69.0              66.4     2.6
AVG. MINIMUM     48.8              46.7     2.1
MEAN             58.9              56.5     2.4
DAYS MAX >= 90     54              33.4    20.6
DAYS MAX <= 32     15              23.3    -8.3
DAYS MIN <= 32     81             115.9   -34.9
DAYS MIN <= 0       2               5.0    -3.0

PRECIPITATION (INCHES)
TOTALS          30.77             41.11  -10.34
DAILY AVG.       0.09              0.11   -0.02
DAYS >= .01        87             103.4   -16.4
DAYS >= .10        48              64.9   -16.9
DAYS >= .50        17              26.8    -9.8
DAYS >= 1.00        9              11.2    -2.2
GREATEST
 24 HR. TOTAL    3.93   MM

DEGREE_DAYS
HEATING TOTAL    3856              4570    -714
COOLING TOTAL    1775              1491     284
.................................................

WIND (MPH)
AVERAGE WIND SPEED              9.0
HIGHEST WIND SPEED/DIRECTION    40/360    DATE  06/30
HIGHEST GUST SPEED/DIRECTION    52/330    DATE  07/13

SKY COVER
POSSIBLE SUNSHINE (PERCENT)   MM
AVERAGE SKY COVER           0.30
NUMBER OF DAYS FAIR          231
NUMBER OF DAYS PC             93
NUMBER OF DAYS CLOUDY         41

AVERAGE RH (PERCENT)     67

WEATHER CONDITIONS. NUMBER OF DAYS WITH
THUNDERSTORM             62     MIXED PRECIP               0
HEAVY RAIN               36     RAIN                      39
LIGHT RAIN              117     FREEZING RAIN              0
LT FREEZING RAIN          1     HAIL                       0
HEAVY SNOW                0     SNOW                       2
LIGHT SNOW               15     SLEET                      0
FOG                     119     FOG W/VIS <= 1/4 MILE     13
HAZE                     36

-  INDICATES NEGATIVE NUMBERS.
R  INDICATES RECORD WAS SET OR TIED.
MM INDICATES DATA IS MISSING.
T  INDICATES TRACE AMOUNT.

$$
