024
CXUS53 KGJT 011337
CLAEEO


CLIMATE REPORT
NATIONAL WEATHER SERVICE GRAND JUNCTION CO
617 AM MST FRI JAN 1 2016

...................................

...THE MEEKER CO CLIMATE SUMMARY FOR THE YEAR OF 2015...

CLIMATE NORMAL PERIOD 1981 TO 2010
CLIMATE RECORD PERIOD 9999 TO 9999

WEATHER         OBSERVED          NORMAL  DEPART  LAST YEAR`S
                 VALUE   DATE(S)  VALUE   FROM    VALUE  DATE(S)
                                          NORMAL
................................................................
TEMPERATURE (F)
RECORD
 HIGH              MM   MM
 LOW               MM   MM
HIGHEST            95   06/30        MM      MM       95  07/23
LOWEST            -26   12/27        MM      MM      -27  12/31
AVG. MAXIMUM     61.4              58.9     2.5     60.1
AVG. MINIMUM     31.1              28.3     2.8     30.1
MEAN             46.2              43.6     2.6     45.1
DAYS MAX >= 90     22              13.4     8.6        9
DAYS MAX <= 32     33              39.5    -6.5       34
DAYS MIN <= 32    176             205.6   -29.6      190
DAYS MIN <= 0      16              25.2    -9.2       24

PRECIPITATION (INCHES)
RECORD
 MAXIMUM           MM   MM
 MINIMUM           MM   MM
TOTALS          18.15             16.06    2.09    18.62
DAILY AVG.       0.05              0.04    0.01     0.05
DAYS >= .01       124                MM      MM      111
DAYS >= .10        65                MM      MM       55
DAYS >= .50         6                MM      MM       10
DAYS >= 1.00        0                MM      MM        0
GREATEST
 24 HR. TOTAL    0.88   MM                       12/31 TO 12/31
 STORM TOTAL       MM                                 MM


SNOWFALL (INCHES)
RECORDS
 TOTAL             MM   MM
 24 HR TOTAL       MM
 SNOW DEPTH        MM   MM
TOTALS             MM                MM      MM       MM
 LIQUID EQUIV      MM                MM      MM       MM
SINCE 7/1          MM                MM      MM       MM
 LIQUID 7/1        MM                MM      MM       MM
SNOWDEPTH AVG.     MM                MM      MM       MM
DAYS >= TRACE      MM                MM      MM       MM
DAYS >= 1.0        MM                MM      MM       MM
GREATEST
 SNOW DEPTH        MM                                 MM  MM
 24 HR TOTAL       MM                                 MM
 STORM TOTAL       MM                                 MM


DEGREE_DAYS
HEATING TOTAL    6967              7974   -1007     7335
 SINCE 7/1       2952              3289    -337     2884
COOLING TOTAL     224               171      53      197
 SINCE 1/1        224               172      52      197

FREEZE DATES
RECORD
 EARLIEST     MM
 LATEST       MM
EARLIEST                        MM
LATEST                          MM
..................................................

WIND (MPH)
AVERAGE WIND SPEED              4.9
RESULTANT WIND SPEED/DIRECTION   1/165
HIGHEST WIND SPEED/DIRECTION    45/250    DATE  03/23
HIGHEST GUST SPEED/DIRECTION    60/240    DATE  04/14

SKY COVER
POSSIBLE SUNSHINE (PERCENT)   MM
AVERAGE SKY COVER           0.30
NUMBER OF DAYS FAIR          218
NUMBER OF DAYS PC             88
NUMBER OF DAYS CLOUDY         59

AVERAGE RH (PERCENT)     58

WEATHER CONDITIONS. NUMBER OF DAYS WITH
THUNDERSTORM             70     MIXED PRECIP               0
HEAVY RAIN               21     RAIN                      49
LIGHT RAIN              122     FREEZING RAIN              0
LT FREEZING RAIN          1     HAIL                       0
HEAVY SNOW                6     SNOW                      19
LIGHT SNOW               65     SLEET                      0
FOG                     104     FOG W/VIS <= 1/4 MILE     15
HAZE                     32

-  INDICATES NEGATIVE NUMBERS.
R  INDICATES RECORD WAS SET OR TIED.
MM INDICATES DATA IS MISSING.
T  INDICATES TRACE AMOUNT.

$$
