000
CXUS51 KCTP 011310
CLAMDT

CLIMATE REPORT
NATIONAL WEATHER SERVICE STATE COLLEGE PA
806 AM EST MON JAN 1 2018

...................................

...THE HARRISBURG PA CLIMATE SUMMARY FOR THE YEAR OF 2017...

CLIMATE NORMAL PERIOD 1981 TO 2010
CLIMATE RECORD PERIOD 1888 TO 2017

WEATHER         OBSERVED          NORMAL  DEPART
                 VALUE   DATE(S)  VALUE   FROM
                                          NORMAL
................................................
TEMPERATURE (F)
RECORD
 HIGH             107   07/03/1966
 LOW              -22   01/21/1994
HIGHEST            96   06/13        MM      MM
LOWEST              1   12/31        MM      MM
AVG. MAXIMUM     64.6              62.3     2.3
AVG. MINIMUM     46.5              44.3     2.2
MEAN             55.6              53.3     2.3
DAYS MAX >= 90     17              20.7    -3.7
DAYS MAX <= 32     16              20.3    -4.3
DAYS MIN <= 32     89              99.5   -10.5
DAYS MIN <= 0       0               0.4    -0.4

PRECIPITATION (INCHES)
RECORD
 MAXIMUM        73.73   2011
 MINIMUM        25.52   1941
TOTALS          44.52             40.74    3.78
DAILY AVG.       0.12              0.11    0.01
DAYS >= .01       136             122.0    14.0
DAYS >= .10        70              75.2    -5.2
DAYS >= .50        25              29.5    -4.5
DAYS >= 1.00       12              10.1     1.9
GREATEST
 24 HR. TOTAL    4.71   MM
 STORM TOTAL       MM
 (MM/DD(HH))            MM

SNOWFALL (INCHES)
RECORDS
 TOTAL           81.3   1960


 24 HR TOTAL     26.4   01/23/2016 TO 01/23/2016
TOTALS           28.7              30.6    -1.9
 LIQUID EQUIV    2.87              3.10   -0.23
SINCE 7/1         5.6               5.7    -0.1
 LIQUID 7/1      0.56
DAYS >= TRACE      30              16.8    13.2
DAYS >= 1.0         6               8.0    -2.0
GREATEST
 SNOW DEPTH        15   03/16
                        03/15
 24 HR TOTAL     14.7   MM
 STORM TOTAL       MM
 (MM/DD(HH))            MM

DEGREE_DAYS
HEATING TOTAL    4538              5268    -730
 SINCE 7/1         MM              2001      MM
COOLING TOTAL    1214              1001     213
 SINCE 1/1       1214              1002     212

FREEZE DATES
RECORD
 EARLIEST     09/24/1963
 LATEST       05/11/1966
EARLIEST                        09/24
LATEST                          05/11
.................................................

WIND (MPH)
AVERAGE WIND SPEED              6.8
HIGHEST WIND SPEED/DIRECTION    39/260    DATE  06/19
HIGHEST GUST SPEED/DIRECTION    51/320    DATE  02/13

SKY COVER
POSSIBLE SUNSHINE (PERCENT)   MM
AVERAGE SKY COVER           0.60
NUMBER OF DAYS FAIR           54
NUMBER OF DAYS PC            172
NUMBER OF DAYS CLOUDY        138

AVERAGE RH (PERCENT)     69

WEATHER CONDITIONS. NUMBER OF DAYS WITH

MISSING

-  INDICATES NEGATIVE NUMBERS.
R  INDICATES RECORD WAS SET OR TIED.
MM INDICATES DATA IS MISSING.
T  INDICATES TRACE AMOUNT.

$$

LA CORTE
