000
CXUS53 KGRB 021335
CLARHI
CLIMATE REPORT
NATIONAL WEATHER SERVICE GREEN BAY
735 AM CST TUE JAN 02 2024
...9TH WARMEST YEAR ON RECORD...
...27TH DRIEST AND 5TH SNOWIEST YEAR ON RECORD...
...9TH LEAST HEATING DEGREE DAYS...
.................................................................
...THE RHINELANDER WI CLIMATE SUMMARY FOR THE YEAR OF 2023...
CLIMATE NORMAL PERIOD: 1991 TO 2020
CLIMATE RECORD PERIOD: 1908 TO 2024
WEATHER OBSERVED NORMAL DEPART LAST YEAR`S
VALUE DATE(S) VALUE FROM VALUE DATE(S)
NORMAL
................................................................
TEMPERATURE (F)
RECORD
HIGH 108 07/13/1936
LOW -42 02/03/1996
HIGHEST 94 09/04 93 06/20
LOWEST -24 01/31 -27 01/26
AVG. MAXIMUM 53.6 52.5 1.1 50.6
AVG. MINIMUM 33.2 30.4 2.8 29.3
MEAN 43.4 41.4 2.0 39.9
DAYS MAX >= 90 3 3.6 -0.6 2
DAYS MAX <= 32 73 89.0 -16.0 108
DAYS MIN <= 32 180 185.0 -5.0 193
DAYS MIN <= 0 10 35.5 -25.5 47
PRECIPITATION (INCHES)
RECORD
MAXIMUM 43.15 2019
MINIMUM 16.90 1989
TOTALS 27.24 34.49 -7.25 30.78
DAILY AVG. 0.07
DAYS >= .01 135 142.4 -7.4 162
DAYS >= .10 60 75.2 -15.2 71
DAYS >= .50 14 21.2 -7.2 14
DAYS >= 1.00 3 6.8 -3.8 7
SNOWFALL (INCHES)
RECORDS
TOTAL 133.9 2019
TOTALS 98.5 81.6 16.9 85.3
SINCE 7/1 10.3 29.5 -19.2 34.7
SNOWDEPTH AVG. 4
DAYS >= TRACE 101 55.5 45.5 107
DAYS >= 1.0 25 24.3 0.7 26
GREATEST
SNOW DEPTH 29R 03/12 15 12/22
03/13
12/23
24 HR TOTAL 0.0
DEGREE DAYS
HEATING TOTAL 8043 8832 -789 9279
SINCE 7/1 3010 3489 -479 3357
COOLING TOTAL 311 283 28 296
SINCE 1/1 311 282 29 296
FREEZE DATES
RECORD
EARLIEST 08/27/1915
LATEST 07/30/1928
EARLIEST 10/07
LATEST 05/26
................................................................
WIND (MPH)
AVERAGE WIND SPEED 6.4
HIGHEST WIND SPEED/DIRECTION 37/270 DATE 04/06
HIGHEST GUST SPEED/DIRECTION 50/300 DATE 07/27
SKY COVER
POSSIBLE SUNSHINE (PERCENT) MM
AVERAGE SKY COVER 0.51
NUMBER OF DAYS FAIR 139
NUMBER OF DAYS PC 105
NUMBER OF DAYS CLOUDY 117
AVERAGE RH (PERCENT) 70
WEATHER CONDITIONS. NUMBER OF DAYS WITH
THUNDERSTORM 33 MIXED PRECIP 2
HEAVY RAIN 22 RAIN 26
LIGHT RAIN 108 FREEZING RAIN 4
LT FREEZING RAIN 9 HAIL 0
HEAVY SNOW 5 SNOW 16
LIGHT SNOW 95 SLEET 0
FOG 225 FOG W/VIS <= 1/4 MILE 62
HAZE 68
- INDICATES NEGATIVE NUMBERS.
R INDICATES RECORD WAS SET OR TIED.
MM INDICATES DATA IS MISSING.
T INDICATES TRACE AMOUNT.
$$