000
CDUS41 KBTV 290531
CLI1V4


CLIMATE REPORT
NATIONAL WEATHER SERVICE BURLINGTON VT
129 AM EDT SAT APR 29 2017


...................................

...THE ST. JOHNSBURY VT CLIMATE SUMMARY FOR APRIL 28 2017...

CLIMATE NORMAL PERIOD 1981 TO 2010
CLIMATE RECORD PERIOD 1894 TO 2017


WEATHER ITEM   OBSERVED TIME   RECORD YEAR NORMAL DEPARTURE LAST
                VALUE   (LST)  VALUE       VALUE  FROM      YEAR
                                                  NORMAL
..................................................................
TEMPERATURE (F)
 YESTERDAY
  MAXIMUM         79        MM  92    1990  62     17       50
  MINIMUM         52        MM  19    1947  37     15       23
  AVERAGE         66                        50     16       37

PRECIPITATION (IN)
  YESTERDAY        0.00          1.60 1920   0.10  -0.10     0.00
  MONTH TO DATE    2.85                      2.65   0.20     2.32
  SINCE MAR 1      6.30                      5.16   1.14     4.80
  SINCE JAN 1     12.04                      9.84   2.20     9.54

DEGREE DAYS
 HEATING
  YESTERDAY        0                        15    -15       28
  MONTH TO DATE  516                       589    -73      696
  SINCE MAR 1   1762                      1665     97     1623
  SINCE JUL 1   6775                      7389   -614     6508

 COOLING
  YESTERDAY        1                         0      1        0
  MONTH TO DATE    1                         0      1        0
  SINCE MAR 1      1                         0      1        0
  SINCE JAN 1      1                         0      1        0
..................................................................


WIND (MPH)
  HIGHEST WIND SPEED    MM   HIGHEST WIND DIRECTION    MM
  HIGHEST GUST SPEED    MM   HIGHEST GUST DIRECTION    MM
  AVERAGE WIND SPEED    MM


SKY COVER
  AVERAGE SKY COVER 0.0


WEATHER CONDITIONS
 THE FOLLOWING WEATHER WAS RECORDED YESTERDAY.
  NO SIGNIFICANT WEATHER WAS OBSERVED.


RELATIVE HUMIDITY (PERCENT)
 HIGHEST    90           500 AM
 LOWEST     21           600 PM
 AVERAGE    56

..........................................................


THE ST. JOHNSBURY VT CLIMATE NORMALS FOR TODAY
                         NORMAL    RECORD    YEAR
 MAXIMUM TEMPERATURE (F)   63        90      1990
 MINIMUM TEMPERATURE (F)   38        20      1909


SUNRISE AND SUNSET
APRIL 29 2017.........SUNRISE   541 AM EDT   SUNSET   750 PM EDT
APRIL 30 2017.........SUNRISE   540 AM EDT   SUNSET   751 PM EDT


-  INDICATES NEGATIVE NUMBERS.
R  INDICATES RECORD WAS SET OR TIED.
MM INDICATES DATA IS MISSING.
T  INDICATES TRACE AMOUNT.




$$
