000
CDUS41 KBTV 050548
CLI1V4


CLIMATE REPORT
NATIONAL WEATHER SERVICE BURLINGTON VT
1244 AM EST FRI FEB 5 2016


...................................

...THE ST. JOHNSBURY VT CLIMATE SUMMARY FOR FEBRUARY 4 2016...

CLIMATE NORMAL PERIOD 1981 TO 2010
CLIMATE RECORD PERIOD 1894 TO 2016


WEATHER ITEM   OBSERVED TIME   RECORD YEAR NORMAL DEPARTURE LAST
                VALUE   (LST)  VALUE       VALUE  FROM      YEAR
                                                  NORMAL
..................................................................
TEMPERATURE (F)
 YESTERDAY
  MAXIMUM         46        MM  55    1991  29     17       27
  MINIMUM         32        MM -32    1908   6     26        0
  AVERAGE         39                        17     22       14

PRECIPITATION (IN)
  YESTERDAY        0.00          0.74 1911   0.09  -0.09     0.06
  MONTH TO DATE    0.33                      0.34  -0.01     0.55
  SINCE DEC 1      6.42                      5.93   0.49     7.27
  SINCE JAN 1      1.52                      2.85  -1.33     3.38

DEGREE DAYS
 HEATING
  YESTERDAY       26                        48    -22       51
  MONTH TO DATE  116                       192    -76      236
  SINCE DEC 1   2364                      2985   -621     3013
  SINCE JUL 1   3841                      4641   -800     4665

 COOLING
  YESTERDAY        0                         0      0        0
  MONTH TO DATE    0                         0      0        0
  SINCE DEC 1      0                         0      0        0
  SINCE JAN 1      0                         0      0        0
..................................................................


WIND (MPH)
  HIGHEST WIND SPEED    MM   HIGHEST WIND DIRECTION    MM
  HIGHEST GUST SPEED    MM   HIGHEST GUST DIRECTION    MM
  AVERAGE WIND SPEED    MM


SKY COVER
  AVERAGE SKY COVER 0.0


WEATHER CONDITIONS
 THE FOLLOWING WEATHER WAS RECORDED YESTERDAY.
  NO SIGNIFICANT WEATHER WAS OBSERVED.


RELATIVE HUMIDITY (PERCENT)
 HIGHEST    92          1200 AM
 LOWEST     53           100 PM
 AVERAGE    73

..........................................................


THE ST. JOHNSBURY VT CLIMATE NORMALS FOR TODAY
                         NORMAL    RECORD    YEAR
 MAXIMUM TEMPERATURE (F)   29        53      1991
 MINIMUM TEMPERATURE (F)    6       -36      1908


SUNRISE AND SUNSET
FEBRUARY  5 2016......SUNRISE   702 AM EST   SUNSET   502 PM EST
FEBRUARY  6 2016......SUNRISE   701 AM EST   SUNSET   504 PM EST


-  INDICATES NEGATIVE NUMBERS.
R  INDICATES RECORD WAS SET OR TIED.
MM INDICATES DATA IS MISSING.
T  INDICATES TRACE AMOUNT.




$$
