000
CDUS41 KBTV 230603
CLI1V4


CLIMATE REPORT
NATIONAL WEATHER SERVICE BURLINGTON VT
103 AM EST MON JAN 23 2017


...................................

...THE ST. JOHNSBURY VT CLIMATE SUMMARY FOR JANUARY 22 2017...

CLIMATE NORMAL PERIOD 1981 TO 2010
CLIMATE RECORD PERIOD 1894 TO 2017


WEATHER ITEM   OBSERVED TIME   RECORD YEAR NORMAL DEPARTURE LAST
                VALUE   (LST)  VALUE       VALUE  FROM      YEAR
                                                  NORMAL
..................................................................
TEMPERATURE (F)
 YESTERDAY
  MAXIMUM         40    313 PM  53    1910  27     13       26
  MINIMUM         33   1159 PM -28    1984   6     27        1
  AVERAGE         37                        16     21       14

PRECIPITATION (IN)
  YESTERDAY        0.00          0.79 1958   0.08  -0.08     0.00
  MONTH TO DATE    0.94                      1.77  -0.83     1.18
  SINCE DEC 1      4.51                      4.85  -0.34     6.08
  SINCE JAN 1      0.94                      1.77  -0.83     1.18

DEGREE DAYS
 HEATING
  YESTERDAY       28                        49    -21       51
  MONTH TO DATE  895                      1061   -166      984
  SINCE DEC 1   2156                      2358   -202     1897
  SINCE JUL 1   3616                      4014   -398     3374

 COOLING
  YESTERDAY        0                         0      0        0
  MONTH TO DATE    0                         0      0        0
  SINCE DEC 1      0                         0      0        0
  SINCE JAN 1      0                         0      0        0
..................................................................


WIND (MPH)
  HIGHEST WIND SPEED    MM   HIGHEST WIND DIRECTION    MM
  HIGHEST GUST SPEED    MM   HIGHEST GUST DIRECTION    MM
  AVERAGE WIND SPEED    MM


SKY COVER
  AVERAGE SKY COVER 0.0


WEATHER CONDITIONS
 THE FOLLOWING WEATHER WAS RECORDED YESTERDAY.
  NO SIGNIFICANT WEATHER WAS OBSERVED.


RELATIVE HUMIDITY (PERCENT)
 HIGHEST   100          1200 AM
 LOWEST     82           900 PM
 AVERAGE    91

..........................................................


THE ST. JOHNSBURY VT CLIMATE NORMALS FOR TODAY
                         NORMAL    RECORD    YEAR
 MAXIMUM TEMPERATURE (F)   27        55      1906
 MINIMUM TEMPERATURE (F)    6       -25      2000


SUNRISE AND SUNSET
JANUARY 23 2017.......SUNRISE   715 AM EST   SUNSET   445 PM EST
JANUARY 24 2017.......SUNRISE   714 AM EST   SUNSET   447 PM EST


-  INDICATES NEGATIVE NUMBERS.
R  INDICATES RECORD WAS SET OR TIED.
MM INDICATES DATA IS MISSING.
T  INDICATES TRACE AMOUNT.




$$
