000
CDUS41 KBTV 020607
CLI1V4


CLIMATE REPORT
NATIONAL WEATHER SERVICE BURLINGTON VT
205 AM EDT TUE JUN 2 2015


...................................

...THE ST. JOHNSBURY VT CLIMATE SUMMARY FOR JUNE 1 2015...

CLIMATE NORMAL PERIOD 1981 TO 2010
CLIMATE RECORD PERIOD 1894 TO 2015


WEATHER ITEM   OBSERVED TIME   RECORD YEAR NORMAL DEPARTURE LAST
                VALUE   (LST)  VALUE       VALUE  FROM      YEAR
                                                  NORMAL
..................................................................
TEMPERATURE (F)
 YESTERDAY
  MAXIMUM         53        MM  91    1937  73    -20       76
  MINIMUM         46        MM  31    1961  50     -4       42
  AVERAGE         50                        62    -12       59

PRECIPITATION (IN)
  YESTERDAY        1.24R         0.97 1955   0.12   1.12     0.00
  MONTH TO DATE    1.24                      0.12   1.12     0.00
  SINCE JUN 1      1.24                      0.12   1.12     0.00
  SINCE JAN 1     12.61                     13.53  -0.92    15.70

DEGREE DAYS
 HEATING
  YESTERDAY       15                         5     10        6
  MONTH TO DATE   15                         5     10        6
  SINCE JUN 1     15                         5     10        6
  SINCE JUL 1   8242                      7709    533     8430

 COOLING
  YESTERDAY        0                         1     -1        0
  MONTH TO DATE    0                         1     -1        0
  SINCE JUN 1      0                         1     -1        0
  SINCE JAN 1     38                        19     19        4
..................................................................


WIND (MPH)
  HIGHEST WIND SPEED    MM   HIGHEST WIND DIRECTION    MM
  HIGHEST GUST SPEED    MM   HIGHEST GUST DIRECTION    MM
  AVERAGE WIND SPEED    MM


SKY COVER
  AVERAGE SKY COVER 0.0


WEATHER CONDITIONS
 THE FOLLOWING WEATHER WAS RECORDED YESTERDAY.
  NO SIGNIFICANT WEATHER WAS OBSERVED.


RELATIVE HUMIDITY (PERCENT)
 HIGHEST    93           800 AM
 LOWEST     71           100 PM
 AVERAGE    82

..........................................................


THE ST. JOHNSBURY VT CLIMATE NORMALS FOR TODAY
                         NORMAL    RECORD    YEAR
 MAXIMUM TEMPERATURE (F)   74        93      1934
 MINIMUM TEMPERATURE (F)   50        31      1945


SUNRISE AND SUNSET
JUNE  2 2015..........SUNRISE   506 AM EDT   SUNSET   826 PM EDT
JUNE  3 2015..........SUNRISE   506 AM EDT   SUNSET   827 PM EDT


-  INDICATES NEGATIVE NUMBERS.
R  INDICATES RECORD WAS SET OR TIED.
MM INDICATES DATA IS MISSING.
T  INDICATES TRACE AMOUNT.




$$
