683
CDUS41 KBTV 140539
CLI1V4


CLIMATE REPORT
NATIONAL WEATHER SERVICE BURLINGTON VT
1237 AM EST THU DEC 14 2017


...................................

...THE ST. JOHNSBURY VT CLIMATE SUMMARY FOR DECEMBER 13 2017...

CLIMATE NORMAL PERIOD 1981 TO 2010
CLIMATE RECORD PERIOD 1894 TO 2017


WEATHER ITEM   OBSERVED TIME   RECORD YEAR NORMAL DEPARTURE LAST
                VALUE   (LST)  VALUE       VALUE  FROM      YEAR
                                                  NORMAL
..................................................................
TEMPERATURE (F)
 YESTERDAY
  MAXIMUM         25        MM  55    1979  32     -7       35
  MINIMUM          8        MM -16    1917  16     -8       26
                                      1906
  AVERAGE         17                        24     -7       31

PRECIPITATION (IN)
  YESTERDAY        0.01          1.39 1983   0.10  -0.09     0.01
  MONTH TO DATE    1.18                      1.39  -0.21     1.47
  SINCE DEC 1      1.18                      1.39  -0.21     1.47
  SINCE JAN 1     40.91                     37.81   3.10    37.57

DEGREE DAYS
 HEATING
  YESTERDAY       48                        41      7       34
  MONTH TO DATE  462                       500    -38      472
  SINCE DEC 1    462                       500    -38      472
  SINCE JUL 1   1935                      2156   -221     1932

 COOLING
  YESTERDAY        0                         0      0        0
  MONTH TO DATE    0                         0      0        0
  SINCE DEC 1      0                         0      0        0
  SINCE JAN 1    331                       433   -102      457
..................................................................


WIND (MPH)
  HIGHEST WIND SPEED    MM   HIGHEST WIND DIRECTION    MM
  HIGHEST GUST SPEED    MM   HIGHEST GUST DIRECTION    MM
  AVERAGE WIND SPEED    MM


SKY COVER
  AVERAGE SKY COVER 0.0


WEATHER CONDITIONS
 THE FOLLOWING WEATHER WAS RECORDED YESTERDAY.
  NO SIGNIFICANT WEATHER WAS OBSERVED.


RELATIVE HUMIDITY (PERCENT)
 HIGHEST    91           500 AM
 LOWEST     67           300 PM
 AVERAGE    79

..........................................................


THE ST. JOHNSBURY VT CLIMATE NORMALS FOR TODAY
                         NORMAL    RECORD    YEAR
 MAXIMUM TEMPERATURE (F)   32        57      1901
 MINIMUM TEMPERATURE (F)   15       -25      1898


SUNRISE AND SUNSET
DECEMBER 14 2017......SUNRISE   717 AM EST   SUNSET   409 PM EST
DECEMBER 15 2017......SUNRISE   717 AM EST   SUNSET   409 PM EST


-  INDICATES NEGATIVE NUMBERS.
R  INDICATES RECORD WAS SET OR TIED.
MM INDICATES DATA IS MISSING.
T  INDICATES TRACE AMOUNT.




$$
