000
CDUS41 KBTV 230533
CLI1V4


CLIMATE REPORT
NATIONAL WEATHER SERVICE BURLINGTON VT
131 AM EDT SAT AUG 23 2014


...................................

...THE ST. JOHNSBURY VT CLIMATE SUMMARY FOR AUGUST 22 2014...

CLIMATE NORMAL PERIOD 1981 TO 2010
CLIMATE RECORD PERIOD 1894 TO 2014


WEATHER ITEM   OBSERVED TIME   RECORD YEAR NORMAL DEPARTURE LAST
                VALUE   (LST)  VALUE       VALUE  FROM      YEAR
                                                  NORMAL
..................................................................
TEMPERATURE (F)
 YESTERDAY
  MAXIMUM         66    237 PM 100    2006  78    -12       85
  MINIMUM         58    706 AM  36    1895  56      2       58
  AVERAGE         62                        67     -5       72

PRECIPITATION (IN)
  YESTERDAY        0.17          1.52 1960   0.12   0.05     0.09
  MONTH TO DATE    1.70                      3.26  -1.56     1.45
  SINCE JUN 1     11.66                     11.39   0.27    11.51
  SINCE JAN 1     27.36                     24.80   2.56    23.89

DEGREE DAYS
 HEATING
  YESTERDAY        3                         1      2        0
  MONTH TO DATE   35                        21     14       39
  SINCE JUN 1    122                       108     14      161
  SINCE JUL 1     53                        36     17       48

 COOLING
  YESTERDAY        0                         3     -3        7
  MONTH TO DATE   32                        95    -63       39
  SINCE JUN 1    190                       354   -164      311
  SINCE JAN 1    194                       372   -178      327
..................................................................


WIND (MPH)
  HIGHEST WIND SPEED    MM   HIGHEST WIND DIRECTION    MM
  HIGHEST GUST SPEED    MM   HIGHEST GUST DIRECTION    MM
  AVERAGE WIND SPEED    MM


SKY COVER
  AVERAGE SKY COVER 0.0


WEATHER CONDITIONS
 THE FOLLOWING WEATHER WAS RECORDED YESTERDAY.
  NO SIGNIFICANT WEATHER WAS OBSERVED.


RELATIVE HUMIDITY (PERCENT)
 HIGHEST   100           500 AM
 LOWEST     78          1100 AM
 AVERAGE    89

..........................................................


THE ST. JOHNSBURY VT CLIMATE NORMALS FOR TODAY
                         NORMAL    RECORD    YEAR
 MAXIMUM TEMPERATURE (F)   78        91      1918
 MINIMUM TEMPERATURE (F)   56        38      1957


SUNRISE AND SUNSET
AUGUST 23 2014........SUNRISE   600 AM EDT   SUNSET   740 PM EDT
AUGUST 24 2014........SUNRISE   601 AM EDT   SUNSET   739 PM EDT


-  INDICATES NEGATIVE NUMBERS.
R  INDICATES RECORD WAS SET OR TIED.
MM INDICATES DATA IS MISSING.
T  INDICATES TRACE AMOUNT.




$$
