000
CDUS41 KBTV 160533
CLI1V4


CLIMATE REPORT
NATIONAL WEATHER SERVICE BURLINGTON VT
131 AM EDT MON OCT 16 2017


...................................

...THE ST. JOHNSBURY VT CLIMATE SUMMARY FOR OCTOBER 15 2017...

CLIMATE NORMAL PERIOD 1981 TO 2010
CLIMATE RECORD PERIOD 1894 TO 2017


WEATHER ITEM   OBSERVED TIME   RECORD YEAR NORMAL DEPARTURE LAST
                VALUE   (LST)  VALUE       VALUE  FROM      YEAR
                                                  NORMAL
..................................................................
TEMPERATURE (F)
 YESTERDAY
  MAXIMUM         75        MM  80    1956  58     17       57
  MINIMUM         53        MM  22    1937  37     16       28
  AVERAGE         64                        47     17       43

PRECIPITATION (IN)
  YESTERDAY        0.32          1.54 2010   0.13   0.19     0.00
  MONTH TO DATE    1.55                      1.93  -0.38     0.11
  SINCE SEP 1      4.76                      5.32  -0.56     1.60
  SINCE JAN 1     34.30                     31.08   3.22    29.54

DEGREE DAYS
 HEATING
  YESTERDAY        1                        18    -17       22
  MONTH TO DATE  135                       223    -88      178
  SINCE SEP 1    265                       407   -142      324
  SINCE JUL 1    356                       457   -101      351

 COOLING
  YESTERDAY        0                         0      0        0
  MONTH TO DATE    1                         0      1        0
  SINCE SEP 1     68                        34     34       49
  SINCE JAN 1    330                       432   -102      457
..................................................................


WIND (MPH)
  HIGHEST WIND SPEED    MM   HIGHEST WIND DIRECTION    MM
  HIGHEST GUST SPEED    MM   HIGHEST GUST DIRECTION    MM
  AVERAGE WIND SPEED    MM


SKY COVER
  AVERAGE SKY COVER 0.0


WEATHER CONDITIONS
 THE FOLLOWING WEATHER WAS RECORDED YESTERDAY.
  NO SIGNIFICANT WEATHER WAS OBSERVED.


RELATIVE HUMIDITY (PERCENT)
 HIGHEST   100          1200 AM
 LOWEST     60           300 PM
 AVERAGE    80

..........................................................


THE ST. JOHNSBURY VT CLIMATE NORMALS FOR TODAY
                         NORMAL    RECORD    YEAR
 MAXIMUM TEMPERATURE (F)   58        83      1947
 MINIMUM TEMPERATURE (F)   36        21      1972


SUNRISE AND SUNSET
OCTOBER 16 2017.......SUNRISE   705 AM EDT   SUNSET   602 PM EDT
OCTOBER 17 2017.......SUNRISE   706 AM EDT   SUNSET   600 PM EDT


-  INDICATES NEGATIVE NUMBERS.
R  INDICATES RECORD WAS SET OR TIED.
MM INDICATES DATA IS MISSING.
T  INDICATES TRACE AMOUNT.




$$
