000
CDUS41 KBTV 280527
CLI1V4


CLIMATE REPORT
NATIONAL WEATHER SERVICE BURLINGTON VT
1225 AM EST SUN DEC 28 2014


...................................

...THE ST. JOHNSBURY VT CLIMATE SUMMARY FOR DECEMBER 27 2014...

CLIMATE NORMAL PERIOD 1981 TO 2010
CLIMATE RECORD PERIOD 1894 TO 2014


WEATHER ITEM   OBSERVED TIME   RECORD YEAR NORMAL DEPARTURE LAST
                VALUE   (LST)  VALUE       VALUE  FROM      YEAR
                                                  NORMAL
..................................................................
TEMPERATURE (F)
 YESTERDAY
  MAXIMUM         42        MM  56    1895  29     13       30
  MINIMUM         32        MM -27    1968  10     22       19
  AVERAGE         37                        19     18       25

PRECIPITATION (IN)
  YESTERDAY        0.00          1.75 1969   0.09  -0.09     0.01
  MONTH TO DATE    3.84                      2.72   1.12     3.05
  SINCE DEC 1      3.84                      2.72   1.12     3.05
  SINCE JAN 1     40.27                     39.14   1.13    36.85

DEGREE DAYS
 HEATING
  YESTERDAY       28                        46    -18       40
  MONTH TO DATE  973                      1112   -139     1169
  SINCE DEC 1    973                      1112   -139     1169
  SINCE JUL 1   2625                      2768   -143     2968

 COOLING
  YESTERDAY        0                         0      0        0
  MONTH TO DATE    0                         0      0        0
  SINCE DEC 1      0                         0      0        0
  SINCE JAN 1    252                       433   -181      407
..................................................................


WIND (MPH)
  HIGHEST WIND SPEED    MM   HIGHEST WIND DIRECTION    MM
  HIGHEST GUST SPEED    MM   HIGHEST GUST DIRECTION    MM
  AVERAGE WIND SPEED    MM


SKY COVER
  AVERAGE SKY COVER 0.0


WEATHER CONDITIONS
 THE FOLLOWING WEATHER WAS RECORDED YESTERDAY.
  NO SIGNIFICANT WEATHER WAS OBSERVED.


RELATIVE HUMIDITY (PERCENT)
 HIGHEST    89           900 AM
 LOWEST     62          1200 PM
 AVERAGE    76

..........................................................


THE ST. JOHNSBURY VT CLIMATE NORMALS FOR TODAY
                         NORMAL    RECORD    YEAR
 MAXIMUM TEMPERATURE (F)   28        52      1949
 MINIMUM TEMPERATURE (F)   10       -27      1933


SUNRISE AND SUNSET
DECEMBER 28 2014......SUNRISE   724 AM EST   SUNSET   416 PM EST
DECEMBER 29 2014......SUNRISE   724 AM EST   SUNSET   417 PM EST


-  INDICATES NEGATIVE NUMBERS.
R  INDICATES RECORD WAS SET OR TIED.
MM INDICATES DATA IS MISSING.
T  INDICATES TRACE AMOUNT.




$$
