000
CDUS41 KBTV 250540
CLI1V4


CLIMATE REPORT
NATIONAL WEATHER SERVICE BURLINGTON VT
137 AM EDT MON JUL 25 2016


...................................

...THE ST. JOHNSBURY VT CLIMATE SUMMARY FOR JULY 24 2016...

CLIMATE NORMAL PERIOD 1981 TO 2010
CLIMATE RECORD PERIOD 1894 TO 2016


WEATHER ITEM   OBSERVED TIME   RECORD YEAR NORMAL DEPARTURE LAST
                VALUE   (LST)  VALUE       VALUE  FROM      YEAR
                                                  NORMAL
..................................................................
TEMPERATURE (F)
 YESTERDAY
  MAXIMUM         78        MM  95    1952  81     -3       71
  MINIMUM         60        MM  40    1912  59      1       54
  AVERAGE         69                        70     -1       63

PRECIPITATION (IN)
  YESTERDAY        0.00          2.10 2003   0.14  -0.14     0.29
  MONTH TO DATE    5.11                      3.12   1.99     5.20
  SINCE JUN 1      9.74                      7.13   2.61    12.90
  SINCE JAN 1     22.32                     20.54   1.78    24.27

DEGREE DAYS
 HEATING
  YESTERDAY        0                         0      0        2
  MONTH TO DATE   16                        10      6       29
  SINCE JUN 1    107                        82     25      138
  SINCE JUL 1     16                        10      6       29

 COOLING
  YESTERDAY        4                         5     -1        0
  MONTH TO DATE  117                       135    -18       86
  SINCE JUN 1    178                       225    -47      119
  SINCE JAN 1    221                       243    -22      157
..................................................................


WIND (MPH)
  HIGHEST WIND SPEED    MM   HIGHEST WIND DIRECTION    MM
  HIGHEST GUST SPEED    MM   HIGHEST GUST DIRECTION    MM
  AVERAGE WIND SPEED    MM


SKY COVER
  AVERAGE SKY COVER 0.0


WEATHER CONDITIONS
 THE FOLLOWING WEATHER WAS RECORDED YESTERDAY.
  NO SIGNIFICANT WEATHER WAS OBSERVED.


RELATIVE HUMIDITY (PERCENT)
 HIGHEST    97          1200 AM
 LOWEST     47           200 PM
 AVERAGE    72

..........................................................


THE ST. JOHNSBURY VT CLIMATE NORMALS FOR TODAY
                         NORMAL    RECORD    YEAR
 MAXIMUM TEMPERATURE (F)   81        96      1963
 MINIMUM TEMPERATURE (F)   59        41      1912


SUNRISE AND SUNSET
JULY 25 2016..........SUNRISE   528 AM EDT   SUNSET   821 PM EDT
JULY 26 2016..........SUNRISE   529 AM EDT   SUNSET   819 PM EDT


-  INDICATES NEGATIVE NUMBERS.
R  INDICATES RECORD WAS SET OR TIED.
MM INDICATES DATA IS MISSING.
T  INDICATES TRACE AMOUNT.




$$
