305
CDUS41 KBTV 200523
CLI1V4


CLIMATE REPORT
NATIONAL WEATHER SERVICE BURLINGTON VT
120 AM EDT SUN AUG 20 2017


...................................

...THE ST. JOHNSBURY VT CLIMATE SUMMARY FOR AUGUST 19 2017...

CLIMATE NORMAL PERIOD 1981 TO 2010
CLIMATE RECORD PERIOD 1894 TO 2017


WEATHER ITEM   OBSERVED TIME   RECORD YEAR NORMAL DEPARTURE LAST
                VALUE   (LST)  VALUE       VALUE  FROM      YEAR
                                                  NORMAL
..................................................................
TEMPERATURE (F)
 YESTERDAY
  MAXIMUM         81        MM  96    1906  79      2       81
  MINIMUM         63        MM  38    1918  57      6       57
  AVERAGE         72                        68      4       69

PRECIPITATION (IN)
  YESTERDAY        0.00          0.80 1911   0.14  -0.14     0.00
  MONTH TO DATE    2.09                      2.89  -0.80     3.53
  SINCE JUN 1     12.20                     11.02   1.18    13.35
  SINCE JAN 1     29.10                     24.43   4.67    25.93

DEGREE DAYS
 HEATING
  YESTERDAY        0                         1     -1        0
  MONTH TO DATE   12                        18     -6        3
  SINCE JUN 1    142                       105     37      110
  SINCE JUL 1     37                        33      4       19

 COOLING
  YESTERDAY        7                         4      3        4
  MONTH TO DATE   53                        84    -31      105
  SINCE JUN 1    235                       343   -108      324
  SINCE JAN 1    248                       361   -113      367
..................................................................


WIND (MPH)
  HIGHEST WIND SPEED    MM   HIGHEST WIND DIRECTION    MM
  HIGHEST GUST SPEED    MM   HIGHEST GUST DIRECTION    MM
  AVERAGE WIND SPEED    MM


SKY COVER
  AVERAGE SKY COVER 0.0


WEATHER CONDITIONS
 THE FOLLOWING WEATHER WAS RECORDED YESTERDAY.
  NO SIGNIFICANT WEATHER WAS OBSERVED.


RELATIVE HUMIDITY (PERCENT)
 HIGHEST   100          1200 AM
 LOWEST     67           500 PM
 AVERAGE    84

..........................................................


THE ST. JOHNSBURY VT CLIMATE NORMALS FOR TODAY
                         NORMAL    RECORD    YEAR
 MAXIMUM TEMPERATURE (F)   78        95      1916
 MINIMUM TEMPERATURE (F)   57        39      1923


SUNRISE AND SUNSET
AUGUST 20 2017........SUNRISE   557 AM EDT   SUNSET   745 PM EDT
AUGUST 21 2017........SUNRISE   558 AM EDT   SUNSET   743 PM EDT


-  INDICATES NEGATIVE NUMBERS.
R  INDICATES RECORD WAS SET OR TIED.
MM INDICATES DATA IS MISSING.
T  INDICATES TRACE AMOUNT.




$$
