000
CDUS41 KBTV 030531
CLI1V4


CLIMATE REPORT
NATIONAL WEATHER SERVICE BURLINGTON VT
1228 AM EST SAT DEC 3 2016


...................................

...THE ST. JOHNSBURY VT CLIMATE SUMMARY FOR DECEMBER 2 2016...

CLIMATE NORMAL PERIOD 1981 TO 2010
CLIMATE RECORD PERIOD 1894 TO 2016


WEATHER ITEM   OBSERVED TIME   RECORD YEAR NORMAL DEPARTURE LAST
                VALUE   (LST)  VALUE       VALUE  FROM      YEAR
                                                  NORMAL
..................................................................
TEMPERATURE (F)
 YESTERDAY
  MAXIMUM         46        MM  57    1970  37      9       40
  MINIMUM         35        MM -12    1989  21     14       35
  AVERAGE         41                        29     12       38

PRECIPITATION (IN)
  YESTERDAY        0.07          1.23 1996   0.10  -0.03     0.72
  MONTH TO DATE    0.48                      0.21   0.27     1.19
  SINCE DEC 1      0.48                      0.21   0.27     1.19
  SINCE JAN 1     36.58                     36.63  -0.05    38.62

DEGREE DAYS
 HEATING
  YESTERDAY       24                        36    -12       27
  MONTH TO DATE   45                        72    -27       67
  SINCE DEC 1     45                        72    -27       67
  SINCE JUL 1   1505                      1728   -223     1544

 COOLING
  YESTERDAY        0                         0      0        0
  MONTH TO DATE    0                         0      0        0
  SINCE DEC 1      0                         0      0        0
  SINCE JAN 1    457                       433     24      440
..................................................................


WIND (MPH)
  HIGHEST WIND SPEED    MM   HIGHEST WIND DIRECTION    MM
  HIGHEST GUST SPEED    MM   HIGHEST GUST DIRECTION    MM
  AVERAGE WIND SPEED    MM


SKY COVER
  AVERAGE SKY COVER 0.0


WEATHER CONDITIONS
 THE FOLLOWING WEATHER WAS RECORDED YESTERDAY.
  NO SIGNIFICANT WEATHER WAS OBSERVED.


RELATIVE HUMIDITY (PERCENT)
 HIGHEST    92           200 AM
 LOWEST     65          1200 PM
 AVERAGE    79

..........................................................


THE ST. JOHNSBURY VT CLIMATE NORMALS FOR TODAY
                         NORMAL    RECORD    YEAR
 MAXIMUM TEMPERATURE (F)   36        54      2009
                                             1970
                                             1932
 MINIMUM TEMPERATURE (F)   21        -8      1978
                                             1976


SUNRISE AND SUNSET
DECEMBER  3 2016......SUNRISE   707 AM EST   SUNSET   409 PM EST
DECEMBER  4 2016......SUNRISE   708 AM EST   SUNSET   409 PM EST


-  INDICATES NEGATIVE NUMBERS.
R  INDICATES RECORD WAS SET OR TIED.
MM INDICATES DATA IS MISSING.
T  INDICATES TRACE AMOUNT.




$$
