000
CDUS43 KUNR 220835
CLI2WX


CLIMATE REPORT
NATIONAL WEATHER SERVICE RAPID CITY SD
235 AM MDT SAT JUL 22 2017


...................................

...THE BUFFALO SD CLIMATE SUMMARY FOR JULY 21 2017...

CLIMATE NORMAL PERIOD 1981 TO 2010
CLIMATE RECORD PERIOD 9999 TO 9999


WEATHER ITEM   OBSERVED TIME   NORMAL DEPARTURE LAST
                VALUE   (LST)  VALUE  FROM      YEAR
                                      NORMAL
......................................................
TEMPERATURE (F)
 YESTERDAY
  MAXIMUM         92    351 PM  86      6      101
  MINIMUM         65   1019 PM  58      7       68
  AVERAGE         79            72      7       85

PRECIPITATION (IN)
  YESTERDAY        0.00          0.06  -0.06     0.00
  MONTH TO DATE    1.82          1.44   0.38     0.22
  SINCE JUN 1      2.69          4.07  -1.38     0.87
  SINCE JAN 1      9.36         10.11  -0.75     4.63

DEGREE DAYS
 HEATING
  YESTERDAY        0             1     -1        0
  MONTH TO DATE    0            21    -21        0
  SINCE JUN 1     33           135   -102        9
  SINCE JUL 1      0            21    -21        0

 COOLING
  YESTERDAY       14             8      6       20
  MONTH TO DATE  283           129    154      195
  SINCE JUN 1    380           191    189      377
  SINCE JAN 1    393           197    196      379
......................................................


WIND (MPH)
  HIGHEST WIND SPEED    26   HIGHEST WIND DIRECTION    NW (320)
  HIGHEST GUST SPEED    33   HIGHEST GUST DIRECTION    NW (320)
  AVERAGE WIND SPEED    13.7




RELATIVE HUMIDITY (PERCENT)
 HIGHEST    93           400 AM
 LOWEST     15           500 PM
 AVERAGE    54

..........................................................




SUNRISE AND SUNSET
JULY 22 2017..........SUNRISE   527 AM MDT   SUNSET   834 PM MDT
JULY 23 2017..........SUNRISE   528 AM MDT   SUNSET   833 PM MDT


-  INDICATES NEGATIVE NUMBERS.
R  INDICATES RECORD WAS SET OR TIED.
MM INDICATES DATA IS MISSING.
T  INDICATES TRACE AMOUNT.




$$
