000
CDUS43 KUNR 300841
CLI2WX


CLIMATE REPORT
NATIONAL WEATHER SERVICE RAPID CITY SD
138 AM MST FRI JAN 30 2015


...................................

...THE BUFFALO SD CLIMATE SUMMARY FOR JANUARY 29 2015...

CLIMATE NORMAL PERIOD 1981 TO 2010
CLIMATE RECORD PERIOD 9999 TO 9999


WEATHER ITEM   OBSERVED TIME   NORMAL DEPARTURE LAST
                VALUE   (LST)  VALUE  FROM      YEAR
                                      NORMAL
......................................................
TEMPERATURE (F)
 YESTERDAY
  MAXIMUM         44    351 PM  31     13       44
  MINIMUM         21    657 AM  11     10       13
  AVERAGE         33            21     12       29

PRECIPITATION (IN)
  YESTERDAY        0.00          0.01  -0.01     0.17
  MONTH TO DATE    0.27          0.28  -0.01     0.19
  SINCE DEC 1      0.43          0.57  -0.14     1.35
  SINCE JAN 1      0.27          0.28  -0.01     0.19

DEGREE DAYS
 HEATING
  YESTERDAY       32            44    -12       36
  MONTH TO DATE 1135          1293   -158     1211
  SINCE DEC 1   2320          2655   -335     2757
  SINCE JUL 1   4241          4553   -312     4547

 COOLING
  YESTERDAY        0             0      0        0
  MONTH TO DATE    0             0      0        0
  SINCE DEC 1      0             0      0        0
  SINCE JAN 1      0             0      0        0
......................................................


WIND (MPH)
  HIGHEST WIND SPEED    32   HIGHEST WIND DIRECTION    NW (320)
  HIGHEST GUST SPEED    38   HIGHEST GUST DIRECTION    NW (330)
  AVERAGE WIND SPEED    11.4




RELATIVE HUMIDITY (PERCENT)
 HIGHEST    92           700 AM
 LOWEST     20           300 PM
 AVERAGE    56

..........................................................




SUNRISE AND SUNSET
JANUARY 30 2015.......SUNRISE   718 AM MST   SUNSET   457 PM MST
JANUARY 31 2015.......SUNRISE   717 AM MST   SUNSET   459 PM MST


-  INDICATES NEGATIVE NUMBERS.
R  INDICATES RECORD WAS SET OR TIED.
MM INDICATES DATA IS MISSING.
T  INDICATES TRACE AMOUNT.




$$
