000
CDUS43 KUNR 140832
CLI2WX


CLIMATE REPORT
NATIONAL WEATHER SERVICE RAPID CITY SD
131 AM MST THU DEC 14 2017


...................................

...THE BUFFALO SD CLIMATE SUMMARY FOR DECEMBER 13 2017...

CLIMATE NORMAL PERIOD 1981 TO 2010
CLIMATE RECORD PERIOD 9999 TO 9999


WEATHER ITEM   OBSERVED TIME   NORMAL DEPARTURE LAST
                VALUE   (LST)  VALUE  FROM      YEAR
                                      NORMAL
......................................................
TEMPERATURE (F)
 YESTERDAY
  MAXIMUM         46   1206 AM  31     15       17
  MINIMUM         32    730 PM  11     21       -1
  AVERAGE         39            21     18        8

PRECIPITATION (IN)
  YESTERDAY        0.00          0.01  -0.01     0.00
  MONTH TO DATE    0.05          0.08  -0.03     0.09
  SINCE DEC 1      0.05          0.08  -0.03     0.09
  SINCE JAN 1     14.56         14.31   0.25    10.07

DEGREE DAYS
 HEATING
  YESTERDAY       26            44    -18       57
  MONTH TO DATE  401           555   -154      675
  SINCE DEC 1    401           555   -154      675
  SINCE JUL 1   2069          2453   -384     1965

 COOLING
  YESTERDAY        0             0      0        0
  MONTH TO DATE    0             0      0        0
  SINCE DEC 1      0             0      0        0
  SINCE JAN 1    743           513    230      734
......................................................


WIND (MPH)
  HIGHEST WIND SPEED    40   HIGHEST WIND DIRECTION    NW (310)
  HIGHEST GUST SPEED    49   HIGHEST GUST DIRECTION    NW (310)
  AVERAGE WIND SPEED    22.2




RELATIVE HUMIDITY (PERCENT)
 HIGHEST    82          1000 PM
 LOWEST     37          1200 AM
 AVERAGE    60

..........................................................




SUNRISE AND SUNSET
DECEMBER 14 2017......SUNRISE   727 AM MST   SUNSET   411 PM MST
DECEMBER 15 2017......SUNRISE   728 AM MST   SUNSET   411 PM MST


-  INDICATES NEGATIVE NUMBERS.
R  INDICATES RECORD WAS SET OR TIED.
MM INDICATES DATA IS MISSING.
T  INDICATES TRACE AMOUNT.




$$
