000
CDUS43 KUNR 300832
CLI2WX


CLIMATE REPORT
NATIONAL WEATHER SERVICE RAPID CITY SD
231 AM MDT TUE MAY 30 2017


...................................

...THE BUFFALO SD CLIMATE SUMMARY FOR MAY 29 2017...

CLIMATE NORMAL PERIOD 1981 TO 2010
CLIMATE RECORD PERIOD 9999 TO 9999


WEATHER ITEM   OBSERVED TIME   NORMAL DEPARTURE LAST
                VALUE   (LST)  VALUE  FROM      YEAR
                                      NORMAL
......................................................
TEMPERATURE (F)
 YESTERDAY
  MAXIMUM         68    403 PM  69     -1       78
  MINIMUM         40    126 AM  46     -6       44
  AVERAGE         54            58     -4       61

PRECIPITATION (IN)
  YESTERDAY        0.00          0.15  -0.15     0.01
  MONTH TO DATE    1.66          2.83  -1.17     0.58
  SINCE MAR 1      6.37          5.15   1.22     2.98
  SINCE JAN 1      6.67          5.72   0.95     3.64

DEGREE DAYS
 HEATING
  YESTERDAY       11             8      3        4
  MONTH TO DATE  283           347    -64      278
  SINCE MAR 1   1700          2003   -303     1577
  SINCE JUL 1   7051          7800   -749     6355

 COOLING
  YESTERDAY        0             0      0        0
  MONTH TO DATE   13             0     13        2
  SINCE MAR 1     13             0     13        2
  SINCE JAN 1     13             0     13        2
......................................................


WIND (MPH)
  HIGHEST WIND SPEED    32   HIGHEST WIND DIRECTION    NW (310)
  HIGHEST GUST SPEED    40   HIGHEST GUST DIRECTION    NW (310)
  AVERAGE WIND SPEED    16.9




RELATIVE HUMIDITY (PERCENT)
 HIGHEST    76           500 AM
 LOWEST     26           300 PM
 AVERAGE    51

..........................................................




SUNRISE AND SUNSET
MAY 30 2017...........SUNRISE   510 AM MDT   SUNSET   835 PM MDT
MAY 31 2017...........SUNRISE   509 AM MDT   SUNSET   835 PM MDT


-  INDICATES NEGATIVE NUMBERS.
R  INDICATES RECORD WAS SET OR TIED.
MM INDICATES DATA IS MISSING.
T  INDICATES TRACE AMOUNT.




$$
