000
CDUS43 KUNR 300835
CLI2WX


CLIMATE REPORT
NATIONAL WEATHER SERVICE RAPID CITY SD
233 AM MDT TUE JUN 30 2015


...................................

...THE BUFFALO SD CLIMATE SUMMARY FOR JUNE 29 2015...

CLIMATE NORMAL PERIOD 1981 TO 2010
CLIMATE RECORD PERIOD 9999 TO 9999


WEATHER ITEM   OBSERVED TIME   NORMAL DEPARTURE LAST
                VALUE   (LST)  VALUE  FROM      YEAR
                                      NORMAL
......................................................
TEMPERATURE (F)
 YESTERDAY
  MAXIMUM         94    316 PM  81     13       75
  MINIMUM         62    511 AM  55      7       51
  AVERAGE         78            68     10       63

PRECIPITATION (IN)
  YESTERDAY        0.00          0.06  -0.06     0.00
  MONTH TO DATE    2.73          2.57   0.16     5.47
  SINCE JUN 1      2.73          2.57   0.16     5.47
  SINCE JAN 1      7.29          8.61  -1.32     9.81

DEGREE DAYS
 HEATING
  YESTERDAY        0             2     -2        2
  MONTH TO DATE   43           115    -72      132
  SINCE JUN 1     43           115    -72      132
  SINCE JUL 1   7217          7929   -712     8336

 COOLING
  YESTERDAY       13             4      9        0
  MONTH TO DATE   82            59     23       16
  SINCE JUN 1     82            59     23       16
  SINCE JAN 1     82            65     17       46
......................................................


WIND (MPH)
  HIGHEST WIND SPEED    18   HIGHEST WIND DIRECTION     W (290)
  HIGHEST GUST SPEED    21   HIGHEST GUST DIRECTION     W (290)
  AVERAGE WIND SPEED     6.1




RELATIVE HUMIDITY (PERCENT)
 HIGHEST    78           200 AM
 LOWEST     28           300 PM
 AVERAGE    53

..........................................................




SUNRISE AND SUNSET
JUNE 30 2015..........SUNRISE   508 AM MDT   SUNSET   847 PM MDT
JULY  1 2015..........SUNRISE   509 AM MDT   SUNSET   847 PM MDT


-  INDICATES NEGATIVE NUMBERS.
R  INDICATES RECORD WAS SET OR TIED.
MM INDICATES DATA IS MISSING.
T  INDICATES TRACE AMOUNT.




$$
