000
CDUS43 KUNR 210833
CLI2WX


CLIMATE REPORT
NATIONAL WEATHER SERVICE RAPID CITY SD
231 AM MDT SUN SEP 21 2014


...................................

...THE BUFFALO SD CLIMATE SUMMARY FOR SEPTEMBER 20 2014...

CLIMATE NORMAL PERIOD 1981 TO 2010
CLIMATE RECORD PERIOD 9999 TO 9999


WEATHER ITEM   OBSERVED TIME   RECORD YEAR NORMAL DEPARTURE LAST
                VALUE   (LST)  VALUE       VALUE  FROM      YEAR
                                                  NORMAL
..................................................................
TEMPERATURE (F)
 YESTERDAY
  MAXIMUM         75    141 PM              70      5       71
  MINIMUM         48   1159 PM              42      6       39
  AVERAGE         62                        56      6       55

PRECIPITATION (IN)
  YESTERDAY        0.00         MM      MM   0.04  -0.04     0.00
  MONTH TO DATE    0.33                      0.84  -0.51     1.84
  SINCE SEP 1      0.33                      0.84  -0.51     1.84
  SINCE JAN 1     14.70                     12.98   1.72    11.32

DEGREE DAYS
 HEATING
  YESTERDAY        3                         9     -6       10
  MONTH TO DATE  179                       120     59       38
  SINCE SEP 1    179                       120     59       38
  SINCE JUL 1    230                       172     58       50

 COOLING
  YESTERDAY        0                         1     -1        0
  MONTH TO DATE   14                        40    -26       96
  SINCE SEP 1     14                        40    -26       96
  SINCE JAN 1    379                       511   -132      583
..................................................................


WIND (MPH)
  HIGHEST WIND SPEED    36   HIGHEST WIND DIRECTION    NW (330)
  HIGHEST GUST SPEED    43   HIGHEST GUST DIRECTION    NW (320)
  AVERAGE WIND SPEED    19.3




RELATIVE HUMIDITY (PERCENT)
 HIGHEST    77          1200 AM
 LOWEST     25           300 PM
 AVERAGE    51

..........................................................




SUNRISE AND SUNSET
SEPTEMBER 21 2014.....SUNRISE   640 AM MDT   SUNSET   654 PM MDT
SEPTEMBER 22 2014.....SUNRISE   641 AM MDT   SUNSET   652 PM MDT


-  INDICATES NEGATIVE NUMBERS.
R  INDICATES RECORD WAS SET OR TIED.
MM INDICATES DATA IS MISSING.
T  INDICATES TRACE AMOUNT.




$$
