515
CDUS43 KUNR 310830
CLI2WX


CLIMATE REPORT
NATIONAL WEATHER SERVICE RAPID CITY SD
230 AM MDT WED AUG 31 2016


...................................

...THE BUFFALO SD CLIMATE SUMMARY FOR AUGUST 30 2016...

CLIMATE NORMAL PERIOD 1981 TO 2010
CLIMATE RECORD PERIOD 9999 TO 9999


WEATHER ITEM   OBSERVED TIME   NORMAL DEPARTURE LAST
                VALUE   (LST)  VALUE  FROM      YEAR
                                      NORMAL
......................................................
TEMPERATURE (F)
 YESTERDAY
  MAXIMUM         86    411 PM  81      5       95
  MINIMUM         59    334 AM  52      7       64
  AVERAGE         73            66      7       80

PRECIPITATION (IN)
  YESTERDAY        0.00          0.05  -0.05     0.00
  MONTH TO DATE    1.07          1.35  -0.28     3.22
  SINCE JUN 1      3.92          6.04  -2.12     6.16
  SINCE JAN 1      7.68         12.08  -4.40    10.72

DEGREE DAYS
 HEATING
  YESTERDAY        0             3     -3        0
  MONTH TO DATE   30            31     -1       41
  SINCE JUN 1     39           165   -126       90
  SINCE JUL 1     30            51    -21       47

 COOLING
  YESTERDAY        8             4      4       15
  MONTH TO DATE  198           194      4      210
  SINCE JUN 1    680           463    217      535
  SINCE JAN 1    682           469    213      535
......................................................


WIND (MPH)
  HIGHEST WIND SPEED    22   HIGHEST WIND DIRECTION    SE (150)
  HIGHEST GUST SPEED    26   HIGHEST GUST DIRECTION    SE (150)
  AVERAGE WIND SPEED    12.2




RELATIVE HUMIDITY (PERCENT)
 HIGHEST    93           700 AM
 LOWEST     37           400 PM
 AVERAGE    65

..........................................................




SUNRISE AND SUNSET
AUGUST 31 2016........SUNRISE   615 AM MDT   SUNSET   733 PM MDT
SEPTEMBER  1 2016.....SUNRISE   616 AM MDT   SUNSET   731 PM MDT


-  INDICATES NEGATIVE NUMBERS.
R  INDICATES RECORD WAS SET OR TIED.
MM INDICATES DATA IS MISSING.
T  INDICATES TRACE AMOUNT.




$$
