530
CDUS43 KUNR 300833
CLI2WX


CLIMATE REPORT
NATIONAL WEATHER SERVICE RAPID CITY SD
232 AM MDT SAT APR 30 2016


...................................

...THE BUFFALO SD CLIMATE SUMMARY FOR APRIL 29 2016...

CLIMATE NORMAL PERIOD 1981 TO 2010
CLIMATE RECORD PERIOD 9999 TO 9999


WEATHER ITEM   OBSERVED TIME   NORMAL DEPARTURE LAST
                VALUE   (LST)  VALUE  FROM      YEAR
                                      NORMAL
......................................................
TEMPERATURE (F)
 YESTERDAY
  MAXIMUM         51    532 PM  61    -10       76
  MINIMUM         37    627 AM  36      1       41
  AVERAGE         44            48     -4       59

PRECIPITATION (IN)
  YESTERDAY        0.00          0.08  -0.08     0.00
  MONTH TO DATE    2.15          1.46   0.69     0.84
  SINCE MAR 1      2.40          2.23   0.17     1.25
  SINCE JAN 1      3.06          2.80   0.26     1.72

DEGREE DAYS
 HEATING
  YESTERDAY       21            17      4        6
  MONTH TO DATE  541           634    -93      574
  SINCE MAR 1   1282          1640   -358     1291
  SINCE JUL 1   6060          7437  -1377     6749

 COOLING
  YESTERDAY        0             0      0        0
  MONTH TO DATE    0             0      0        0
  SINCE MAR 1      0             0      0        0
  SINCE JAN 1      0             0      0        0
......................................................


WIND (MPH)
  HIGHEST WIND SPEED    18   HIGHEST WIND DIRECTION     E (110)
  HIGHEST GUST SPEED    23   HIGHEST GUST DIRECTION    SE (130)
  AVERAGE WIND SPEED     7.7




RELATIVE HUMIDITY (PERCENT)
 HIGHEST    92           200 AM
 LOWEST     48           400 PM
 AVERAGE    70

..........................................................




SUNRISE AND SUNSET
APRIL 30 2016.........SUNRISE   543 AM MDT   SUNSET   801 PM MDT
MAY  1 2016...........SUNRISE   541 AM MDT   SUNSET   802 PM MDT


-  INDICATES NEGATIVE NUMBERS.
R  INDICATES RECORD WAS SET OR TIED.
MM INDICATES DATA IS MISSING.
T  INDICATES TRACE AMOUNT.




$$
