000
CDUS43 KABR 261442
CLI8D3


CLIMATE REPORT
NATIONAL WEATHER SERVICE ABERDEEN SD
842 AM CST SUN FEB 26 2017


...................................

...THE SISSETON SD CLIMATE SUMMARY FOR FEBRUARY 25 2017...

CLIMATE NORMAL PERIOD 1981 TO 2010
CLIMATE RECORD PERIOD 1900 TO 2017


WEATHER ITEM   OBSERVED TIME   RECORD YEAR NORMAL DEPARTURE LAST
                VALUE   (LST)  VALUE       VALUE  FROM      YEAR
                                                  NORMAL
..................................................................
TEMPERATURE (F)
 YESTERDAY
  MAXIMUM         39    424 PM  68    1958  31      8       32
  MINIMUM         13    618 AM -15    1980  13      0       22
                                      1934
  AVERAGE         26                        22      4       27

PRECIPITATION (IN)
  YESTERDAY        0.01          0.60 2000   0.02  -0.01     0.00
  MONTH TO DATE    0.18                      0.36  -0.18     0.89
  SINCE DEC 1      2.39                      1.18   1.21     2.24
  SINCE JAN 1      0.97                      0.79   0.18     1.17

SNOWFALL (IN)
  YESTERDAY        T
  MONTH TO DATE    0.5
  SINCE OCT 1     23.8
  SINCE JUL 1     23.8
  SNOW DEPTH       0

DEGREE DAYS
 HEATING
  YESTERDAY       39                        43     -4       38
  MONTH TO DATE  903                      1186   -283     1053
  SINCE DEC 1   3866                      4281   -415     3790
  SINCE JUL 1   5147                      6132   -985     5186

 COOLING
  YESTERDAY        0                         0      0        0
  MONTH TO DATE    0                         0      0        0
  SINCE DEC 1      0                         0      0        0
  SINCE JAN 1      0                         0      0        0
..................................................................


WIND (MPH)
  HIGHEST WIND SPEED    21   HIGHEST WIND DIRECTION     W (270)
  HIGHEST GUST SPEED    26   HIGHEST GUST DIRECTION     W (250)
  AVERAGE WIND SPEED     9.6


SKY COVER
  POSSIBLE SUNSHINE  MM
  AVERAGE SKY COVER 0.0


WEATHER CONDITIONS
 THE FOLLOWING WEATHER WAS RECORDED YESTERDAY.
  LIGHT SNOW


RELATIVE HUMIDITY (PERCENT)
 HIGHEST   100          1100 PM
 LOWEST     44           400 PM
 AVERAGE    72

..........................................................


THE SISSETON SD CLIMATE NORMALS FOR TODAY
                         NORMAL    RECORD    YEAR
 MAXIMUM TEMPERATURE (F)   31        61      1958
 MINIMUM TEMPERATURE (F)   13       -21      1934


SUNRISE AND SUNSET
FEBRUARY 26 2017......SUNRISE   711 AM CST   SUNSET   611 PM CST
FEBRUARY 27 2017......SUNRISE   709 AM CST   SUNSET   612 PM CST


-  INDICATES NEGATIVE NUMBERS.
R  INDICATES RECORD WAS SET OR TIED.
MM INDICATES DATA IS MISSING.
T  INDICATES TRACE AMOUNT.




$$
