000
CDUS43 KABR 051031
CLI8D3


CLIMATE REPORT
NATIONAL WEATHER SERVICE ABERDEEN SD
531 AM CDT THU MAY 5 2016


...................................

...THE SISSETON SD CLIMATE SUMMARY FOR MAY 4 2016...

CLIMATE NORMAL PERIOD 1981 TO 2010
CLIMATE RECORD PERIOD 1900 TO 2016


WEATHER ITEM   OBSERVED TIME   RECORD YEAR NORMAL DEPARTURE LAST
                VALUE   (LST)  VALUE       VALUE  FROM      YEAR
                                                  NORMAL
..................................................................
TEMPERATURE (F)
 YESTERDAY
  MAXIMUM         71    531 PM  91    1952  66      5       72
  MINIMUM         40    542 AM  25    1944  41     -1       37
  AVERAGE         56                        53      3       55

PRECIPITATION (IN)
  YESTERDAY        0.00          1.21 1901   0.09  -0.09     0.00
  MONTH TO DATE    0.00                      0.35  -0.35     0.01
  SINCE MAR 1      3.00                      3.75  -0.75     1.59
  SINCE JAN 1      4.17                      4.61  -0.44     2.47

DEGREE DAYS
 HEATING
  YESTERDAY        9                        12     -3       10
  MONTH TO DATE   44                        51     -7       20
  SINCE MAR 1   1454                      1751   -297     1456
  SINCE JUL 1   6755                      8010  -1255     7725

 COOLING
  YESTERDAY        0                         0      0        0
  MONTH TO DATE    0                         0      0        2
  SINCE MAR 1      0                         1     -1        2
  SINCE JAN 1      0                         1     -1        2
..................................................................


WIND (MPH)
  HIGHEST WIND SPEED    22   HIGHEST WIND DIRECTION     N (350)
  HIGHEST GUST SPEED    26   HIGHEST GUST DIRECTION     N (340)
  AVERAGE WIND SPEED     9.9


SKY COVER
  POSSIBLE SUNSHINE  MM
  AVERAGE SKY COVER 0.0


WEATHER CONDITIONS
 THE FOLLOWING WEATHER WAS RECORDED YESTERDAY.
  NO SIGNIFICANT WEATHER WAS OBSERVED.


RELATIVE HUMIDITY (PERCENT)
 HIGHEST    70           500 AM
 LOWEST     18           500 PM
 AVERAGE    44

..........................................................


THE SISSETON SD CLIMATE NORMALS FOR TODAY
                         NORMAL    RECORD    YEAR
 MAXIMUM TEMPERATURE (F)   66        93      2000
 MINIMUM TEMPERATURE (F)   41        26      1944


SUNRISE AND SUNSET
MAY  5 2016...........SUNRISE   609 AM CDT   SUNSET   841 PM CDT
MAY  6 2016...........SUNRISE   608 AM CDT   SUNSET   842 PM CDT


-  INDICATES NEGATIVE NUMBERS.
R  INDICATES RECORD WAS SET OR TIED.
MM INDICATES DATA IS MISSING.
T  INDICATES TRACE AMOUNT.




$$
