000
CDUS43 KABR 232234
CLI8D3


CLIMATE REPORT
NATIONAL WEATHER SERVICE ABERDEEN SD
532 PM CDT SAT MAY 23 2015


...................................

...THE SISSETON SD CLIMATE SUMMARY FOR MAY 23 2015...
VALID TODAY AS OF 0500 PM LOCAL TIME.

CLIMATE NORMAL PERIOD 1981 TO 2010
CLIMATE RECORD PERIOD 1900 TO 2015


WEATHER ITEM   OBSERVED TIME   RECORD YEAR NORMAL DEPARTURE LAST
                VALUE   (LST)  VALUE       VALUE  FROM      YEAR
                                                  NORMAL
..................................................................
TEMPERATURE (F)
 TODAY
  MAXIMUM         71    200 PM  89    2006  72     -1       85
  MINIMUM         48        MM  30    2002  48              52
  AVERAGE         60                        60      0       69

PRECIPITATION (IN)
  TODAY            0.00          1.83 1962   0.08  -0.08     0.00
  MONTH TO DATE    3.41                      2.02   1.39     1.53
  SINCE MAR 1      4.99                      5.42  -0.43     5.55
  SINCE JAN 1      5.87                      6.28  -0.41     6.17

DEGREE DAYS
 COOLING
  TODAY            0                         1     -1        4
  MONTH TO DATE    2                        14    -12        4
  SINCE MAR 1      2                        15    -13        4
  SINCE JAN 1      2                        15    -13        4
..................................................................


WIND (MPH)
  HIGHEST WIND SPEED    17   HIGHEST WIND DIRECTION     W (280)
  HIGHEST GUST SPEED    23   HIGHEST GUST DIRECTION     W (260)
  AVERAGE WIND SPEED    10.3


SKY COVER
  POSSIBLE SUNSHINE  MM
  AVERAGE SKY COVER 0.0


WEATHER CONDITIONS
 THE FOLLOWING WEATHER WAS RECORDED TODAY.
  NO SIGNIFICANT WEATHER WAS OBSERVED.


RELATIVE HUMIDITY (PERCENT)
 HIGHEST    74           600 AM
 LOWEST     37           100 PM
 AVERAGE    56

..........................................................


THE SISSETON SD CLIMATE NORMALS FOR TOMORROW
                         NORMAL    RECORD    YEAR
 MAXIMUM TEMPERATURE (F)   72        90      2010
 MINIMUM TEMPERATURE (F)   48        26      2002


SUNRISE AND SUNSET
MAY 23 2015...........SUNRISE   549 AM CDT   SUNSET   901 PM CDT
MAY 24 2015...........SUNRISE   548 AM CDT   SUNSET   902 PM CDT


-  INDICATES NEGATIVE NUMBERS.
R  INDICATES RECORD WAS SET OR TIED.
MM INDICATES DATA IS MISSING.
T  INDICATES TRACE AMOUNT.




$$
