781
CDUS43 KABR 252233
CLI8D3


CLIMATE REPORT
NATIONAL WEATHER SERVICE ABERDEEN SD
532 PM CDT MON SEP 25 2017


...................................

...THE SISSETON SD CLIMATE SUMMARY FOR SEPTEMBER 25 2017...
VALID TODAY AS OF 0500 PM LOCAL TIME.

CLIMATE NORMAL PERIOD 1981 TO 2010
CLIMATE RECORD PERIOD 1900 TO 2017


WEATHER ITEM   OBSERVED TIME   RECORD YEAR NORMAL DEPARTURE LAST
                VALUE   (LST)  VALUE       VALUE  FROM      YEAR
                                                  NORMAL
..................................................................
TEMPERATURE (F)
 TODAY
  MAXIMUM         55   1134 AM  90    1938  68    -13       66
  MINIMUM         50    727 AM  30    1982  43              53
  AVERAGE         53                        56     -3       60

PRECIPITATION (IN)
  TODAY            0.00          1.90 1996   0.09  -0.09     0.00
  MONTH TO DATE    3.72                      2.10   1.62     2.20
  SINCE SEP 1      3.72                      2.10   1.62     2.20
  SINCE JAN 1     16.44                     18.84  -2.40    17.64

DEGREE DAYS
 HEATING
  TODAY           12                        10      2        5
  MONTH TO DATE   90                       148    -58       65
  SINCE SEP 1     90                       148    -58       65
  SINCE JUL 1    104                       191    -87       92

 COOLING
  TODAY            0                         1     -1        0
  MONTH TO DATE   81                        44     37       44
  SINCE SEP 1     81                        44     37       44
  SINCE JAN 1    549                       523     26      625
..................................................................


WIND (MPH)
  HIGHEST WIND SPEED    18   HIGHEST WIND DIRECTION     N (350)
  HIGHEST GUST SPEED    22   HIGHEST GUST DIRECTION     N (350)
  AVERAGE WIND SPEED    11.4


SKY COVER
  POSSIBLE SUNSHINE  MM
  AVERAGE SKY COVER 0.0


WEATHER CONDITIONS
 THE FOLLOWING WEATHER WAS RECORDED TODAY.
  NO SIGNIFICANT WEATHER WAS OBSERVED.


RELATIVE HUMIDITY (PERCENT)
 HIGHEST    93           700 AM
 LOWEST     83           400 AM
 AVERAGE    88

..........................................................


THE SISSETON SD CLIMATE NORMALS FOR TOMORROW
                         NORMAL    RECORD    YEAR
 MAXIMUM TEMPERATURE (F)   68        92      1974
 MINIMUM TEMPERATURE (F)   43        22      1965


SUNRISE AND SUNSET
SEPTEMBER 25 2017.....SUNRISE   719 AM CDT   SUNSET   719 PM CDT
SEPTEMBER 26 2017.....SUNRISE   720 AM CDT   SUNSET   717 PM CDT


-  INDICATES NEGATIVE NUMBERS.
R  INDICATES RECORD WAS SET OR TIED.
MM INDICATES DATA IS MISSING.
T  INDICATES TRACE AMOUNT.




$$
