000
CDUS43 KABR 271034
CLI8D3


CLIMATE REPORT
NATIONAL WEATHER SERVICE ABERDEEN SD
533 AM CDT MON MAR 27 2017


...................................

...THE SISSETON SD CLIMATE SUMMARY FOR MARCH 26 2017...

CLIMATE NORMAL PERIOD 1981 TO 2010
CLIMATE RECORD PERIOD 1900 TO 2017


WEATHER ITEM   OBSERVED TIME   RECORD YEAR NORMAL DEPARTURE LAST
                VALUE   (LST)  VALUE       VALUE  FROM      YEAR
                                                  NORMAL
..................................................................
TEMPERATURE (F)
 YESTERDAY
  MAXIMUM         48    436 PM  71    1968  45      3       42
  MINIMUM         33   1109 PM -12    1996  25      8       26
  AVERAGE         41                        34      7       34

PRECIPITATION (IN)
  YESTERDAY        0.00          1.61 1942   0.03  -0.03     0.00
  MONTH TO DATE    0.26                      0.85  -0.59     0.34
  SINCE MAR 1      0.26                      0.85  -0.59     0.34
  SINCE JAN 1      1.46                      1.71  -0.25     1.51

SNOWFALL (IN)
  YESTERDAY        0.0
  MONTH TO DATE    3.4
  SINCE OCT 1     30.4
  SINCE JUL 1     30.4
  SNOW DEPTH       0

DEGREE DAYS
 HEATING
  YESTERDAY       24                        30     -6       31
  MONTH TO DATE  977                       938     39      703
  SINCE MAR 1    977                       938     39      703
  SINCE JUL 1   6241                      7197   -956     6004

 COOLING
  YESTERDAY        0                         0      0        0
  MONTH TO DATE    0                         0      0        0
  SINCE MAR 1      0                         0      0        0
  SINCE JAN 1      0                         0      0        0
..................................................................


WIND (MPH)
  HIGHEST WIND SPEED     9   HIGHEST WIND DIRECTION    SE (150)
  HIGHEST GUST SPEED    12   HIGHEST GUST DIRECTION     S (160)
  AVERAGE WIND SPEED     2.5


SKY COVER
  POSSIBLE SUNSHINE  MM
  AVERAGE SKY COVER 0.0


WEATHER CONDITIONS
 THE FOLLOWING WEATHER WAS RECORDED YESTERDAY.
  NO SIGNIFICANT WEATHER WAS OBSERVED.


RELATIVE HUMIDITY (PERCENT)
 HIGHEST   100          1200 AM
 LOWEST     76           400 PM
 AVERAGE    88

..........................................................


THE SISSETON SD CLIMATE NORMALS FOR TODAY
                         NORMAL    RECORD    YEAR
 MAXIMUM TEMPERATURE (F)   45        78      1946
 MINIMUM TEMPERATURE (F)   25         0      1955


SUNRISE AND SUNSET
MARCH 27 2017.........SUNRISE   717 AM CDT   SUNSET   750 PM CDT
MARCH 28 2017.........SUNRISE   715 AM CDT   SUNSET   751 PM CDT


-  INDICATES NEGATIVE NUMBERS.
R  INDICATES RECORD WAS SET OR TIED.
MM INDICATES DATA IS MISSING.
T  INDICATES TRACE AMOUNT.




$$
