000
CDUS43 KABR 281030
CLI8D3


CLIMATE REPORT
NATIONAL WEATHER SERVICE ABERDEEN SD
429 AM CST FRI NOV 28 2014


...................................

...THE SISSETON SD CLIMATE SUMMARY FOR NOVEMBER 27 2014...

CLIMATE NORMAL PERIOD 1981 TO 2010
CLIMATE RECORD PERIOD 1900 TO 2014


WEATHER ITEM   OBSERVED TIME   RECORD YEAR NORMAL DEPARTURE LAST
                VALUE   (LST)  VALUE       VALUE  FROM      YEAR
                                                  NORMAL
..................................................................
TEMPERATURE (F)
 YESTERDAY
  MAXIMUM          8   1159 PM  58    1998  34    -26       29
                                      1963
  MINIMUM        -15R   748 AM -15    1985  15    -30        1
  AVERAGE         -3                        24    -27       15

PRECIPITATION (IN)
  YESTERDAY        0.03          0.51 2005   0.01   0.02     0.00
  MONTH TO DATE    0.95                      0.56   0.39     0.07
  SINCE SEP 1      2.14                      5.18  -3.04     8.76
  SINCE JAN 1     23.10                     21.92   1.18    27.43

SNOWFALL (IN)
  YESTERDAY       MM
  MONTH TO DATE    7.9
  SINCE OCT 1      7.9
  SINCE JUL 1      7.9
  SNOW DEPTH       1

DEGREE DAYS
 HEATING
  YESTERDAY       68                        41     27       50
  MONTH TO DATE 1109                       900    209      921
  SINCE SEP 1   1780                      1684     96     1650
  SINCE JUL 1   1817                      1727     90     1699

 COOLING
  YESTERDAY        0                         0      0        0
  MONTH TO DATE    0                         0      0        0
  SINCE SEP 1     42                        48     -6       90
  SINCE JAN 1    442                       527    -85      625
..................................................................


WIND (MPH)
  HIGHEST WIND SPEED    20   HIGHEST WIND DIRECTION     S (170)
  HIGHEST GUST SPEED    23   HIGHEST GUST DIRECTION     S (170)
  AVERAGE WIND SPEED     9.5


SKY COVER
  POSSIBLE SUNSHINE  MM
  AVERAGE SKY COVER 0.0


WEATHER CONDITIONS
 THE FOLLOWING WEATHER WAS RECORDED YESTERDAY.
  NO SIGNIFICANT WEATHER WAS OBSERVED.


RELATIVE HUMIDITY (PERCENT)
 HIGHEST    88           900 PM
 LOWEST     68           100 PM
 AVERAGE    78

..........................................................


THE SISSETON SD CLIMATE NORMALS FOR TODAY
                         NORMAL    RECORD    YEAR
 MAXIMUM TEMPERATURE (F)   33        55      2002
                                             1949
 MINIMUM TEMPERATURE (F)   15       -12      1985


SUNRISE AND SUNSET
NOVEMBER 28 2014......SUNRISE   745 AM CST   SUNSET   447 PM CST
NOVEMBER 29 2014......SUNRISE   746 AM CST   SUNSET   446 PM CST


-  INDICATES NEGATIVE NUMBERS.
R  INDICATES RECORD WAS SET OR TIED.
MM INDICATES DATA IS MISSING.
T  INDICATES TRACE AMOUNT.




$$
