000
CDUS43 KABR 041446
CLI8D3


CLIMATE REPORT
NATIONAL WEATHER SERVICE ABERDEEN SD
846 AM CST SUN DEC 4 2016


...................................

...THE SISSETON SD CLIMATE SUMMARY FOR DECEMBER 3 2016...

CLIMATE NORMAL PERIOD 1981 TO 2010
CLIMATE RECORD PERIOD 1900 TO 2016


WEATHER ITEM   OBSERVED TIME   RECORD YEAR NORMAL DEPARTURE LAST
                VALUE   (LST)  VALUE       VALUE  FROM      YEAR
                                                  NORMAL
..................................................................
TEMPERATURE (F)
 YESTERDAY
  MAXIMUM         36   1157 PM  64    1941  31      5       38
  MINIMUM         20    544 AM -17    1985  12      8        5
  AVERAGE         28                        21      7       22

PRECIPITATION (IN)
  YESTERDAY        0.02          0.65 1953   0.02   0.00     0.00
  MONTH TO DATE    0.02                      0.05  -0.03     0.38
  SINCE DEC 1      0.02                      0.05  -0.03     0.38
  SINCE JAN 1     22.15                     21.99   0.16    17.24

SNOWFALL (IN)
  YESTERDAY        T
  MONTH TO DATE    T
  SINCE OCT 1      2.5
  SINCE JUL 1      2.5
  SNOW DEPTH       T

DEGREE DAYS
 HEATING
  YESTERDAY       37                        44     -7       43
  MONTH TO DATE  107                       130    -23      122
  SINCE DEC 1    107                       130    -23      122
  SINCE JUL 1   1388                      1981   -593     1518

 COOLING
  YESTERDAY        0                         0      0        0
  MONTH TO DATE    0                         0      0        0
  SINCE DEC 1      0                         0      0        0
  SINCE JAN 1    625                       527     98      635
..................................................................


WIND (MPH)
  HIGHEST WIND SPEED    21   HIGHEST WIND DIRECTION     S (170)
  HIGHEST GUST SPEED    24   HIGHEST GUST DIRECTION     S (170)
  AVERAGE WIND SPEED    11.7


SKY COVER
  POSSIBLE SUNSHINE  MM
  AVERAGE SKY COVER 0.0


WEATHER CONDITIONS
 THE FOLLOWING WEATHER WAS RECORDED YESTERDAY.
  LIGHT SNOW


RELATIVE HUMIDITY (PERCENT)
 HIGHEST    96           700 PM
 LOWEST     68           100 AM
 AVERAGE    82

..........................................................


THE SISSETON SD CLIMATE NORMALS FOR TODAY
                         NORMAL    RECORD    YEAR
 MAXIMUM TEMPERATURE (F)   30        55      1939
 MINIMUM TEMPERATURE (F)   12       -14      1991


SUNRISE AND SUNSET
DECEMBER  4 2016......SUNRISE   752 AM CST   SUNSET   444 PM CST
DECEMBER  5 2016......SUNRISE   753 AM CST   SUNSET   444 PM CST


-  INDICATES NEGATIVE NUMBERS.
R  INDICATES RECORD WAS SET OR TIED.
MM INDICATES DATA IS MISSING.
T  INDICATES TRACE AMOUNT.




$$
