000
CDUS43 KABR 271032
CLI8D3


CLIMATE REPORT
NATIONAL WEATHER SERVICE ABERDEEN SD
532 AM CDT THU AUG 27 2015


...................................

...THE SISSETON SD CLIMATE SUMMARY FOR AUGUST 26 2015...

CLIMATE NORMAL PERIOD 1981 TO 2010
CLIMATE RECORD PERIOD 1900 TO 2015


WEATHER ITEM   OBSERVED TIME   RECORD YEAR NORMAL DEPARTURE LAST
                VALUE   (LST)  VALUE       VALUE  FROM      YEAR
                                                  NORMAL
..................................................................
TEMPERATURE (F)
 YESTERDAY
  MAXIMUM         76    256 PM 100    1976  79     -3       66
  MINIMUM         44    515 AM  41    1992  55    -11       46
  AVERAGE         60                        67     -7       56

PRECIPITATION (IN)
  YESTERDAY        0.00          2.18 1989   0.08  -0.08     0.00
  MONTH TO DATE    2.19                      2.02   0.17     2.00
  SINCE JUN 1      6.74                      9.34  -2.60    12.41
  SINCE JAN 1     14.39                     16.32  -1.93    20.78

DEGREE DAYS
 HEATING
  YESTERDAY        5                         2      3        9
  MONTH TO DATE   45                        18     27       15
  SINCE JUN 1     72                        93    -21       70
  SINCE JUL 1     58                        31     27       35

 COOLING
  YESTERDAY        0                         4     -4        0
  MONTH TO DATE  118                       139    -21      112
  SINCE JUN 1    450                       438     12      330
  SINCE JAN 1    467                       461      6      391
..................................................................


WIND (MPH)
  HIGHEST WIND SPEED    16   HIGHEST WIND DIRECTION    SE (150)
  HIGHEST GUST SPEED    21   HIGHEST GUST DIRECTION     S (170)
  AVERAGE WIND SPEED     6.0


SKY COVER
  POSSIBLE SUNSHINE  MM
  AVERAGE SKY COVER 0.0


WEATHER CONDITIONS
 THE FOLLOWING WEATHER WAS RECORDED YESTERDAY.
  NO SIGNIFICANT WEATHER WAS OBSERVED.


RELATIVE HUMIDITY (PERCENT)
 HIGHEST   100          1200 AM
 LOWEST     46           200 PM
 AVERAGE    73

..........................................................


THE SISSETON SD CLIMATE NORMALS FOR TODAY
                         NORMAL    RECORD    YEAR
 MAXIMUM TEMPERATURE (F)   79       103      1973
 MINIMUM TEMPERATURE (F)   55        39      1986


SUNRISE AND SUNSET
AUGUST 27 2015........SUNRISE   643 AM CDT   SUNSET   815 PM CDT
AUGUST 28 2015........SUNRISE   644 AM CDT   SUNSET   814 PM CDT


-  INDICATES NEGATIVE NUMBERS.
R  INDICATES RECORD WAS SET OR TIED.
MM INDICATES DATA IS MISSING.
T  INDICATES TRACE AMOUNT.




$$
