000
CDUS46 KMFR 270835
CLIAAT


CLIMATE REPORT
NATIONAL WEATHER SERVICE MEDFORD, OR
135 AM PDT TUE SEP 27 2016


...................................

...THE ALTURAS CA CLIMATE SUMMARY FOR SEPTEMBER 26 2016...

CLIMATE NORMAL PERIOD 1981 TO 2010
CLIMATE RECORD PERIOD 1905 TO 2016


WEATHER ITEM   OBSERVED TIME   RECORD YEAR NORMAL DEPARTURE LAST
                VALUE   (LST)  VALUE       VALUE  FROM      YEAR
                                                  NORMAL
..................................................................
TEMPERATURE (F)
 YESTERDAY
  MAXIMUM         89    355 PM  92    2003  74     15       84
  MINIMUM         37    544 AM  19    1908  32      5       35
  AVERAGE         63                        53     10       60

PRECIPITATION (IN)
  YESTERDAY        0.00          0.45 1948   0.02  -0.02     0.00
  MONTH TO DATE    0.03                      0.44  -0.41     0.36
  SINCE OCT 1     13.45                     14.09  -0.64    11.71
  SINCE JAN 1      7.47                      9.58  -2.11     7.20

SNOWFALL (IN)
  YESTERDAY       MM                        MM     MM       MM
  MONTH TO DATE   MM                        MM     MM       MM
  SINCE JUL 1     MM                        MM     MM       MM
  SNOW DEPTH      MM

DEGREE DAYS
 HEATING
  YESTERDAY        2                        12    -10        5
  MONTH TO DATE  206                       214     -8      163
  SINCE SEP 1    206                       214     -8      163
  SINCE JUL 1    263                       325    -62      204

 COOLING
  YESTERDAY        0                         0      0        0
  MONTH TO DATE    0                         3     -3       19
  SINCE SEP 1      0                         3     -3       19
  SINCE JAN 1    254                       154    100      333
..................................................................


WIND (MPH)
  HIGHEST WIND SPEED    10   HIGHEST WIND DIRECTION    SE (140)
  HIGHEST GUST SPEED    16   HIGHEST GUST DIRECTION     S (160)
  AVERAGE WIND SPEED     2.3


SKY COVER
  POSSIBLE SUNSHINE  MM
  AVERAGE SKY COVER 0.0


WEATHER CONDITIONS
 THE FOLLOWING WEATHER WAS RECORDED YESTERDAY.
  HAZE


RELATIVE HUMIDITY (PERCENT)
 HIGHEST    64           600 AM
 LOWEST     11           400 PM
 AVERAGE    38

..........................................................


THE ALTURAS CA CLIMATE NORMALS FOR TODAY
                         NORMAL    RECORD    YEAR
 MAXIMUM TEMPERATURE (F)   74        96      1963
 MINIMUM TEMPERATURE (F)   32        19      1908


SUNRISE AND SUNSET
SEPTEMBER 27 2016.....SUNRISE   655 AM PDT   SUNSET   650 PM PDT
SEPTEMBER 28 2016.....SUNRISE   657 AM PDT   SUNSET   648 PM PDT


-  INDICATES NEGATIVE NUMBERS.
R  INDICATES RECORD WAS SET OR TIED.
MM INDICATES DATA IS MISSING.
T  INDICATES TRACE AMOUNT.




$$
