000
CDUS46 KMFR 210036
CLIAAT


CLIMATE REPORT
NATIONAL WEATHER SERVICE MEDFORD, OR
536 PM PDT THU JUL 20 2017


...................................

...THE ALTURAS CA CLIMATE SUMMARY FOR JULY 20 2017...
VALID TODAY AS OF 0500 PM LOCAL TIME.

CLIMATE NORMAL PERIOD 1981 TO 2010
CLIMATE RECORD PERIOD 1905 TO 2017


WEATHER ITEM   OBSERVED TIME   RECORD YEAR NORMAL DEPARTURE LAST
                VALUE   (LST)  VALUE       VALUE  FROM      YEAR
                                                  NORMAL
..................................................................
TEMPERATURE (F)
 TODAY
  MAXIMUM         87    328 PM 103    1988  89     -2       86
  MINIMUM         44    516 AM  33    1996  45     -1       40
  AVERAGE         66                        67     -1       63

PRECIPITATION (IN)
  TODAY            0.00          1.00 1956   0.01  -0.01     0.00
  MONTH TO DATE    0.00                      0.16  -0.16     0.05
  SINCE OCT 1     14.28                     13.11   1.17    13.42
  SINCE JAN 1     10.53                      8.60   1.93     7.44

SNOWFALL (IN)
  TODAY           MM                        MM     MM       MM
  MONTH TO DATE   MM                        MM     MM       MM
  SINCE JUL 1     MM                        MM     MM       MM
  SNOW DEPTH      MM

DEGREE DAYS
 HEATING
  TODAY            0                         1     -1        2
  MONTH TO DATE    1                        30    -29       37
  SINCE JUN 1    110                       210   -100      155
  SINCE JUL 1      1                        30    -29       37

 COOLING
  TODAY            1                         3     -2        0
  MONTH TO DATE   97                        46     51       35
  SINCE JUN 1    179                        57    122       83
  SINCE JAN 1    179                        57    122       83
..................................................................


WIND (MPH)
  HIGHEST WIND SPEED    20   HIGHEST WIND DIRECTION     W (280)
  HIGHEST GUST SPEED    24   HIGHEST GUST DIRECTION     W (250)
  AVERAGE WIND SPEED     4.1


SKY COVER
  POSSIBLE SUNSHINE  MM
  AVERAGE SKY COVER 0.0


WEATHER CONDITIONS
 THE FOLLOWING WEATHER WAS RECORDED TODAY.
  NO SIGNIFICANT WEATHER WAS OBSERVED.


RELATIVE HUMIDITY (PERCENT)
 HIGHEST    70           400 AM
 LOWEST     11           400 PM
 AVERAGE    41

..........................................................


THE ALTURAS CA CLIMATE NORMALS FOR TOMORROW
                         NORMAL    RECORD    YEAR
 MAXIMUM TEMPERATURE (F)   90       103      1988
 MINIMUM TEMPERATURE (F)   45        33      1983


SUNRISE AND SUNSET
JULY 20 2017..........SUNRISE   546 AM PDT   SUNSET   831 PM PDT
JULY 21 2017..........SUNRISE   547 AM PDT   SUNSET   830 PM PDT


-  INDICATES NEGATIVE NUMBERS.
R  INDICATES RECORD WAS SET OR TIED.
MM INDICATES DATA IS MISSING.
T  INDICATES TRACE AMOUNT.




$$
