000
CDUS46 KMFR 230839
CLIAAT


CLIMATE REPORT
NATIONAL WEATHER SERVICE MEDFORD, OR
139 AM PDT TUE SEP 23 2014


...................................

...THE ALTURAS CA CLIMATE SUMMARY FOR SEPTEMBER 22 2014...

CLIMATE NORMAL PERIOD 1981 TO 2010
CLIMATE RECORD PERIOD 1905 TO 2014


WEATHER ITEM   OBSERVED TIME   RECORD YEAR NORMAL DEPARTURE LAST
                VALUE   (LST)  VALUE       VALUE  FROM      YEAR
                                                  NORMAL
..................................................................
TEMPERATURE (F)
 YESTERDAY
  MAXIMUM         83    129 PM  91    2003  76      7       61
  MINIMUM         46    610 AM  20    1968  33     13       44
  AVERAGE         65                        54     11       53

PRECIPITATION (IN)
  YESTERDAY        0.00          0.08 1983   0.02  -0.02     0.00
  MONTH TO DATE    0.07                      0.35  -0.28     0.26
  SINCE SEP 1      0.07                      0.35  -0.28     0.26
  SINCE JAN 1      6.35                      9.49  -3.14     5.41

SNOWFALL (IN)
  YESTERDAY       MM                        MM     MM       MM
  MONTH TO DATE   MM                        MM     MM       MM
  SINCE JUL 1     MM                        MM     MM       MM
  SNOW DEPTH      MM

DEGREE DAYS
 HEATING
  YESTERDAY        0                        11    -11       12
  MONTH TO DATE   51                       168   -117      104
  SINCE SEP 1     51                       168   -117      104
  SINCE JUL 1     76                       279   -203      174

 COOLING
  YESTERDAY        0                         0      0        0
  MONTH TO DATE   12                         3      9       25
  SINCE SEP 1     12                         3      9       25
  SINCE JAN 1    380                       154    226      280
..................................................................


WIND (MPH)
  HIGHEST WIND SPEED    21   HIGHEST WIND DIRECTION     W (260)
  HIGHEST GUST SPEED    26   HIGHEST GUST DIRECTION     W (270)
  AVERAGE WIND SPEED     3.7


SKY COVER
  POSSIBLE SUNSHINE  MM
  AVERAGE SKY COVER 0.1


WEATHER CONDITIONS
 THE FOLLOWING WEATHER WAS RECORDED YESTERDAY.
  FOG
  HAZE


RELATIVE HUMIDITY (PERCENT)
 HIGHEST    93           400 AM
 LOWEST     26           300 PM
 AVERAGE    60

..........................................................


THE ALTURAS CA CLIMATE NORMALS FOR TODAY
                         NORMAL    RECORD    YEAR
 MAXIMUM TEMPERATURE (F)   75        93      1987
                                             1949
 MINIMUM TEMPERATURE (F)   33        23      1993


SUNRISE AND SUNSET
SEPTEMBER 23 2014.....SUNRISE   651 AM PDT   SUNSET   658 PM PDT
SEPTEMBER 24 2014.....SUNRISE   652 AM PDT   SUNSET   656 PM PDT


-  INDICATES NEGATIVE NUMBERS.
R  INDICATES RECORD WAS SET OR TIED.
MM INDICATES DATA IS MISSING.
T  INDICATES TRACE AMOUNT.




$$
