000
CDUS46 KMFR 250838
CLIAAT


CLIMATE REPORT
NATIONAL WEATHER SERVICE MEDFORD, OR
1238 AM PST SUN JAN 25 2015


...................................

...THE ALTURAS CA CLIMATE SUMMARY FOR JANUARY 24 2015...

CLIMATE NORMAL PERIOD 1981 TO 2010
CLIMATE RECORD PERIOD 1905 TO 2015


WEATHER ITEM   OBSERVED TIME   RECORD YEAR NORMAL DEPARTURE LAST
                VALUE   (LST)  VALUE       VALUE  FROM      YEAR
                                                  NORMAL
..................................................................
TEMPERATURE (F)
 YESTERDAY
  MAXIMUM         60    410 PM  61    1959  42     18       58
  MINIMUM         23    719 AM -15    1962  19      4       17
  AVERAGE         42                        30     12       38

PRECIPITATION (IN)
  YESTERDAY        0.00          0.92 1970   0.04  -0.04     0.00
  MONTH TO DATE    0.11                      1.35  -1.24     0.02
  SINCE OCT 1      4.62                      5.86  -1.24     0.65
  SINCE JAN 1      0.11                      1.35  -1.24     0.02

SNOWFALL (IN)
  YESTERDAY       MM                        MM     MM       MM
  MONTH TO DATE   MM                        MM     MM       MM
  SINCE JUL 1     MM                        MM     MM        0.0
  SNOW DEPTH      MM

DEGREE DAYS
 HEATING
  YESTERDAY       23                        35    -12       27
  MONTH TO DATE  669                       852   -183      761
  SINCE DEC 1   1522                      1952   -430     2033
  SINCE JUL 1   2813                      3762   -949     3778

 COOLING
  YESTERDAY        0                         0      0        0
  MONTH TO DATE    0                         0      0        0
  SINCE DEC 1      0                         0      0        0
  SINCE JAN 1      0                         0      0        0
..................................................................


WIND (MPH)
  HIGHEST WIND SPEED    10   HIGHEST WIND DIRECTION     E (80)
  HIGHEST GUST SPEED    13   HIGHEST GUST DIRECTION     E (90)
  AVERAGE WIND SPEED     1.3


SKY COVER
  POSSIBLE SUNSHINE  MM
  AVERAGE SKY COVER 0.0


WEATHER CONDITIONS
 THE FOLLOWING WEATHER WAS RECORDED YESTERDAY.
  FOG
  HAZE


RELATIVE HUMIDITY (PERCENT)
 HIGHEST    92           400 AM
 LOWEST     32           300 PM
 AVERAGE    62

..........................................................


THE ALTURAS CA CLIMATE NORMALS FOR TODAY
                         NORMAL    RECORD    YEAR
 MAXIMUM TEMPERATURE (F)   43        60      2014
                                             1953
 MINIMUM TEMPERATURE (F)   19       -28      1949


SUNRISE AND SUNSET
JANUARY 25 2015.......SUNRISE   720 AM PST   SUNSET   509 PM PST
JANUARY 26 2015.......SUNRISE   719 AM PST   SUNSET   511 PM PST


-  INDICATES NEGATIVE NUMBERS.
R  INDICATES RECORD WAS SET OR TIED.
MM INDICATES DATA IS MISSING.
T  INDICATES TRACE AMOUNT.




$$
