000
CDUS46 KMFR 230836
CLIAAT


CLIMATE REPORT
NATIONAL WEATHER SERVICE MEDFORD, OR
1236 AM PST MON JAN 23 2017


...................................

...THE ALTURAS CA CLIMATE SUMMARY FOR JANUARY 22 2017...

CLIMATE NORMAL PERIOD 1981 TO 2010
CLIMATE RECORD PERIOD 1905 TO 2017


WEATHER ITEM   OBSERVED TIME   RECORD YEAR NORMAL DEPARTURE LAST
                VALUE   (LST)  VALUE       VALUE  FROM      YEAR
                                                  NORMAL
..................................................................
TEMPERATURE (F)
 YESTERDAY
  MAXIMUM         37    234 PM  62    1961  42     -5       48
  MINIMUM         28   1100 PM -24    1962  18     10       42
  AVERAGE         33                        30      3       45

PRECIPITATION (IN)
  YESTERDAY        0.09          1.81 1967   0.04   0.05     0.01
  MONTH TO DATE    3.19                      1.27   1.92     0.93
  SINCE OCT 1      6.94                      5.78   1.16     6.91
  SINCE JAN 1      3.19                      1.27   1.92     0.93

SNOWFALL (IN)
  YESTERDAY       MM                        MM     MM       MM
  MONTH TO DATE    0.0                      MM     MM       MM
  SINCE JUL 1      0.0                      MM     MM       MM
  SNOW DEPTH      MM

DEGREE DAYS
 HEATING
  YESTERDAY       32                        35     -3       20
  MONTH TO DATE  877                       782     95      735
  SINCE DEC 1   2036                      1882    154     1844
  SINCE JUL 1   3544                      3692   -148     3371

 COOLING
  YESTERDAY        0                         0      0        0
  MONTH TO DATE    0                         0      0        0
  SINCE DEC 1      0                         0      0        0
  SINCE JAN 1      0                         0      0        0
..................................................................


WIND (MPH)
  HIGHEST WIND SPEED    30   HIGHEST WIND DIRECTION     W (270)
  HIGHEST GUST SPEED    35   HIGHEST GUST DIRECTION     W (260)
  AVERAGE WIND SPEED    10.7


SKY COVER
  POSSIBLE SUNSHINE  MM
  AVERAGE SKY COVER 0.7


WEATHER CONDITIONS
 THE FOLLOWING WEATHER WAS RECORDED YESTERDAY.
  SNOW
  LIGHT SNOW
  FOG
  FOG W/VISIBILITY <= 1/4 MILE


RELATIVE HUMIDITY (PERCENT)
 HIGHEST   100          1000 PM
 LOWEST     64           300 AM
 AVERAGE    82

..........................................................


THE ALTURAS CA CLIMATE NORMALS FOR TODAY
                         NORMAL    RECORD    YEAR
 MAXIMUM TEMPERATURE (F)   42        67      2013
 MINIMUM TEMPERATURE (F)   18       -21      1962


SUNRISE AND SUNSET
JANUARY 23 2017.......SUNRISE   721 AM PST   SUNSET   507 PM PST
JANUARY 24 2017.......SUNRISE   721 AM PST   SUNSET   509 PM PST


-  INDICATES NEGATIVE NUMBERS.
R  INDICATES RECORD WAS SET OR TIED.
MM INDICATES DATA IS MISSING.
T  INDICATES TRACE AMOUNT.




$$
