000
CDUS46 KMFR 090835
CLIAAT


CLIMATE REPORT
NATIONAL WEATHER SERVICE MEDFORD, OR
1235 AM PST FRI DEC 9 2016


...................................

...THE ALTURAS CA CLIMATE SUMMARY FOR DECEMBER 8 2016...

CLIMATE NORMAL PERIOD 1981 TO 2010
CLIMATE RECORD PERIOD 1905 TO 2016


WEATHER ITEM   OBSERVED TIME   RECORD YEAR NORMAL DEPARTURE LAST
                VALUE   (LST)  VALUE       VALUE  FROM      YEAR
                                                  NORMAL
..................................................................
TEMPERATURE (F)
 YESTERDAY
  MAXIMUM         38   1159 PM  65    1959  41     -3       54
  MINIMUM         24    112 AM -27    2013  19      5       36
                                      1972
  AVERAGE         31                        30      1       45

PRECIPITATION (IN)
  YESTERDAY        0.10          0.65 1952   0.05   0.05     0.00
  MONTH TO DATE    0.26                      0.41  -0.15     0.35
  SINCE OCT 1      2.26                      3.21  -0.95     2.82
  SINCE JAN 1      9.73                     12.87  -3.14    10.02

SNOWFALL (IN)
  YESTERDAY       MM                        MM     MM       MM
  MONTH TO DATE   MM                        MM     MM       MM
  SINCE JUL 1     MM                        MM     MM       MM
  SNOW DEPTH      MM

DEGREE DAYS
 HEATING
  YESTERDAY       34                        35     -1       20
  MONTH TO DATE  298                       275     23      217
  SINCE DEC 1    298                       275     23      217
  SINCE JUL 1   1806                      2085   -279     1744

 COOLING
  YESTERDAY        0                         0      0        0
  MONTH TO DATE    0                         0      0        0
  SINCE DEC 1      0                         0      0        0
  SINCE JAN 1    254                       156     98      333
..................................................................


WIND (MPH)
  HIGHEST WIND SPEED    16   HIGHEST WIND DIRECTION     W (260)
  HIGHEST GUST SPEED    20   HIGHEST GUST DIRECTION     W (260)
  AVERAGE WIND SPEED     7.1


SKY COVER
  POSSIBLE SUNSHINE  MM
  AVERAGE SKY COVER 1.0


WEATHER CONDITIONS
 THE FOLLOWING WEATHER WAS RECORDED YESTERDAY.
  LIGHT RAIN
  LIGHT SNOW
  FOG


RELATIVE HUMIDITY (PERCENT)
 HIGHEST   100           200 AM
 LOWEST     78           500 AM
 AVERAGE    89

..........................................................


THE ALTURAS CA CLIMATE NORMALS FOR TODAY
                         NORMAL    RECORD    YEAR
 MAXIMUM TEMPERATURE (F)   41        65      1959
 MINIMUM TEMPERATURE (F)   19       -34      1972


SUNRISE AND SUNSET
DECEMBER  9 2016......SUNRISE   717 AM PST   SUNSET   432 PM PST
DECEMBER 10 2016......SUNRISE   718 AM PST   SUNSET   432 PM PST


-  INDICATES NEGATIVE NUMBERS.
R  INDICATES RECORD WAS SET OR TIED.
MM INDICATES DATA IS MISSING.
T  INDICATES TRACE AMOUNT.




$$
