000
CDUS46 KMFR 270859
CLIAAT


CLIMATE REPORT
NATIONAL WEATHER SERVICE MEDFORD, OR
1258 AM PST SAT DEC 27 2014


...................................

...THE ALTURAS CA CLIMATE SUMMARY FOR DECEMBER 26 2014...

CLIMATE NORMAL PERIOD 1981 TO 2010
CLIMATE RECORD PERIOD 1905 TO 2014


WEATHER ITEM   OBSERVED TIME   RECORD YEAR NORMAL DEPARTURE LAST
                VALUE   (LST)  VALUE       VALUE  FROM      YEAR
                                                  NORMAL
..................................................................
TEMPERATURE (F)
 YESTERDAY
  MAXIMUM         38    250 PM  62    1960  40     -2       55
  MINIMUM         19   1119 PM  -7    1992  18      1       10
  AVERAGE         29                        29      0       33

PRECIPITATION (IN)
  YESTERDAY        0.00          0.37 1945   0.06  -0.06     0.00
  MONTH TO DATE    2.07                      1.45   0.62     0.17
  SINCE SEP 1      4.81                      4.77   0.04     1.14
  SINCE JAN 1     11.09                     13.91  -2.82     6.29

SNOWFALL (IN)
  YESTERDAY       MM                        MM     MM       MM
  MONTH TO DATE   MM                        MM     MM       MM
  SINCE JUL 1     MM                        MM     MM        0.0
  SNOW DEPTH      MM

DEGREE DAYS
 HEATING
  YESTERDAY       36                        36      0       32
  MONTH TO DATE  655                       919   -264     1097
  SINCE DEC 1    655                       919   -264     1097
  SINCE JUL 1   1946                      2729   -783     2842

 COOLING
  YESTERDAY        0                         0      0        0
  MONTH TO DATE    0                         0      0        0
  SINCE DEC 1      0                         0      0        0
  SINCE JAN 1    380                       156    224      280
..................................................................


WIND (MPH)
  HIGHEST WIND SPEED    17   HIGHEST WIND DIRECTION     N (20)
  HIGHEST GUST SPEED    23   HIGHEST GUST DIRECTION    NE (30)
  AVERAGE WIND SPEED     4.9


SKY COVER
  POSSIBLE SUNSHINE  MM
  AVERAGE SKY COVER 0.6


WEATHER CONDITIONS
 THE FOLLOWING WEATHER WAS RECORDED YESTERDAY.
  FOG
  HAZE


RELATIVE HUMIDITY (PERCENT)
 HIGHEST    84          1100 PM
 LOWEST     48           100 PM
 AVERAGE    66

..........................................................


THE ALTURAS CA CLIMATE NORMALS FOR TODAY
                         NORMAL    RECORD    YEAR
 MAXIMUM TEMPERATURE (F)   40        61      1980
 MINIMUM TEMPERATURE (F)   18       -14      1988


SUNRISE AND SUNSET
DECEMBER 27 2014......SUNRISE   728 AM PST   SUNSET   439 PM PST
DECEMBER 28 2014......SUNRISE   728 AM PST   SUNSET   440 PM PST


-  INDICATES NEGATIVE NUMBERS.
R  INDICATES RECORD WAS SET OR TIED.
MM INDICATES DATA IS MISSING.
T  INDICATES TRACE AMOUNT.




$$
