623
CDUS46 KMFR 230836
CLIAAT


CLIMATE REPORT
NATIONAL WEATHER SERVICE MEDFORD, OR
1236 AM PST THU NOV 23 2017


...................................

...THE ALTURAS CA CLIMATE SUMMARY FOR NOVEMBER 22 2017...

CLIMATE NORMAL PERIOD 1981 TO 2010
CLIMATE RECORD PERIOD 1905 TO 2017


WEATHER ITEM   OBSERVED TIME   RECORD YEAR NORMAL DEPARTURE LAST
                VALUE   (LST)  VALUE       VALUE  FROM      YEAR
                                                  NORMAL
..................................................................
TEMPERATURE (F)
 YESTERDAY
  MAXIMUM         71R   220 PM  71    1954  46     25       43
  MINIMUM         34    717 AM   1    1985  22     12       20
  AVERAGE         53                        34     19       32

PRECIPITATION (IN)
  YESTERDAY        0.00          0.32 1966   0.06  -0.06      T
  MONTH TO DATE    1.46                      1.34   0.12     0.29
  SINCE OCT 1      2.38                      2.35   0.03     1.76
  SINCE JAN 1     14.57                     12.01   2.56     9.23

SNOWFALL (IN)
  YESTERDAY       MM                        MM     MM       MM
  MONTH TO DATE   MM                        MM     MM       MM
  SINCE JUL 1     MM                        MM     MM       MM
  SNOW DEPTH      MM

DEGREE DAYS
 HEATING
  YESTERDAY       12                        31    -19       33
  MONTH TO DATE  539                       607    -68      474
  SINCE SEP 1   1361                      1439    -78     1195
  SINCE JUL 1   1362                      1550   -188     1252

 COOLING
  YESTERDAY        0                         0      0        0
  MONTH TO DATE    0                         0      0        0
  SINCE SEP 1     75                         5     70        0
  SINCE JAN 1    516                       156    360      254
..................................................................


WIND (MPH)
  HIGHEST WIND SPEED    17   HIGHEST WIND DIRECTION     S (190)
  HIGHEST GUST SPEED    23   HIGHEST GUST DIRECTION     S (180)
  AVERAGE WIND SPEED     5.0


SKY COVER
  POSSIBLE SUNSHINE  MM
  AVERAGE SKY COVER 0.1


WEATHER CONDITIONS
 THE FOLLOWING WEATHER WAS RECORDED YESTERDAY.
  FOG
  HAZE


RELATIVE HUMIDITY (PERCENT)
 HIGHEST    92           500 AM
 LOWEST     28           200 PM
 AVERAGE    60

..........................................................


THE ALTURAS CA CLIMATE NORMALS FOR TODAY
                         NORMAL    RECORD    YEAR
 MAXIMUM TEMPERATURE (F)   45        71      1954
 MINIMUM TEMPERATURE (F)   22         5      1979


SUNRISE AND SUNSET
NOVEMBER 23 2017......SUNRISE   701 AM PST   SUNSET   436 PM PST
NOVEMBER 24 2017......SUNRISE   702 AM PST   SUNSET   436 PM PST


-  INDICATES NEGATIVE NUMBERS.
R  INDICATES RECORD WAS SET OR TIED.
MM INDICATES DATA IS MISSING.
T  INDICATES TRACE AMOUNT.




$$
