000
CDUS41 KPHI 280628
CLIABE


CLIMATE REPORT
NATIONAL WEATHER SERVICE MOUNT HOLLY NJ
127 AM EST TUE FEB 28 2017


...................................

...THE ALLENTOWN PA CLIMATE SUMMARY FOR FEBRUARY 27 2017...

CLIMATE NORMAL PERIOD 1981 TO 2010
CLIMATE RECORD PERIOD 1922 TO 2017


WEATHER ITEM   OBSERVED TIME   RECORD YEAR NORMAL DEPARTURE LAST
                VALUE   (LST)  VALUE       VALUE  FROM      YEAR
                                                  NORMAL
..................................................................
TEMPERATURE (F)
 YESTERDAY
  MAXIMUM         52    401 PM  72    1997  43      9       43
  MINIMUM         22   1222 AM  -2    1963  24     -2       23
  AVERAGE         37                        34      3       33

PRECIPITATION (IN)
  YESTERDAY        T             1.28 1958   0.09  -0.09     0.00
  MONTH TO DATE    1.70                      2.60  -0.90     5.83
  SINCE DEC 1      7.52                      9.21  -1.69    13.20
  SINCE JAN 1      5.09                      5.63  -0.54     9.00

SNOWFALL (IN)
  YESTERDAY        0.0           5.5  1934   0.3   -0.3      0.0
  MONTH TO DATE    7.1                      10.8   -3.7      3.6
  SINCE DEC 1     10.0                      26.0  -16.0     35.9
  SINCE JUL 1     10.0                      26.7  -16.7     35.9
  SNOW DEPTH       0

DEGREE DAYS
 HEATING
  YESTERDAY       28                        31     -3       32
  MONTH TO DATE  702                       927   -225      849
  SINCE DEC 1   2582                      3097   -515     2536
  SINCE JUL 1   3487                      4277   -790     3418

 COOLING
  YESTERDAY        0                         0      0        0
  MONTH TO DATE    0                         0      0        0
  SINCE DEC 1      0                         0      0        0
  SINCE JAN 1      0                         0      0        0
..................................................................


WIND (MPH)
  HIGHEST WIND SPEED    20   HIGHEST WIND DIRECTION    SW (240)
  HIGHEST GUST SPEED    23   HIGHEST GUST DIRECTION    SW (220)
  AVERAGE WIND SPEED     4.9


SKY COVER
  POSSIBLE SUNSHINE  MM
  AVERAGE SKY COVER 0.5


WEATHER CONDITIONS
 THE FOLLOWING WEATHER WAS RECORDED YESTERDAY.
  LIGHT RAIN


RELATIVE HUMIDITY (PERCENT)
 HIGHEST    76          1000 PM
 LOWEST     35           100 PM
 AVERAGE    56

..........................................................


THE ALLENTOWN PA CLIMATE NORMALS FOR TODAY
                         NORMAL    RECORD    YEAR
 MAXIMUM TEMPERATURE (F)   44        67      1976
 MINIMUM TEMPERATURE (F)   24       -10      1934


SUNRISE AND SUNSET
FEBRUARY 28 2017......SUNRISE   637 AM EST   SUNSET   552 PM EST
MARCH  1 2017.........SUNRISE   635 AM EST   SUNSET   553 PM EST


-  INDICATES NEGATIVE NUMBERS.
R  INDICATES RECORD WAS SET OR TIED.
MM INDICATES DATA IS MISSING.
T  INDICATES TRACE AMOUNT.




$$
