000
CDUS41 KPHI 270627
CLIABE


CLIMATE REPORT
NATIONAL WEATHER SERVICE MOUNT HOLLY NJ
126 AM EST SAT DEC 27 2014


...................................

...THE ALLENTOWN PA CLIMATE SUMMARY FOR DECEMBER 26 2014...

CLIMATE NORMAL PERIOD 1981 TO 2010
CLIMATE RECORD PERIOD 1922 TO 2014


WEATHER ITEM   OBSERVED TIME   RECORD YEAR NORMAL DEPARTURE LAST
                VALUE   (LST)  VALUE       VALUE  FROM      YEAR
                                                  NORMAL
..................................................................
TEMPERATURE (F)
 YESTERDAY
  MAXIMUM         49    308 PM  65    1964  38     11       33
  MINIMUM         29   1148 PM  -3    1980  21      8       18
  AVERAGE         39                        29     10       26

PRECIPITATION (IN)
  YESTERDAY        0.00          1.39 1975   0.10  -0.10     0.03
  MONTH TO DATE    3.61                      3.10   0.51     3.19
  SINCE DEC 1      3.61                      3.10   0.51     3.19
  SINCE JAN 1     44.68                     44.87  -0.19    45.10

SNOWFALL (IN)
  YESTERDAY        0.0           9.0  1969   0.2   -0.2      0.4
  MONTH TO DATE    0.6                       4.0   -3.4     13.5
  SINCE DEC 1      0.6                       4.0   -3.4     13.5
  SINCE JUL 1      6.3                       4.7    1.6     13.5
  SNOW DEPTH       0

DEGREE DAYS
 HEATING
  YESTERDAY       26                        36    -10       39
  MONTH TO DATE  707                       834   -127      860
  SINCE DEC 1    707                       834   -127      860
  SINCE JUL 1   1842                      2014   -172     2019

 COOLING
  YESTERDAY        0                         0      0        0
  MONTH TO DATE    0                         0      0        0
  SINCE DEC 1      0                         0      0        0
  SINCE JAN 1    807                       757     50      927
..................................................................


WIND (MPH)
  HIGHEST WIND SPEED    12   HIGHEST WIND DIRECTION     W (280)
  HIGHEST GUST SPEED    17   HIGHEST GUST DIRECTION     W (270)
  AVERAGE WIND SPEED     5.4


SKY COVER
  POSSIBLE SUNSHINE  MM
  AVERAGE SKY COVER 0.0


WEATHER CONDITIONS
 THE FOLLOWING WEATHER WAS RECORDED YESTERDAY.
  HAZE


RELATIVE HUMIDITY (PERCENT)
 HIGHEST    85          1100 PM
 LOWEST     46           100 PM
 AVERAGE    66

..........................................................


THE ALLENTOWN PA CLIMATE NORMALS FOR TODAY
                         NORMAL    RECORD    YEAR
 MAXIMUM TEMPERATURE (F)   37        59      1949
                                             1936
 MINIMUM TEMPERATURE (F)   21        -1      1950
                                             1948


SUNRISE AND SUNSET
DECEMBER 27 2014......SUNRISE   724 AM EST   SUNSET   441 PM EST
DECEMBER 28 2014......SUNRISE   725 AM EST   SUNSET   442 PM EST


-  INDICATES NEGATIVE NUMBERS.
R  INDICATES RECORD WAS SET OR TIED.
MM INDICATES DATA IS MISSING.
T  INDICATES TRACE AMOUNT.




$$
