000
CDUS41 KPHI 222130
CLIABE


CLIMATE REPORT
NATIONAL WEATHER SERVICE MOUNT HOLLY NJ
530 PM EDT MON SEP 22 2014


...................................

...THE ALLENTOWN PA CLIMATE SUMMARY FOR SEPTEMBER 22 2014...
VALID TODAY AS OF 0500 PM LOCAL TIME.

CLIMATE NORMAL PERIOD 1981 TO 2010
CLIMATE RECORD PERIOD 1922 TO 2014


WEATHER ITEM   OBSERVED TIME   RECORD YEAR NORMAL DEPARTURE LAST
                VALUE   (LST)  VALUE       VALUE  FROM      YEAR
                                                  NORMAL
..................................................................
TEMPERATURE (F)
 TODAY
  MAXIMUM         69    122 PM  93    1980  73     -4       67
                                      1931
  MINIMUM         57    533 AM  36    1997  50      7       53
  AVERAGE         63                        62      1       60

PRECIPITATION (IN)
  TODAY            0.00          1.65 1938   0.16  -0.16     0.00
  MONTH TO DATE    1.27                      3.23  -1.96     2.08
  SINCE SEP 1      1.27                      3.23  -1.96     2.08
  SINCE JAN 1     35.26                     33.00   2.26    36.92

SNOWFALL (IN)
  TODAY            0.0           0.0  2002   0.0    0.0      0.0
                                      2001
  MONTH TO DATE    0.0                       0.0    0.0      0.0
  SINCE SEP 1      0.0                       0.0    0.0      0.0
  SINCE JUL 1      0.0                       0.0    0.0      0.0
  SNOW DEPTH       0

DEGREE DAYS
 HEATING
  TODAY            2                         5     -3        5
  MONTH TO DATE   47                        54     -7       72
  SINCE SEP 1     47                        54     -7       72
  SINCE JUL 1     51                        65    -14       76

 COOLING
  TODAY            0                         1     -1        0
  MONTH TO DATE   99                        64     35       78
  SINCE SEP 1     99                        64     35       78
  SINCE JAN 1    786                       743     43      903
..................................................................


WIND (MPH)
  HIGHEST WIND SPEED    20   HIGHEST WIND DIRECTION     W (290)
  HIGHEST GUST SPEED    29   HIGHEST GUST DIRECTION    NW (300)
  AVERAGE WIND SPEED    10.3


SKY COVER
  POSSIBLE SUNSHINE  MM
  AVERAGE SKY COVER 0.3


WEATHER CONDITIONS
 THE FOLLOWING WEATHER WAS RECORDED TODAY.
  NO SIGNIFICANT WEATHER WAS OBSERVED.


RELATIVE HUMIDITY (PERCENT)
 HIGHEST    81          1200 AM
 LOWEST     42           300 PM
 AVERAGE    62

..........................................................


THE ALLENTOWN PA CLIMATE NORMALS FOR TOMORROW
                         NORMAL    RECORD    YEAR
 MAXIMUM TEMPERATURE (F)   72        93      1970
 MINIMUM TEMPERATURE (F)   50        35      1947


SUNRISE AND SUNSET
SEPTEMBER 22 2014.....SUNRISE   649 AM EDT   SUNSET   659 PM EDT
SEPTEMBER 23 2014.....SUNRISE   650 AM EDT   SUNSET   657 PM EDT


-  INDICATES NEGATIVE NUMBERS.
R  INDICATES RECORD WAS SET OR TIED.
MM INDICATES DATA IS MISSING.
T  INDICATES TRACE AMOUNT.




$$
