000
CDUS41 KPHI 020635
CLIABE


CLIMATE REPORT
NATIONAL WEATHER SERVICE MOUNT HOLLY NJ
231 AM EDT TUE SEP 2 2014


...................................

...THE ALLENTOWN PA CLIMATE SUMMARY FOR SEPTEMBER 1 2014...

CLIMATE NORMAL PERIOD 1981 TO 2010
CLIMATE RECORD PERIOD 1922 TO 2014


WEATHER ITEM   OBSERVED TIME   RECORD YEAR NORMAL DEPARTURE LAST
                VALUE   (LST)  VALUE       VALUE  FROM      YEAR
                                                  NORMAL
..................................................................
TEMPERATURE (F)
 YESTERDAY
  MAXIMUM         88    257 PM  97    1980  80      8       87
                                      1932
  MINIMUM         70    606 AM  42    1967  58     12       70
  AVERAGE         79                        69     10       79

PRECIPITATION (IN)
  YESTERDAY        0.00          4.06 1952   0.12  -0.12     0.11
  MONTH TO DATE    0.00                      0.12  -0.12     0.11
  SINCE SEP 1      0.00                      0.12  -0.12     0.11
  SINCE JAN 1     33.99                     29.89   4.10    34.95

SNOWFALL (IN)
  YESTERDAY        0.0           0.0  2002   0.0    0.0      0.0
                                      2001
  MONTH TO DATE    0.0                       0.0    0.0      0.0
  SINCE SEP 1      0.0                       0.0    0.0      0.0
  SINCE JUL 1      0.0                       0.0    0.0      0.0
  SNOW DEPTH       0

DEGREE DAYS
 HEATING
  YESTERDAY        0                         1     -1        0
  MONTH TO DATE    0                         1     -1        0
  SINCE SEP 1      0                         1     -1        0
  SINCE JUL 1      4                        12     -8        4

 COOLING
  YESTERDAY       14                         5      9       14
  MONTH TO DATE   14                         5      9       14
  SINCE SEP 1     14                         5      9       14
  SINCE JAN 1    701                       684     17      839
..................................................................


WIND (MPH)
  HIGHEST WIND SPEED    14   HIGHEST WIND DIRECTION    SW (230)
  HIGHEST GUST SPEED    18   HIGHEST GUST DIRECTION    SW (220)
  AVERAGE WIND SPEED     3.7


SKY COVER
  POSSIBLE SUNSHINE  MM
  AVERAGE SKY COVER 0.6


WEATHER CONDITIONS
 THE FOLLOWING WEATHER WAS RECORDED YESTERDAY.
  FOG
  FOG W/VISIBILITY <= 1/4 MILE
  HAZE


RELATIVE HUMIDITY (PERCENT)
 HIGHEST   100           600 AM
 LOWEST     55           100 PM
 AVERAGE    78

..........................................................


THE ALLENTOWN PA CLIMATE NORMALS FOR TODAY
                         NORMAL    RECORD    YEAR
 MAXIMUM TEMPERATURE (F)   80        99      1980
                                             1953
 MINIMUM TEMPERATURE (F)   58        44      2001
                                             1949


SUNRISE AND SUNSET
SEPTEMBER  2 2014.....SUNRISE   630 AM EDT   SUNSET   732 PM EDT
SEPTEMBER  3 2014.....SUNRISE   631 AM EDT   SUNSET   731 PM EDT


-  INDICATES NEGATIVE NUMBERS.
R  INDICATES RECORD WAS SET OR TIED.
MM INDICATES DATA IS MISSING.
T  INDICATES TRACE AMOUNT.




$$
