000
CDUS41 KPHI 312131
CLIABE


CLIMATE REPORT
NATIONAL WEATHER SERVICE MOUNT HOLLY NJ
531 PM EDT FRI OCT 31 2014


...................................

...THE ALLENTOWN PA CLIMATE SUMMARY FOR OCTOBER 31 2014...
VALID TODAY AS OF 0500 PM LOCAL TIME.

CLIMATE NORMAL PERIOD 1981 TO 2010
CLIMATE RECORD PERIOD 1922 TO 2014


WEATHER ITEM   OBSERVED TIME   RECORD YEAR NORMAL DEPARTURE LAST
                VALUE   (LST)  VALUE       VALUE  FROM      YEAR
                                                  NORMAL
..................................................................
TEMPERATURE (F)
 TODAY
  MAXIMUM         54    131 PM  81    1950  59     -5       65
  MINIMUM         29    700 AM  21    1988  37     -8       44
  AVERAGE         42                        48     -6       55

PRECIPITATION (IN)
  TODAY            0.00          1.41 1935   0.11  -0.11     0.04
  MONTH TO DATE    2.43                      3.88  -1.45     2.41
  SINCE SEP 1      3.96                      8.50  -4.54     4.49
  SINCE JAN 1     37.95                     38.27  -0.32    39.33

SNOWFALL (IN)
  TODAY            0.0           2.2  1925   0.0    0.0      0.0
  MONTH TO DATE    0.0                       0.0    0.0      0.0
  SINCE SEP 1      0.0                       0.0    0.0      0.0
  SINCE JUL 1      0.0                       0.0    0.0      0.0
  SNOW DEPTH       0

DEGREE DAYS
 HEATING
  TODAY           23                        17      6       10
  MONTH TO DATE  290                       396   -106      308
  SINCE SEP 1    365                       500   -135      428
  SINCE JUL 1    369                       511   -142      432

 COOLING
  TODAY            0                         0      0        0
  MONTH TO DATE   12                         7      5       24
  SINCE SEP 1    120                        78     42      102
  SINCE JAN 1    807                       757     50      927
..................................................................


WIND (MPH)
  HIGHEST WIND SPEED     9   HIGHEST WIND DIRECTION     E (100)
  HIGHEST GUST SPEED    12   HIGHEST GUST DIRECTION     E (90)
  AVERAGE WIND SPEED     3.2


SKY COVER
  POSSIBLE SUNSHINE  MM
  AVERAGE SKY COVER 0.2


WEATHER CONDITIONS
 THE FOLLOWING WEATHER WAS RECORDED TODAY.
  NO SIGNIFICANT WEATHER WAS OBSERVED.


RELATIVE HUMIDITY (PERCENT)
 HIGHEST    92           500 AM
 LOWEST     46           100 PM
 AVERAGE    69

..........................................................


THE ALLENTOWN PA CLIMATE NORMALS FOR TOMORROW
                         NORMAL    RECORD    YEAR
 MAXIMUM TEMPERATURE (F)   58        81      1950
 MINIMUM TEMPERATURE (F)   37        24      1923


SUNRISE AND SUNSET
OCTOBER 31 2014.......SUNRISE   731 AM EDT   SUNSET   559 PM EDT
NOVEMBER  1 2014......SUNRISE   732 AM EDT   SUNSET   558 PM EDT


-  INDICATES NEGATIVE NUMBERS.
R  INDICATES RECORD WAS SET OR TIED.
MM INDICATES DATA IS MISSING.
T  INDICATES TRACE AMOUNT.




$$
