875
CDUS41 KPHI 122132
CLIABE


CLIMATE REPORT
NATIONAL WEATHER SERVICE MOUNT HOLLY NJ
430 PM EST FRI FEB 12 2016


...................................

...THE ALLENTOWN PA CLIMATE SUMMARY FOR FEBRUARY 12 2016...
VALID TODAY AS OF 0400 PM LOCAL TIME.

CLIMATE NORMAL PERIOD 1981 TO 2010
CLIMATE RECORD PERIOD 1922 TO 2016


WEATHER ITEM   OBSERVED TIME   RECORD YEAR NORMAL DEPARTURE LAST
                VALUE   (LST)  VALUE       VALUE  FROM      YEAR
                                                  NORMAL
..................................................................
TEMPERATURE (F)
 TODAY
  MAXIMUM         23    313 PM  68    1999  39    -16       38
  MINIMUM          6    610 AM  -6    1979  21    -15       11
  AVERAGE         15                        30    -15       25

PRECIPITATION (IN)
  TODAY            0.00          1.20 1985   0.09  -0.09     0.02
  MONTH TO DATE    1.12                      1.17  -0.05     1.07
  SINCE DEC 1      8.49                      7.78   0.71     7.44
  SINCE JAN 1      4.29                      4.20   0.09     3.79

SNOWFALL (IN)
  TODAY            0.0          12.1  2006   0.4   -0.4      0.2
  MONTH TO DATE    2.4                       4.9   -2.5      4.6
  SINCE DEC 1     34.7                      20.1   14.6     18.0
  SINCE JUL 1     34.7                      20.8   13.9     23.7
  SNOW DEPTH       0

DEGREE DAYS
 HEATING
  TODAY           50                        35     15       40
  MONTH TO DATE  378                       430    -52      489
  SINCE DEC 1   2065                      2600   -535     2551
  SINCE JUL 1   2947                      3780   -833     3686

 COOLING
  TODAY            0                         0      0        0
  MONTH TO DATE    0                         0      0        0
  SINCE DEC 1      0                         0      0        0
  SINCE JAN 1      0                         0      0        0
..................................................................


WIND (MPH)
  HIGHEST WIND SPEED    16   HIGHEST WIND DIRECTION    SW (240)
  HIGHEST GUST SPEED    18   HIGHEST GUST DIRECTION    SW (240)
  AVERAGE WIND SPEED     8.1


SKY COVER
  POSSIBLE SUNSHINE  MM
  AVERAGE SKY COVER 0.2


WEATHER CONDITIONS
 THE FOLLOWING WEATHER WAS RECORDED TODAY.
  NO SIGNIFICANT WEATHER WAS OBSERVED.


RELATIVE HUMIDITY (PERCENT)
 HIGHEST    63           400 AM
 LOWEST     47          1200 PM
 AVERAGE    55

..........................................................


THE ALLENTOWN PA CLIMATE NORMALS FOR TOMORROW
                         NORMAL    RECORD    YEAR
 MAXIMUM TEMPERATURE (F)   39        59      1937
 MINIMUM TEMPERATURE (F)   21        -6      1967


SUNRISE AND SUNSET
FEBRUARY 12 2016......SUNRISE   700 AM EST   SUNSET   532 PM EST
FEBRUARY 13 2016......SUNRISE   659 AM EST   SUNSET   534 PM EST


-  INDICATES NEGATIVE NUMBERS.
R  INDICATES RECORD WAS SET OR TIED.
MM INDICATES DATA IS MISSING.
T  INDICATES TRACE AMOUNT.




$$
