000
CDUS44 KSJT 042228
CLIABI


CLIMATE REPORT
NATIONAL WEATHER SERVICE SAN ANGELO TX
527 PM CDT TUE AUG 4 2015


...................................

...THE ABILENE CLIMATE SUMMARY FOR AUGUST 4 2015...
VALID TODAY AS OF 0500 PM LOCAL TIME.

CLIMATE NORMAL PERIOD 1981 TO 2010
CLIMATE RECORD PERIOD 1886 TO 2015


WEATHER ITEM   OBSERVED TIME   RECORD YEAR NORMAL DEPARTURE LAST
                VALUE   (LST)  VALUE       VALUE  FROM      YEAR
                                                  NORMAL
..................................................................
TEMPERATURE (F)
 TODAY
  MAXIMUM         98    354 PM 107    1943  95      3       94
  MINIMUM         74    503 AM  62    1975  73      1       69
  AVERAGE         86                        84      2       82

PRECIPITATION (IN)
  TODAY            0.00          1.14 1955   0.08  -0.08     0.00
  MONTH TO DATE    0.00                      0.30  -0.30     0.00
  SINCE JUN 1     11.92                      5.73   6.19     6.21
  SINCE JAN 1     24.55                     14.67   9.88    10.20

DEGREE DAYS
 HEATING
  TODAY            0                         0      0        0
  MONTH TO DATE    0                         0      0        0
  SINCE JUN 1      0                         1     -1        0
  SINCE JUL 1      0                         0      0        0

 COOLING
  TODAY           21                        19      2       17
  MONTH TO DATE   84                        76      8       56
  SINCE JUN 1   1156                      1072     84     1104
  SINCE JAN 1   1545                      1469     76     1618
..................................................................


WIND (MPH)
  HIGHEST WIND SPEED    17   HIGHEST WIND DIRECTION     S (170)
  HIGHEST GUST SPEED    23   HIGHEST GUST DIRECTION     S (160)
  AVERAGE WIND SPEED     9.3


SKY COVER
  POSSIBLE SUNSHINE  MM
  AVERAGE SKY COVER 0.3


WEATHER CONDITIONS
 THE FOLLOWING WEATHER WAS RECORDED TODAY.
  HAZE


RELATIVE HUMIDITY (PERCENT)
 HIGHEST    61           500 AM
 LOWEST     33           300 PM
 AVERAGE    47

..........................................................


THE ABILENE CLIMATE NORMALS FOR TOMORROW
                         NORMAL    RECORD    YEAR
 MAXIMUM TEMPERATURE (F)   95       106      2011
 MINIMUM TEMPERATURE (F)   73        62      1975


SUNRISE AND SUNSET
AUGUST  4 2015........SUNRISE   655 AM CDT   SUNSET   834 PM CDT
AUGUST  5 2015........SUNRISE   656 AM CDT   SUNSET   833 PM CDT


-  INDICATES NEGATIVE NUMBERS.
R  INDICATES RECORD WAS SET OR TIED.
MM INDICATES DATA IS MISSING.
T  INDICATES TRACE AMOUNT.




$$
