000
CDUS44 KSJT 240656
CLIABI


CLIMATE REPORT
NATIONAL WEATHER SERVICE SAN ANGELO TX
155 AM CDT WED AUG 24 2016


...................................

...THE ABILENE CLIMATE SUMMARY FOR AUGUST 23 2016...

CLIMATE NORMAL PERIOD 1981 TO 2010
CLIMATE RECORD PERIOD 1886 TO 2016


WEATHER ITEM   OBSERVED TIME   RECORD YEAR NORMAL DEPARTURE LAST
                VALUE   (LST)  VALUE       VALUE  FROM      YEAR
                                                  NORMAL
..................................................................
TEMPERATURE (F)
 YESTERDAY
  MAXIMUM         93    442 PM 104    2010  93      0       97
                                      1943
  MINIMUM         73    110 AM  55    1891  71      2       72
  AVERAGE         83                        82      1       85

PRECIPITATION (IN)
  YESTERDAY        T             2.17 1969   0.09  -0.09     0.00
  MONTH TO DATE    4.27                      1.88   2.39     0.61
  SINCE JUN 1      8.04                      7.31   0.73    12.53
  SINCE JAN 1     25.84                     16.25   9.59    25.16

DEGREE DAYS
 HEATING
  YESTERDAY        0                         0      0        0
  MONTH TO DATE    0                         0      0        0
  SINCE JUN 1      0                         1     -1        0
  SINCE JUL 1      0                         0      0        0

 COOLING
  YESTERDAY       18                        17      1       20
  MONTH TO DATE  436                       423     13      481
  SINCE JUN 1   1567                      1419    148     1553
  SINCE JAN 1   1876                      1816     60     1942
..................................................................


WIND (MPH)
  HIGHEST WIND SPEED    29   HIGHEST WIND DIRECTION     S (200)
  HIGHEST GUST SPEED    38   HIGHEST GUST DIRECTION     S (190)
  AVERAGE WIND SPEED    15.3


SKY COVER
  POSSIBLE SUNSHINE  MM
  AVERAGE SKY COVER 0.1


WEATHER CONDITIONS
 THE FOLLOWING WEATHER WAS RECORDED YESTERDAY.
  LIGHT RAIN


RELATIVE HUMIDITY (PERCENT)
 HIGHEST    87          1200 AM
 LOWEST     36           300 PM
 AVERAGE    62

..........................................................


THE ABILENE CLIMATE NORMALS FOR TODAY
                         NORMAL    RECORD    YEAR
 MAXIMUM TEMPERATURE (F)   93       103      2006
                                             1952
                                             1936
 MINIMUM TEMPERATURE (F)   71        55      1961
                                             1916


SUNRISE AND SUNSET
AUGUST 24 2016........SUNRISE   709 AM CDT   SUNSET   812 PM CDT
AUGUST 25 2016........SUNRISE   710 AM CDT   SUNSET   811 PM CDT


-  INDICATES NEGATIVE NUMBERS.
R  INDICATES RECORD WAS SET OR TIED.
MM INDICATES DATA IS MISSING.
T  INDICATES TRACE AMOUNT.




$$
