000
CDUS44 KSJT 270845
CLIABI


CLIMATE REPORT
NATIONAL WEATHER SERVICE SAN ANGELO TX
345 AM CDT TUE JUN 27 2017


...................................

...THE ABILENE CLIMATE SUMMARY FOR JUNE 26 2017...

CLIMATE NORMAL PERIOD 1981 TO 2010
CLIMATE RECORD PERIOD 1886 TO 2017


WEATHER ITEM   OBSERVED TIME   RECORD YEAR NORMAL DEPARTURE LAST
                VALUE   (LST)  VALUE       VALUE  FROM      YEAR
                                                  NORMAL
..................................................................
TEMPERATURE (F)
 YESTERDAY
  MAXIMUM         85    133 PM 108    1918  92     -7       90
  MINIMUM         69   1159 PM  58    1974  70     -1       73
  AVERAGE         77                        81     -4       82

PRECIPITATION (IN)
  YESTERDAY        T             1.46 1904   0.09  -0.09     0.00
  MONTH TO DATE    1.67                      3.23  -1.56     2.49
  SINCE JUN 1      1.67                      3.23  -1.56     2.49
  SINCE JAN 1      9.54                     12.17  -2.63    20.29

DEGREE DAYS
 HEATING
  YESTERDAY        0                         0      0        0
  MONTH TO DATE    0                         0      0        0
  SINCE JUN 1      0                         0      0        0
  SINCE JUL 1   1826                      2558   -732     2058

 COOLING
  YESTERDAY       12                        16     -4       17
  MONTH TO DATE  374                       369      5      386
  SINCE JUN 1    374                       369      5      386
  SINCE JAN 1    793                       766     27      695
..................................................................


WIND (MPH)
  HIGHEST WIND SPEED    14   HIGHEST WIND DIRECTION    SE (140)
  HIGHEST GUST SPEED    16   HIGHEST GUST DIRECTION    SE (140)
  AVERAGE WIND SPEED     6.1


SKY COVER
  POSSIBLE SUNSHINE  MM
  AVERAGE SKY COVER 0.3


WEATHER CONDITIONS
 THE FOLLOWING WEATHER WAS RECORDED YESTERDAY.
  LIGHT RAIN


RELATIVE HUMIDITY (PERCENT)
 HIGHEST   100           100 AM
 LOWEST     55           200 PM
 AVERAGE    78

..........................................................


THE ABILENE CLIMATE NORMALS FOR TODAY
                         NORMAL    RECORD    YEAR
 MAXIMUM TEMPERATURE (F)   92       109      1994
 MINIMUM TEMPERATURE (F)   70        56      2006


SUNRISE AND SUNSET
JUNE 27 2017..........SUNRISE   634 AM CDT   SUNSET   850 PM CDT
JUNE 28 2017..........SUNRISE   634 AM CDT   SUNSET   850 PM CDT


-  INDICATES NEGATIVE NUMBERS.
R  INDICATES RECORD WAS SET OR TIED.
MM INDICATES DATA IS MISSING.
T  INDICATES TRACE AMOUNT.




$$
