939
CDUS44 KSJT 250751
CLIABI


CLIMATE REPORT
NATIONAL WEATHER SERVICE SAN ANGELO TX
251 AM CDT SAT MAR 25 2017


...................................

...THE ABILENE CLIMATE SUMMARY FOR MARCH 24 2017...

CLIMATE NORMAL PERIOD 1981 TO 2010
CLIMATE RECORD PERIOD 1886 TO 2017


WEATHER ITEM   OBSERVED TIME   RECORD YEAR NORMAL DEPARTURE LAST
                VALUE   (LST)  VALUE       VALUE  FROM      YEAR
                                                  NORMAL
..................................................................
TEMPERATURE (F)
 YESTERDAY
  MAXIMUM         77    433 PM  93    1988  71      6       63
  MINIMUM         53   1159 PM  26    2006  46      7       41
                                      1974
  AVERAGE         65                        59      6       52

PRECIPITATION (IN)
  YESTERDAY        0.02          2.75 1943   0.06  -0.04     0.00
  MONTH TO DATE    0.02                      1.36  -1.34     2.31
  SINCE MAR 1      0.02                      1.36  -1.34     2.31
  SINCE JAN 1      3.40                      3.74  -0.34     3.03

SNOWFALL (IN)
  YESTERDAY        0.0           T    1990   0.0    0.0      0.0
  MONTH TO DATE    0.0                       0.2   -0.2      0.0
  SINCE NOV 1      T                         4.3   -4.3      5.1
  SINCE JUL 1      T                         4.3   -4.3      5.1

DEGREE DAYS
 HEATING
  YESTERDAY        0                         8     -8       13
  MONTH TO DATE  129                       249   -120      154
  SINCE MAR 1    129                       249   -120      154
  SINCE JUL 1   1710                      2382   -672     1908

 COOLING
  YESTERDAY        0                         1     -1        0
  MONTH TO DATE   73                        19     54       11
  SINCE MAR 1     73                        19     54       11
  SINCE JAN 1    104                        24     80       25
..................................................................


WIND (MPH)
  HIGHEST WIND SPEED    31   HIGHEST WIND DIRECTION     W (260)
  HIGHEST GUST SPEED    41   HIGHEST GUST DIRECTION    SW (240)
  AVERAGE WIND SPEED    17.5


SKY COVER
  POSSIBLE SUNSHINE  MM
  AVERAGE SKY COVER 0.3


WEATHER CONDITIONS
 THE FOLLOWING WEATHER WAS RECORDED YESTERDAY.
  RAIN


RELATIVE HUMIDITY (PERCENT)
 HIGHEST    80           400 AM
 LOWEST     18           200 PM
 AVERAGE    49

..........................................................


THE ABILENE CLIMATE NORMALS FOR TODAY
                         NORMAL    RECORD    YEAR
 MAXIMUM TEMPERATURE (F)   71        93      1899
 MINIMUM TEMPERATURE (F)   46        22      1955


SUNRISE AND SUNSET
MARCH 25 2017.........SUNRISE   736 AM CDT   SUNSET   754 PM CDT
MARCH 26 2017.........SUNRISE   734 AM CDT   SUNSET   755 PM CDT


-  INDICATES NEGATIVE NUMBERS.
R  INDICATES RECORD WAS SET OR TIED.
MM INDICATES DATA IS MISSING.
T  INDICATES TRACE AMOUNT.




$$
