000
CDUS44 KSJT 231152
CLIABI


CLIMATE REPORT
NATIONAL WEATHER SERVICE SAN ANGELO TX
651 AM CDT TUE MAY 23 2017


...................................

...THE ABILENE CLIMATE SUMMARY FOR MAY 22 2017...

CLIMATE NORMAL PERIOD 1981 TO 2010
CLIMATE RECORD PERIOD 1886 TO 2017


WEATHER ITEM   OBSERVED TIME   RECORD YEAR NORMAL DEPARTURE LAST
                VALUE   (LST)  VALUE       VALUE  FROM      YEAR
                                                  NORMAL
..................................................................
TEMPERATURE (F)
 YESTERDAY
  MAXIMUM         76    445 PM 104    1953  86    -10       87
  MINIMUM         56   1203 AM  43    2001  63     -7       71
  AVERAGE         66                        75     -9       79

PRECIPITATION (IN)
  YESTERDAY        0.19          4.45 1908   0.12   0.07      T
  MONTH TO DATE    2.29                      2.06   0.23     5.47
  SINCE MAR 1      4.05                      5.44  -1.39    14.02
  SINCE JAN 1      7.43                      7.82  -0.39    14.74

DEGREE DAYS
 HEATING
  YESTERDAY        0                         0      0        0
  MONTH TO DATE    9                        13     -4       37
  SINCE MAR 1    238                       422   -184      304
  SINCE JUL 1   1819                      2555   -736     2058

 COOLING
  YESTERDAY        1                        10     -9       14
  MONTH TO DATE  108                       167    -59      108
  SINCE MAR 1    296                       295      1      189
  SINCE JAN 1    327                       300     27      203
..................................................................


WIND (MPH)
  HIGHEST WIND SPEED    43   HIGHEST WIND DIRECTION     N (20)
  HIGHEST GUST SPEED    63   HIGHEST GUST DIRECTION     N (20)
  AVERAGE WIND SPEED     8.1


SKY COVER
  POSSIBLE SUNSHINE  MM
  AVERAGE SKY COVER 0.8


WEATHER CONDITIONS
 THE FOLLOWING WEATHER WAS RECORDED YESTERDAY.
  THUNDERSTORM
  RAIN
  LIGHT RAIN
  HAIL
  FOG
  HAZE


RELATIVE HUMIDITY (PERCENT)
 HIGHEST   100           400 AM
 LOWEST     60           400 PM
 AVERAGE    80

..........................................................


THE ABILENE CLIMATE NORMALS FOR TODAY
                         NORMAL    RECORD    YEAR
 MAXIMUM TEMPERATURE (F)   86       106      2000
 MINIMUM TEMPERATURE (F)   64        45      1893


SUNRISE AND SUNSET
MAY 23 2017...........SUNRISE   636 AM CDT   SUNSET   836 PM CDT
MAY 24 2017...........SUNRISE   635 AM CDT   SUNSET   836 PM CDT


-  INDICATES NEGATIVE NUMBERS.
R  INDICATES RECORD WAS SET OR TIED.
MM INDICATES DATA IS MISSING.
T  INDICATES TRACE AMOUNT.




$$
