000
CDUS44 KSJT 020653
CLIABI


CLIMATE REPORT
NATIONAL WEATHER SERVICE SAN ANGELO TX
152 AM CDT TUE JUN 2 2015


...................................

...THE ABILENE CLIMATE SUMMARY FOR JUNE 1 2015...

CLIMATE NORMAL PERIOD 1981 TO 2010
CLIMATE RECORD PERIOD 1886 TO 2015


WEATHER ITEM   OBSERVED TIME   RECORD YEAR NORMAL DEPARTURE LAST
                VALUE   (LST)  VALUE       VALUE  FROM      YEAR
                                                  NORMAL
..................................................................
TEMPERATURE (F)
 YESTERDAY
  MAXIMUM         87    339 PM 106    1998  88     -1       92
  MINIMUM         63    552 AM  47    1964  66     -3       69
  AVERAGE         75                        77     -2       81

PRECIPITATION (IN)
  YESTERDAY        0.00          1.94 1970   0.14  -0.14     0.00
  MONTH TO DATE    0.00                      0.14  -0.14     0.00
  SINCE JUN 1      0.00                      0.14  -0.14     0.00
  SINCE JAN 1     12.63                      9.08   3.55     3.99

DEGREE DAYS
 HEATING
  YESTERDAY        0                         0      0        0
  MONTH TO DATE    0                         0      0        0
  SINCE JUN 1      0                         0      0        0
  SINCE JUL 1   2478                      2558    -80     2821

 COOLING
  YESTERDAY       10                        12     -2       16
  MONTH TO DATE   10                        12     -2       16
  SINCE JUN 1     10                        12     -2       16
  SINCE JAN 1    399                       409    -10      530
..................................................................


WIND (MPH)
  HIGHEST WIND SPEED    18   HIGHEST WIND DIRECTION    SE (150)
  HIGHEST GUST SPEED    21   HIGHEST GUST DIRECTION    SE (150)
  AVERAGE WIND SPEED     8.8


SKY COVER
  POSSIBLE SUNSHINE  MM
  AVERAGE SKY COVER 0.1


WEATHER CONDITIONS
 THE FOLLOWING WEATHER WAS RECORDED YESTERDAY.
  NO SIGNIFICANT WEATHER WAS OBSERVED.


RELATIVE HUMIDITY (PERCENT)
 HIGHEST    93           500 AM
 LOWEST     44           600 PM
 AVERAGE    69

..........................................................


THE ABILENE CLIMATE NORMALS FOR TODAY
                         NORMAL    RECORD    YEAR
 MAXIMUM TEMPERATURE (F)   88       105      1910
 MINIMUM TEMPERATURE (F)   66        48      1919


SUNRISE AND SUNSET
JUNE  2 2015..........SUNRISE   632 AM CDT   SUNSET   841 PM CDT
JUNE  3 2015..........SUNRISE   632 AM CDT   SUNSET   842 PM CDT


-  INDICATES NEGATIVE NUMBERS.
R  INDICATES RECORD WAS SET OR TIED.
MM INDICATES DATA IS MISSING.
T  INDICATES TRACE AMOUNT.




$$
