000
CDUS44 KSJT 122226
CLIABI


CLIMATE REPORT
NATIONAL WEATHER SERVICE SAN ANGELO TX
526 PM CDT SAT JUL 12 2014


...................................

...THE ABILENE CLIMATE SUMMARY FOR JULY 12 2014...
VALID TODAY AS OF 0500 PM LOCAL TIME.

CLIMATE NORMAL PERIOD 1981 TO 2010
CLIMATE RECORD PERIOD 1886 TO 2014


WEATHER ITEM   OBSERVED TIME   RECORD YEAR NORMAL DEPARTURE LAST
                VALUE   (LST)  VALUE       VALUE  FROM      YEAR
                                                  NORMAL
..................................................................
TEMPERATURE (F)
 TODAY
  MAXIMUM         98    407 PM 107    1998  94      4      101
  MINIMUM         72    615 AM  61    1897  72      0       75
  AVERAGE         85                        83      2       88

PRECIPITATION (IN)
  TODAY            0.00          1.35 1950   0.06  -0.06     0.00
  MONTH TO DATE    0.27                      0.78  -0.51      T
  SINCE JUN 1      4.02                      4.34  -0.32     5.13
  SINCE JAN 1      8.01                     13.28  -5.27    11.35

DEGREE DAYS
 HEATING
  TODAY            0                         0      0        0
  MONTH TO DATE    0                         0      0        0
  SINCE JUN 1      0                         1     -1        0
  SINCE JUL 1      0                         0      0        0

 COOLING
  TODAY           20                        18      2       23
  MONTH TO DATE  228                       209     19      224
  SINCE JUN 1    695                       644     51      748
  SINCE JAN 1   1209                      1041    168     1229
..................................................................


WIND (MPH)
  HIGHEST WIND SPEED    24   HIGHEST WIND DIRECTION     S (200)
  HIGHEST GUST SPEED    32   HIGHEST GUST DIRECTION     S (170)
  AVERAGE WIND SPEED    13.7


SKY COVER
  POSSIBLE SUNSHINE  MM
  AVERAGE SKY COVER 0.0


WEATHER CONDITIONS
 THE FOLLOWING WEATHER WAS RECORDED TODAY.
  NO SIGNIFICANT WEATHER WAS OBSERVED.


RELATIVE HUMIDITY (PERCENT)
 HIGHEST    68           500 AM
 LOWEST     16           300 PM
 AVERAGE    42

..........................................................


THE ABILENE CLIMATE NORMALS FOR TOMORROW
                         NORMAL    RECORD    YEAR
 MAXIMUM TEMPERATURE (F)   94       108      1933
 MINIMUM TEMPERATURE (F)   72        62      1964


SUNRISE AND SUNSET
JULY 12 2014..........SUNRISE   641 AM CDT   SUNSET   848 PM CDT
JULY 13 2014..........SUNRISE   641 AM CDT   SUNSET   848 PM CDT


-  INDICATES NEGATIVE NUMBERS.
R  INDICATES RECORD WAS SET OR TIED.
MM INDICATES DATA IS MISSING.
T  INDICATES TRACE AMOUNT.




$$
