000
CDUS44 KSJT 210653
CLIABI


CLIMATE REPORT
NATIONAL WEATHER SERVICE SAN ANGELO TX
152 AM CDT SUN SEP 21 2014


...................................

...THE ABILENE CLIMATE SUMMARY FOR SEPTEMBER 20 2014...

CLIMATE NORMAL PERIOD 1981 TO 2010
CLIMATE RECORD PERIOD 1886 TO 2014


WEATHER ITEM   OBSERVED TIME   RECORD YEAR NORMAL DEPARTURE LAST
                VALUE   (LST)  VALUE       VALUE  FROM      YEAR
                                                  NORMAL
..................................................................
TEMPERATURE (F)
 YESTERDAY
  MAXIMUM         85    219 PM 101    1954  85      0       72
                                      1953
  MINIMUM         72    449 AM  41    1971  63      9       65
  AVERAGE         79                        74      5       69

PRECIPITATION (IN)
  YESTERDAY        0.03          1.90 1896   0.06  -0.03     0.67
  MONTH TO DATE    0.75                      1.51  -0.76     1.18
  SINCE SEP 1      0.75                      1.51  -0.76     1.18
  SINCE JAN 1     11.25                     18.47  -7.22    17.51

DEGREE DAYS
 HEATING
  YESTERDAY        0                         1     -1        0
  MONTH TO DATE    5                         1      4        0
  SINCE SEP 1      5                         1      4        0
  SINCE JUL 1      5                         1      4        0

 COOLING
  YESTERDAY       14                        10      4        4
  MONTH TO DATE  291                       247     44      333
  SINCE SEP 1    291                       247     44      333
  SINCE JAN 1   2475                      2192    283     2487
..................................................................


WIND (MPH)
  HIGHEST WIND SPEED    15   HIGHEST WIND DIRECTION    SE (120)
  HIGHEST GUST SPEED    21   HIGHEST GUST DIRECTION     E (90)
  AVERAGE WIND SPEED     6.5


SKY COVER
  POSSIBLE SUNSHINE  MM
  AVERAGE SKY COVER 0.8


WEATHER CONDITIONS
 THE FOLLOWING WEATHER WAS RECORDED YESTERDAY.
  RAIN
  LIGHT RAIN
  FOG


RELATIVE HUMIDITY (PERCENT)
 HIGHEST    94           800 PM
 LOWEST     61           300 PM
 AVERAGE    78

..........................................................


THE ABILENE CLIMATE NORMALS FOR TODAY
                         NORMAL    RECORD    YEAR
 MAXIMUM TEMPERATURE (F)   85       101      1998
 MINIMUM TEMPERATURE (F)   62        42      1983


SUNRISE AND SUNSET
SEPTEMBER 21 2014.....SUNRISE   726 AM CDT   SUNSET   737 PM CDT
SEPTEMBER 22 2014.....SUNRISE   727 AM CDT   SUNSET   735 PM CDT


-  INDICATES NEGATIVE NUMBERS.
R  INDICATES RECORD WAS SET OR TIED.
MM INDICATES DATA IS MISSING.
T  INDICATES TRACE AMOUNT.




$$
