000
CDUS44 KSJT 212328
CLIABI


CLIMATE REPORT
NATIONAL WEATHER SERVICE SAN ANGELO TX
526 PM CST TUE NOV 21 2017


...................................

...THE ABILENE CLIMATE SUMMARY FOR NOVEMBER 21 2017...
VALID TODAY AS OF 0500 PM LOCAL TIME.

CLIMATE NORMAL PERIOD 1981 TO 2010
CLIMATE RECORD PERIOD 1886 TO 2017


WEATHER ITEM   OBSERVED TIME   RECORD YEAR NORMAL DEPARTURE LAST
                VALUE   (LST)  VALUE       VALUE  FROM      YEAR
                                                  NORMAL
..................................................................
TEMPERATURE (F)
 TODAY
  MAXIMUM         69    325 PM  83    1897  64      5       76
  MINIMUM         48    813 AM  20    1906  41      7       48
  AVERAGE         59                        52      7       62

PRECIPITATION (IN)
  TODAY            0.00          0.83 1992   0.04  -0.04     0.00
  MONTH TO DATE    0.90                      1.07  -0.17     2.47
  SINCE SEP 1      5.44                      6.29  -0.85     8.46
  SINCE JAN 1     19.89                     23.25  -3.36    35.57

SNOWFALL (IN)
  TODAY            0.0           2.8  1992   0.0    0.0      0.0
  MONTH TO DATE    0.0                       0.4   -0.4      0.0
  SINCE NOV 1      0.0                       0.4   -0.4      0.0
  SINCE JUL 1      T                         0.4   -0.4      0.0

DEGREE DAYS
 HEATING
  TODAY            6                        13     -7        3
  MONTH TO DATE  166                       195    -29       97
  SINCE SEP 1    309                       299     10      116
  SINCE JUL 1    309                       299     10      116

 COOLING
  TODAY            0                         0      0        0
  MONTH TO DATE   37                        15     22       31
  SINCE SEP 1    508                       459     49      602
  SINCE JAN 1   2424                      2404     20     2601
..................................................................


WIND (MPH)
  HIGHEST WIND SPEED    28   HIGHEST WIND DIRECTION     N (360)
  HIGHEST GUST SPEED    35   HIGHEST GUST DIRECTION     N (360)
  AVERAGE WIND SPEED    16.0


SKY COVER
  POSSIBLE SUNSHINE  MM
  AVERAGE SKY COVER 0.0


WEATHER CONDITIONS
 THE FOLLOWING WEATHER WAS RECORDED TODAY.
  NO SIGNIFICANT WEATHER WAS OBSERVED.


RELATIVE HUMIDITY (PERCENT)
 HIGHEST    66           700 AM
 LOWEST     26           400 PM
 AVERAGE    46

..........................................................


THE ABILENE CLIMATE NORMALS FOR TOMORROW
                         NORMAL    RECORD    YEAR
 MAXIMUM TEMPERATURE (F)   64        86      1955
 MINIMUM TEMPERATURE (F)   40        23      1972
                                             1926


SUNRISE AND SUNSET
NOVEMBER 21 2017......SUNRISE   714 AM CST   SUNSET   535 PM CST
NOVEMBER 22 2017......SUNRISE   715 AM CST   SUNSET   535 PM CST


-  INDICATES NEGATIVE NUMBERS.
R  INDICATES RECORD WAS SET OR TIED.
MM INDICATES DATA IS MISSING.
T  INDICATES TRACE AMOUNT.




$$
