000
CDUS44 KSJT 280651
CLIABI


CLIMATE REPORT
NATIONAL WEATHER SERVICE SAN ANGELO TX
151 AM CDT THU JUL 28 2016


...................................

...THE ABILENE CLIMATE SUMMARY FOR JULY 27 2016...

CLIMATE NORMAL PERIOD 1981 TO 2010
CLIMATE RECORD PERIOD 1886 TO 2016


WEATHER ITEM   OBSERVED TIME   RECORD YEAR NORMAL DEPARTURE LAST
                VALUE   (LST)  VALUE       VALUE  FROM      YEAR
                                                  NORMAL
..................................................................
TEMPERATURE (F)
 YESTERDAY
  MAXIMUM         95    520 PM 107    1944  95      0       98
  MINIMUM         75   1159 PM  63    1994  73      2       77
                                      1973
                                      1933
  AVERAGE         85                        84      1       88

PRECIPITATION (IN)
  YESTERDAY        0.01          3.15 2010   0.06  -0.05     0.00
  MONTH TO DATE    0.47                      1.63  -1.16     8.26
  SINCE JUN 1      3.60                      5.19  -1.59    11.88
  SINCE JAN 1     21.40                     14.13   7.27    24.51

DEGREE DAYS
 HEATING
  YESTERDAY        0                         0      0        0
  MONTH TO DATE    0                         0      0        0
  SINCE JUN 1      0                         1     -1        0
  SINCE JUL 1      0                         0      0        0

 COOLING
  YESTERDAY       20                        19      1       23
  MONTH TO DATE  596                       486    110      512
  SINCE JUN 1   1049                       921    128      978
  SINCE JAN 1   1358                      1318     40     1367
..................................................................


WIND (MPH)
  HIGHEST WIND SPEED    23   HIGHEST WIND DIRECTION    SE (130)
  HIGHEST GUST SPEED    29   HIGHEST GUST DIRECTION    SE (130)
  AVERAGE WIND SPEED     7.0


SKY COVER
  POSSIBLE SUNSHINE  MM
  AVERAGE SKY COVER 0.1


WEATHER CONDITIONS
 THE FOLLOWING WEATHER WAS RECORDED YESTERDAY.
  NO SIGNIFICANT WEATHER WAS OBSERVED.


RELATIVE HUMIDITY (PERCENT)
 HIGHEST    82          1100 PM
 LOWEST     39           300 PM
 AVERAGE    61

..........................................................


THE ABILENE CLIMATE NORMALS FOR TODAY
                         NORMAL    RECORD    YEAR
 MAXIMUM TEMPERATURE (F)   95       107      1995
 MINIMUM TEMPERATURE (F)   73        62      1933


SUNRISE AND SUNSET
JULY 28 2016..........SUNRISE   651 AM CDT   SUNSET   839 PM CDT
JULY 29 2016..........SUNRISE   652 AM CDT   SUNSET   838 PM CDT


-  INDICATES NEGATIVE NUMBERS.
R  INDICATES RECORD WAS SET OR TIED.
MM INDICATES DATA IS MISSING.
T  INDICATES TRACE AMOUNT.




$$
