000
CDUS45 KABQ 230854
CLIABQ


CLIMATE REPORT
NATIONAL WEATHER SERVICE ALBUQUERQUE NM
253 AM MDT SAT AUG 23 2014


...................................

...THE ALBUQUERQUE  NM CLIMATE SUMMARY FOR AUGUST 22 2014...

CLIMATE NORMAL PERIOD 1981 TO 2010
CLIMATE RECORD PERIOD 1897 TO 2014


WEATHER ITEM   OBSERVED TIME   RECORD YEAR NORMAL DEPARTURE LAST
                VALUE   (LST)  VALUE       VALUE  FROM      YEAR
                                                  NORMAL
..................................................................
TEMPERATURE (F)
 YESTERDAY
  MAXIMUM         72    329 PM  97    2007  87    -15       90
  MINIMUM         58   1122 PM  52    1917  65     -7       67
  AVERAGE         65                        76    -11       79

PRECIPITATION (IN)
  YESTERDAY        0.20          1.15 1997   0.05   0.15
  MONTH TO DATE    1.38                      1.20   0.18
  SINCE JUN 1      4.98                      3.36   1.62
  SINCE JAN 1      5.99                      5.90   0.09

SNOWFALL (IN)
  YESTERDAY        0.0
  MONTH TO DATE    0.0
  SINCE JUN 1      0.0
  SINCE JUL 1      0.0
  SNOW DEPTH       0

DEGREE DAYS
 HEATING
  YESTERDAY        0                         0      0        0
  MONTH TO DATE    0                         0      0        0
  SINCE JUN 1      0                         4     -4        0
  SINCE JUL 1      0                         0      0        0

 COOLING
  YESTERDAY        0                        11    -11       14
  MONTH TO DATE  216                       256    -40      281
  SINCE JUN 1   1041                       969     72     1142
  SINCE JAN 1   1153                      1067     86     1259
..................................................................


WIND (MPH)
  HIGHEST WIND SPEED    24   HIGHEST WIND DIRECTION     W (290)
  HIGHEST GUST SPEED    32   HIGHEST GUST DIRECTION     W (280)
  AVERAGE WIND SPEED     6.8


SKY COVER
  POSSIBLE SUNSHINE  MM
  AVERAGE SKY COVER 0.8


WEATHER CONDITIONS
 THE FOLLOWING WEATHER WAS RECORDED YESTERDAY.
  LIGHT RAIN
  FOG


RELATIVE HUMIDITY (PERCENT)
 HIGHEST    93          1100 PM
 LOWEST     41          1200 AM
 AVERAGE    67

..........................................................


THE ALBUQUERQUE  NM CLIMATE NORMALS FOR TODAY
                         NORMAL    RECORD    YEAR
 MAXIMUM TEMPERATURE (F)   87        97      2011
                                             1973
 MINIMUM TEMPERATURE (F)   65        54      1990
                                             1915
                                             1897


SUNRISE AND SUNSET
AUGUST 23 2014........SUNRISE   632 AM MDT   SUNSET   745 PM MDT
AUGUST 24 2014........SUNRISE   633 AM MDT   SUNSET   744 PM MDT


-  INDICATES NEGATIVE NUMBERS.
R  INDICATES RECORD WAS SET OR TIED.
MM INDICATES DATA IS MISSING.
T  INDICATES TRACE AMOUNT.




$$
