000
CDUS45 KABQ 020831
CLIABQ


CLIMATE REPORT
NATIONAL WEATHER SERVICE ALBUQUERQUE NM
231 AM MDT TUE JUN 2 2015


...................................

...THE ALBUQUERQUE  NM CLIMATE SUMMARY FOR JUNE 1 2015...

CLIMATE NORMAL PERIOD 1981 TO 2010
CLIMATE RECORD PERIOD 1891 TO 2015


WEATHER ITEM   OBSERVED TIME   RECORD YEAR NORMAL DEPARTURE LAST
                VALUE   (LST)  VALUE       VALUE  FROM      YEAR
                                                  NORMAL
..................................................................
TEMPERATURE (F)
 YESTERDAY
  MAXIMUM         90    246 PM  96    2002  84      6       94
                                      1997
  MINIMUM         60    338 AM  37    1919  57      3       62
                                      1916
  AVERAGE         75                        71      4       78

PRECIPITATION (IN)
  YESTERDAY        0.00          0.43 1948   0.02  -0.02
  MONTH TO DATE    0.00                      0.02  -0.02
  SINCE JUN 1      0.00                      0.02  -0.02
  SINCE JAN 1      3.64                      2.56   1.08

SNOWFALL (IN)
  YESTERDAY        0.0
  MONTH TO DATE    0.0
  SINCE JUN 1      0.0
  SINCE JUL 1     15.2
  SNOW DEPTH       0

DEGREE DAYS
 HEATING
  YESTERDAY        0                         0      0        0
  MONTH TO DATE    0                         0      0        0
  SINCE JUN 1      0                         0      0        0
  SINCE JUL 1   3651                      4175   -524     3980

 COOLING
  YESTERDAY       10                         6      4       13
  MONTH TO DATE   10                         6      4       13
  SINCE JUN 1     10                         6      4       13
  SINCE JAN 1     43                       104    -61      125
..................................................................


WIND (MPH)
  HIGHEST WIND SPEED    31   HIGHEST WIND DIRECTION    SW (230)
  HIGHEST GUST SPEED    45   HIGHEST GUST DIRECTION    SW (230)
  AVERAGE WIND SPEED     6.0


SKY COVER
  POSSIBLE SUNSHINE  MM
  AVERAGE SKY COVER 0.4


WEATHER CONDITIONS
 THE FOLLOWING WEATHER WAS RECORDED YESTERDAY.
  THUNDERSTORM


RELATIVE HUMIDITY (PERCENT)
 HIGHEST    46           300 AM
 LOWEST     16           200 PM
 AVERAGE    31

..........................................................


THE ALBUQUERQUE  NM CLIMATE NORMALS FOR TODAY
                         NORMAL    RECORD    YEAR
 MAXIMUM TEMPERATURE (F)   85        96      1998
                                             1958
 MINIMUM TEMPERATURE (F)   58        36      1917


SUNRISE AND SUNSET
JUNE  2 2015..........SUNRISE   553 AM MDT   SUNSET   816 PM MDT
JUNE  3 2015..........SUNRISE   553 AM MDT   SUNSET   816 PM MDT


-  INDICATES NEGATIVE NUMBERS.
R  INDICATES RECORD WAS SET OR TIED.
MM INDICATES DATA IS MISSING.
T  INDICATES TRACE AMOUNT.




$$
