233
CDUS45 KABQ 230920
CLIABQ


CLIMATE REPORT
NATIONAL WEATHER SERVICE ALBUQUERQUE NM
219 AM MST MON JAN 23 2017


...................................

...THE ALBUQUERQUE  NM CLIMATE SUMMARY FOR JANUARY 22 2017...

CLIMATE NORMAL PERIOD 1981 TO 2010
CLIMATE RECORD PERIOD 1891 TO 2017


WEATHER ITEM   OBSERVED TIME   RECORD YEAR NORMAL DEPARTURE LAST
                VALUE   (LST)  VALUE       VALUE  FROM      YEAR
                                                  NORMAL
..................................................................
TEMPERATURE (F)
 YESTERDAY
  MAXIMUM         44    253 PM  66    1950  47     -3       51
  MINIMUM         27    732 AM   3    1918  26      1       23
  AVERAGE         36                        37     -1       37

PRECIPITATION (IN)
  YESTERDAY        0.00          0.56 1913   0.01  -0.01
  MONTH TO DATE    1.04                      0.27   0.77
  SINCE DEC 1      1.55                      0.77   0.78
  SINCE JAN 1      1.04                      0.27   0.77

SNOWFALL (IN)
  YESTERDAY        0.0
  MONTH TO DATE    1.1
  SINCE DEC 1      1.2
  SINCE JUL 1      1.3
  SNOW DEPTH       0

DEGREE DAYS
 HEATING
  YESTERDAY       29                        28      1       28
  MONTH TO DATE  528                       638   -110      658
  SINCE DEC 1   1319                      1528   -209     1523
  SINCE JUL 1   1896                      2395   -499     2240

 COOLING
  YESTERDAY        0                         0      0        0
  MONTH TO DATE    0                         0      0        0
  SINCE DEC 1      0                         0      0        0
  SINCE JAN 1      0                         0      0        0
..................................................................


WIND (MPH)
  HIGHEST WIND SPEED    20   HIGHEST WIND DIRECTION    NW (300)
  HIGHEST GUST SPEED    24   HIGHEST GUST DIRECTION    NW (310)
  AVERAGE WIND SPEED     4.2


SKY COVER
  POSSIBLE SUNSHINE  MM
  AVERAGE SKY COVER 0.7


WEATHER CONDITIONS
 THE FOLLOWING WEATHER WAS RECORDED YESTERDAY.
  NO SIGNIFICANT WEATHER WAS OBSERVED.


RELATIVE HUMIDITY (PERCENT)
 HIGHEST    76           800 PM
 LOWEST     39           100 PM
 AVERAGE    58

..........................................................


THE ALBUQUERQUE  NM CLIMATE NORMALS FOR TODAY
                         NORMAL    RECORD    YEAR
 MAXIMUM TEMPERATURE (F)   48        68      1972
 MINIMUM TEMPERATURE (F)   27         3      1918


SUNRISE AND SUNSET
JANUARY 23 2017.......SUNRISE   711 AM MST   SUNSET   526 PM MST
JANUARY 24 2017.......SUNRISE   710 AM MST   SUNSET   527 PM MST


-  INDICATES NEGATIVE NUMBERS.
R  INDICATES RECORD WAS SET OR TIED.
MM INDICATES DATA IS MISSING.
T  INDICATES TRACE AMOUNT.




$$
