000
CDUS45 KABQ 270832
CLIABQ


CLIMATE REPORT
NATIONAL WEATHER SERVICE ALBUQUERQUE NM
231 AM MDT TUE JUN 27 2017


...................................

...THE ALBUQUERQUE  NM CLIMATE SUMMARY FOR JUNE 26 2017...

CLIMATE NORMAL PERIOD 1981 TO 2010
CLIMATE RECORD PERIOD 1891 TO 2017


WEATHER ITEM   OBSERVED TIME   RECORD YEAR NORMAL DEPARTURE LAST
                VALUE   (LST)  VALUE       VALUE  FROM      YEAR
                                                  NORMAL
..................................................................
TEMPERATURE (F)
 YESTERDAY
  MAXIMUM         90    421 PM 107    1994  91     -1       92
  MINIMUM         64    607 PM  45    1916  65     -1       67
  AVERAGE         77                        78     -1       80

PRECIPITATION (IN)
  YESTERDAY        0.48          0.96 1937   0.04   0.44
  MONTH TO DATE    0.48                      0.53  -0.05
  SINCE JUN 1      0.48                      0.53  -0.05
  SINCE JAN 1      3.09                      3.07   0.02

SNOWFALL (IN)
  YESTERDAY        T
  MONTH TO DATE    T
  SINCE JUN 1      T
  SINCE JUL 1      3.6
  SNOW DEPTH       0

DEGREE DAYS
 HEATING
  YESTERDAY        0                         0      0        0
  MONTH TO DATE    0                         0      0        0
  SINCE JUN 1      0                         0      0        0
  SINCE JUL 1   3300                      4175   -875     3784

 COOLING
  YESTERDAY       12                        13     -1       15
  MONTH TO DATE  353                       249    104      379
  SINCE JUN 1    353                       249    104      379
  SINCE JAN 1    432                       347     85      450
..................................................................


WIND (MPH)
  HIGHEST WIND SPEED    47   HIGHEST WIND DIRECTION     E (90)
  HIGHEST GUST SPEED    58   HIGHEST GUST DIRECTION     E (90)
  AVERAGE WIND SPEED     9.9


SKY COVER
  POSSIBLE SUNSHINE  MM
  AVERAGE SKY COVER 0.5


WEATHER CONDITIONS
 THE FOLLOWING WEATHER WAS RECORDED YESTERDAY.
  THUNDERSTORM
  HEAVY RAIN
  RAIN
  LIGHT RAIN
  HAIL
  HAZE
  SANDSTORM


RELATIVE HUMIDITY (PERCENT)
 HIGHEST    67           500 AM
 LOWEST     17           300 PM
 AVERAGE    42

..........................................................


THE ALBUQUERQUE  NM CLIMATE NORMALS FOR TODAY
                         NORMAL    RECORD    YEAR
 MAXIMUM TEMPERATURE (F)   91       105      2013
 MINIMUM TEMPERATURE (F)   65        46      1915


SUNRISE AND SUNSET
JUNE 27 2017..........SUNRISE   555 AM MDT   SUNSET   825 PM MDT
JUNE 28 2017..........SUNRISE   555 AM MDT   SUNSET   825 PM MDT


-  INDICATES NEGATIVE NUMBERS.
R  INDICATES RECORD WAS SET OR TIED.
MM INDICATES DATA IS MISSING.
T  INDICATES TRACE AMOUNT.




$$
