000
CDUS45 KABQ 200828
CLIABQ


CLIMATE REPORT
NATIONAL WEATHER SERVICE ALBUQUERQUE NM
226 AM MDT SUN APR 20 2014


...................................

...THE ALBUQUERQUE  NM CLIMATE SUMMARY FOR APRIL 19 2014...

CLIMATE NORMAL PERIOD 1981 TO 2010
CLIMATE RECORD PERIOD 1897 TO 2014


WEATHER ITEM   OBSERVED TIME   RECORD YEAR NORMAL DEPARTURE LAST
                VALUE   (LST)  VALUE       VALUE  FROM      YEAR
                                                  NORMAL
..................................................................
TEMPERATURE (F)
 YESTERDAY
  MAXIMUM         61    417 PM  86    1989  70     -9       61
  MINIMUM         48    604 AM  23    1896  44      4       27
  AVERAGE         55                        57     -2       44

PRECIPITATION (IN)
  YESTERDAY        0.01          0.43 1977   0.02  -0.01
  MONTH TO DATE    0.01                      0.41  -0.40
  SINCE MAR 1      0.23                      0.98  -0.75
  SINCE JAN 1      0.41                      1.84  -1.43

SNOWFALL (IN)
  YESTERDAY        0.0
  MONTH TO DATE    0.0
  SINCE MAR 1      T
  SINCE JUL 1      6.6
  SNOW DEPTH       0

DEGREE DAYS
 HEATING
  YESTERDAY       10                         8      2       21
  MONTH TO DATE  176                       205    -29      174
  SINCE MAR 1    646                       729    -83      581
  SINCE JUL 1   3789                      4032   -243     3779

 COOLING
  YESTERDAY        0                         0      0        0
  MONTH TO DATE    0                         0      0        2
  SINCE MAR 1      0                         0      0        2
  SINCE JAN 1      0                         0      0        2
..................................................................


WIND (MPH)
  HIGHEST WIND SPEED    28   HIGHEST WIND DIRECTION     S (180)
  HIGHEST GUST SPEED    35   HIGHEST GUST DIRECTION     S (170)
  AVERAGE WIND SPEED     7.6


SKY COVER
  POSSIBLE SUNSHINE  MM
  AVERAGE SKY COVER 0.7


WEATHER CONDITIONS
 THE FOLLOWING WEATHER WAS RECORDED YESTERDAY.
  LIGHT RAIN


RELATIVE HUMIDITY (PERCENT)
 HIGHEST    77          1000 PM
 LOWEST     49           400 PM
 AVERAGE    63

..........................................................


THE ALBUQUERQUE  NM CLIMATE NORMALS FOR TODAY
                         NORMAL    RECORD    YEAR
 MAXIMUM TEMPERATURE (F)   70        86      1989
 MINIMUM TEMPERATURE (F)   44        23      1917


SUNRISE AND SUNSET
APRIL 20 2014.........SUNRISE   628 AM MDT   SUNSET   743 PM MDT
APRIL 21 2014.........SUNRISE   627 AM MDT   SUNSET   744 PM MDT


-  INDICATES NEGATIVE NUMBERS.
R  INDICATES RECORD WAS SET OR TIED.
MM INDICATES DATA IS MISSING.
T  INDICATES TRACE AMOUNT.

$$
