000
CDUS45 KABQ 260828
CLIABQ


CLIMATE REPORT
NATIONAL WEATHER SERVICE ALBUQUERQUE NM
226 AM MDT MON SEP 26 2016


...................................

...THE ALBUQUERQUE  NM CLIMATE SUMMARY FOR SEPTEMBER 25 2016...

CLIMATE NORMAL PERIOD 1981 TO 2010
CLIMATE RECORD PERIOD 1891 TO 2016


WEATHER ITEM   OBSERVED TIME   RECORD YEAR NORMAL DEPARTURE LAST
                VALUE   (LST)  VALUE       VALUE  FROM      YEAR
                                                  NORMAL
..................................................................
TEMPERATURE (F)
 YESTERDAY
  MAXIMUM         74    353 PM  90    1998  77     -3       81
                                      1911
  MINIMUM         50    627 AM  36    1916  54     -4       59
                                      1913
  AVERAGE         62                        66     -4       70

PRECIPITATION (IN)
  YESTERDAY        0.00          0.51 1948   0.03  -0.03
  MONTH TO DATE    1.01                      0.89   0.12
  SINCE SEP 1      1.01                      0.89   0.12
  SINCE JAN 1      4.37                      7.17  -2.80

SNOWFALL (IN)
  YESTERDAY        0.0
  MONTH TO DATE    0.0
  SINCE SEP 1      0.0
  SINCE JUL 1      0.0
  SNOW DEPTH       0

DEGREE DAYS
 HEATING
  YESTERDAY        3                         2      1        0
  MONTH TO DATE   11                        14     -3        0
  SINCE SEP 1     11                        14     -3        0
  SINCE JUL 1     11                        14     -3        0

 COOLING
  YESTERDAY        0                         3     -3        5
  MONTH TO DATE  182                       147     35      223
  SINCE SEP 1    182                       147     35      223
  SINCE JAN 1   1494                      1304    190     1449
..................................................................


WIND (MPH)
  HIGHEST WIND SPEED    31   HIGHEST WIND DIRECTION     E (70)
  HIGHEST GUST SPEED    39   HIGHEST GUST DIRECTION     E (90)
  AVERAGE WIND SPEED    14.4


SKY COVER
  POSSIBLE SUNSHINE  MM
  AVERAGE SKY COVER 0.5


WEATHER CONDITIONS
 THE FOLLOWING WEATHER WAS RECORDED YESTERDAY.
  NO SIGNIFICANT WEATHER WAS OBSERVED.


RELATIVE HUMIDITY (PERCENT)
 HIGHEST    54           200 AM
 LOWEST     23           300 PM
 AVERAGE    39

..........................................................


THE ALBUQUERQUE  NM CLIMATE NORMALS FOR TODAY
                         NORMAL    RECORD    YEAR
 MAXIMUM TEMPERATURE (F)   77        90      1956
                                             1953
 MINIMUM TEMPERATURE (F)   54        31      1912


SUNRISE AND SUNSET
SEPTEMBER 26 2016.....SUNRISE   658 AM MDT   SUNSET   657 PM MDT
SEPTEMBER 27 2016.....SUNRISE   659 AM MDT   SUNSET   655 PM MDT


-  INDICATES NEGATIVE NUMBERS.
R  INDICATES RECORD WAS SET OR TIED.
MM INDICATES DATA IS MISSING.
T  INDICATES TRACE AMOUNT.

$$
