000
CDUS45 KABQ 260828
CLIABQ


CLIMATE REPORT
NATIONAL WEATHER SERVICE ALBUQUERQUE NM
227 AM MDT TUE JUL 26 2016


...................................

...THE ALBUQUERQUE  NM CLIMATE SUMMARY FOR JULY 25 2016...

CLIMATE NORMAL PERIOD 1981 TO 2010
CLIMATE RECORD PERIOD 1891 TO 2016


WEATHER ITEM   OBSERVED TIME   RECORD YEAR NORMAL DEPARTURE LAST
                VALUE   (LST)  VALUE       VALUE  FROM      YEAR
                                                  NORMAL
..................................................................
TEMPERATURE (F)
 YESTERDAY
  MAXIMUM         95    317 PM 103    1963  89      6       95
  MINIMUM         67    400 AM  53    1904  67      0       64
  AVERAGE         81                        78      3       80

PRECIPITATION (IN)
  YESTERDAY        0.00          1.22 1927   0.06  -0.06
  MONTH TO DATE    0.25                      1.16  -0.91
  SINCE JUN 1      0.42                      1.82  -1.40
  SINCE JAN 1      1.61                      4.36  -2.75

SNOWFALL (IN)
  YESTERDAY        0.0
  MONTH TO DATE    0.0
  SINCE JUN 1      0.0
  SINCE JUL 1      0.0
  SNOW DEPTH       0

DEGREE DAYS
 HEATING
  YESTERDAY        0                         0      0        0
  MONTH TO DATE    0                         0      0        0
  SINCE JUN 1      0                         4     -4        0
  SINCE JUL 1      0                         0      0        0

 COOLING
  YESTERDAY       16                        13      3       15
  MONTH TO DATE  418                       336     82      296
  SINCE JUN 1    857                       638    219      683
  SINCE JAN 1    928                       736    192      716
..................................................................


WIND (MPH)
  HIGHEST WIND SPEED    29   HIGHEST WIND DIRECTION     E (90)
  HIGHEST GUST SPEED    37   HIGHEST GUST DIRECTION     E (110)
  AVERAGE WIND SPEED     9.1


SKY COVER
  POSSIBLE SUNSHINE  MM
  AVERAGE SKY COVER 0.6


WEATHER CONDITIONS
 THE FOLLOWING WEATHER WAS RECORDED YESTERDAY.
  THUNDERSTORM


RELATIVE HUMIDITY (PERCENT)
 HIGHEST    66           400 AM
 LOWEST     19           300 PM
 AVERAGE    43

..........................................................


THE ALBUQUERQUE  NM CLIMATE NORMALS FOR TODAY
                         NORMAL    RECORD    YEAR
 MAXIMUM TEMPERATURE (F)   89       102      1995
                                             1978
 MINIMUM TEMPERATURE (F)   67        50      1913


SUNRISE AND SUNSET
JULY 26 2016..........SUNRISE   612 AM MDT   SUNSET   814 PM MDT
JULY 27 2016..........SUNRISE   613 AM MDT   SUNSET   813 PM MDT


-  INDICATES NEGATIVE NUMBERS.
R  INDICATES RECORD WAS SET OR TIED.
MM INDICATES DATA IS MISSING.
T  INDICATES TRACE AMOUNT.




$$
