000
CDUS45 KABQ 240840
CLIABQ


CLIMATE REPORT
NATIONAL WEATHER SERVICE ALBUQUERQUE NM
239 AM MDT WED MAY 24 2017


...................................

...THE ALBUQUERQUE  NM CLIMATE SUMMARY FOR MAY 23 2017...

CLIMATE NORMAL PERIOD 1981 TO 2010
CLIMATE RECORD PERIOD 1891 TO 2017


WEATHER ITEM   OBSERVED TIME   RECORD YEAR NORMAL DEPARTURE LAST
                VALUE   (LST)  VALUE       VALUE  FROM      YEAR
                                                  NORMAL
..................................................................
TEMPERATURE (F)
 YESTERDAY
  MAXIMUM         79    430 PM  97    2000  81     -2       85
  MINIMUM         55    539 AM  36    1975  55      0       51
  AVERAGE         67                        68     -1       68

PRECIPITATION (IN)
  YESTERDAY        0.00          0.76 1937   0.02  -0.02
  MONTH TO DATE    0.16                      0.37  -0.21
  SINCE MAR 1      1.14                      1.55  -0.41
  SINCE JAN 1      2.53                      2.41   0.12

SNOWFALL (IN)
  YESTERDAY        0.0
  MONTH TO DATE    0.0
  SINCE MAR 1      0.7
  SINCE JUL 1      3.6
  SNOW DEPTH       0

DEGREE DAYS
 HEATING
  YESTERDAY        0                         1     -1        0
  MONTH TO DATE   72                        64      8       83
  SINCE MAR 1    618                       865   -247      767
  SINCE JUL 1   3300                      4168   -868     3777

 COOLING
  YESTERDAY        2                         4     -2        3
  MONTH TO DATE   34                        51    -17       43
  SINCE MAR 1     39                        58    -19       48
  SINCE JAN 1     39                        58    -19       48
..................................................................


WIND (MPH)
  HIGHEST WIND SPEED    28   HIGHEST WIND DIRECTION    NW (300)
  HIGHEST GUST SPEED    36   HIGHEST GUST DIRECTION    NW (310)
  AVERAGE WIND SPEED    10.5


SKY COVER
  POSSIBLE SUNSHINE  MM
  AVERAGE SKY COVER 0.2


WEATHER CONDITIONS
 THE FOLLOWING WEATHER WAS RECORDED YESTERDAY.
  NO SIGNIFICANT WEATHER WAS OBSERVED.


RELATIVE HUMIDITY (PERCENT)
 HIGHEST    66           400 AM
 LOWEST      7           500 PM
 AVERAGE    37

..........................................................


THE ALBUQUERQUE  NM CLIMATE NORMALS FOR TODAY
                         NORMAL    RECORD    YEAR
 MAXIMUM TEMPERATURE (F)   82        96      1984
 MINIMUM TEMPERATURE (F)   55        38      1971


SUNRISE AND SUNSET
MAY 24 2017...........SUNRISE   557 AM MDT   SUNSET   810 PM MDT
MAY 25 2017...........SUNRISE   556 AM MDT   SUNSET   811 PM MDT


-  INDICATES NEGATIVE NUMBERS.
R  INDICATES RECORD WAS SET OR TIED.
MM INDICATES DATA IS MISSING.
T  INDICATES TRACE AMOUNT.




$$
