000
CDUS43 KABR 290908
CLIABR


CLIMATE REPORT
NATIONAL WEATHER SERVICE ABERDEEN SD
407 AM CDT WED JUL 29 2015


...................................

...THE ABERDEEN SD CLIMATE SUMMARY FOR JULY 28 2015...

CLIMATE NORMAL PERIOD 1981 TO 2010
CLIMATE RECORD PERIOD 1893 TO 2015


WEATHER ITEM   OBSERVED TIME   RECORD YEAR NORMAL DEPARTURE LAST
                VALUE   (LST)  VALUE       VALUE  FROM      YEAR
                                                  NORMAL
..................................................................
TEMPERATURE (F)
 YESTERDAY
  MAXIMUM         81    401 PM 109    1975  84     -3       74
                                      1917
  MINIMUM         60   1121 PM  40    2013  59      1       50
  AVERAGE         71                        72     -1       62

PRECIPITATION (IN)
  YESTERDAY        0.56          1.35 1955   0.09   0.47     0.00
  MONTH TO DATE    4.06                      2.77   1.29     0.70
  SINCE JUN 1      6.16                      6.47  -0.31     4.01
  SINCE JAN 1     14.38                     13.61   0.77     9.44

DEGREE DAYS
 HEATING
  YESTERDAY        0                         0      0        3
  MONTH TO DATE    5                         8     -3       32
  SINCE JUN 1     19                        84    -65      115
  SINCE JUL 1      5                         8     -3       32

 COOLING
  YESTERDAY        6                         7     -1        0
  MONTH TO DATE  231                       187     44      112
  SINCE JUN 1    370                       279     91      158
  SINCE JAN 1    384                       302     82      200
..................................................................


WIND (MPH)
  HIGHEST WIND SPEED    37   HIGHEST WIND DIRECTION     W (270)
  HIGHEST GUST SPEED    49   HIGHEST GUST DIRECTION    SW (220)
  AVERAGE WIND SPEED    17.0


SKY COVER
  POSSIBLE SUNSHINE  MM
  AVERAGE SKY COVER 0.2


WEATHER CONDITIONS
 THE FOLLOWING WEATHER WAS RECORDED YESTERDAY.
  THUNDERSTORM
  HEAVY RAIN
  RAIN
  LIGHT RAIN
  FOG
  HAZE


RELATIVE HUMIDITY (PERCENT)
 HIGHEST    87           500 AM
 LOWEST     33           500 PM
 AVERAGE    60

..........................................................


THE ABERDEEN SD CLIMATE NORMALS FOR TODAY
                         NORMAL    RECORD    YEAR
 MAXIMUM TEMPERATURE (F)   84       109      1933
 MINIMUM TEMPERATURE (F)   59        42      2014
                                             1899


SUNRISE AND SUNSET
JULY 29 2015..........SUNRISE   614 AM CDT   SUNSET   906 PM CDT
JULY 30 2015..........SUNRISE   615 AM CDT   SUNSET   904 PM CDT


-  INDICATES NEGATIVE NUMBERS.
R  INDICATES RECORD WAS SET OR TIED.
MM INDICATES DATA IS MISSING.
T  INDICATES TRACE AMOUNT.




$$
