000
CDUS43 KABR 301036
CLIABR


CLIMATE REPORT
NATIONAL WEATHER SERVICE ABERDEEN SD
534 AM CDT TUE JUN 30 2015


...................................

...THE ABERDEEN SD CLIMATE SUMMARY FOR JUNE 29 2015...

CLIMATE NORMAL PERIOD 1981 TO 2010
CLIMATE RECORD PERIOD 1893 TO 2015


WEATHER ITEM   OBSERVED TIME   RECORD YEAR NORMAL DEPARTURE LAST
                VALUE   (LST)  VALUE       VALUE  FROM      YEAR
                                                  NORMAL
..................................................................
TEMPERATURE (F)
 YESTERDAY
  MAXIMUM         90    401 PM 107    1931  81      9       79
  MINIMUM         61    433 AM  42    1900  57      4       56
  AVERAGE         76                        69      7       68

PRECIPITATION (IN)
  YESTERDAY        0.00          2.08 2005   0.12  -0.12     0.03
  MONTH TO DATE    2.09                      3.59  -1.50     3.31
  SINCE JUN 1      2.09                      3.59  -1.50     3.31
  SINCE JAN 1     10.31                     10.73  -0.42     8.74

DEGREE DAYS
 HEATING
  YESTERDAY        0                         1     -1        0
  MONTH TO DATE   14                        75    -61       82
  SINCE JUN 1     14                        75    -61       82
  SINCE JUL 1   8004                      8533   -529     9523

 COOLING
  YESTERDAY       11                         5      6        3
  MONTH TO DATE  133                        87     46       46
  SINCE JUN 1    133                        87     46       46
  SINCE JAN 1    147                       110     37       88
..................................................................


WIND (MPH)
  HIGHEST WIND SPEED    20   HIGHEST WIND DIRECTION     N (350)
  HIGHEST GUST SPEED    24   HIGHEST GUST DIRECTION     N (360)
  AVERAGE WIND SPEED     7.7


SKY COVER
  POSSIBLE SUNSHINE  MM
  AVERAGE SKY COVER 0.2


WEATHER CONDITIONS
 THE FOLLOWING WEATHER WAS RECORDED YESTERDAY.
  FOG
  HAZE


RELATIVE HUMIDITY (PERCENT)
 HIGHEST    90           400 AM
 LOWEST     36           200 PM
 AVERAGE    63

..........................................................


THE ABERDEEN SD CLIMATE NORMALS FOR TODAY
                         NORMAL    RECORD    YEAR
 MAXIMUM TEMPERATURE (F)   82       104      1931
 MINIMUM TEMPERATURE (F)   57        38      1918


SUNRISE AND SUNSET
JUNE 30 2015..........SUNRISE   548 AM CDT   SUNSET   926 PM CDT
JULY  1 2015..........SUNRISE   549 AM CDT   SUNSET   926 PM CDT


-  INDICATES NEGATIVE NUMBERS.
R  INDICATES RECORD WAS SET OR TIED.
MM INDICATES DATA IS MISSING.
T  INDICATES TRACE AMOUNT.




$$
