000
CDUS43 KABR 051040
CLIABR


CLIMATE REPORT
NATIONAL WEATHER SERVICE ABERDEEN SD
439 AM CST THU MAR 5 2015


...................................

...THE ABERDEEN SD CLIMATE SUMMARY FOR MARCH 4 2015...

CLIMATE NORMAL PERIOD 1981 TO 2010
CLIMATE RECORD PERIOD 1893 TO 2015


WEATHER ITEM   OBSERVED TIME   RECORD YEAR NORMAL DEPARTURE LAST
                VALUE   (LST)  VALUE       VALUE  FROM      YEAR
                                                  NORMAL
..................................................................
TEMPERATURE (F)
 YESTERDAY
  MAXIMUM          4    359 PM  64    2000  34    -30       13
  MINIMUM        -13   1159 PM -23    1917  15    -28        2
  AVERAGE         -4                        24    -28        8

PRECIPITATION (IN)
  YESTERDAY        0.01          1.23 1966   0.02  -0.01     0.30
  MONTH TO DATE    0.08                      0.11  -0.03     0.30
  SINCE MAR 1      0.08                      0.11  -0.03     0.30
  SINCE JAN 1      1.13                      1.13   0.00     0.74

SNOWFALL (IN)
  YESTERDAY        0.1
  MONTH TO DATE    0.8
  SINCE OCT 1     19.3
  SINCE JUL 1     19.3
  SNOW DEPTH       1

DEGREE DAYS
 HEATING
  YESTERDAY       69                        41     28       57
  MONTH TO DATE  219                       165     54      258
  SINCE MAR 1    219                       165     54      258
  SINCE JUL 1   6487                      6628   -141     7417

 COOLING
  YESTERDAY        0                         0      0        0
  MONTH TO DATE    0                         0      0        0
  SINCE MAR 1      0                         0      0        0
  SINCE JAN 1      0                         0      0        0
..................................................................


WIND (MPH)
  HIGHEST WIND SPEED    26   HIGHEST WIND DIRECTION    NW (320)
  HIGHEST GUST SPEED    32   HIGHEST GUST DIRECTION    NW (330)
  AVERAGE WIND SPEED    12.9


SKY COVER
  POSSIBLE SUNSHINE  MM
  AVERAGE SKY COVER 0.4


WEATHER CONDITIONS
 THE FOLLOWING WEATHER WAS RECORDED YESTERDAY.
  LIGHT SNOW
  FOG
  HAZE


RELATIVE HUMIDITY (PERCENT)
 HIGHEST    87           600 AM
 LOWEST     51           400 PM
 AVERAGE    69

..........................................................


THE ABERDEEN SD CLIMATE NORMALS FOR TODAY
                         NORMAL    RECORD    YEAR
 MAXIMUM TEMPERATURE (F)   35        74      2000
 MINIMUM TEMPERATURE (F)   15       -22      1919


SUNRISE AND SUNSET
MARCH  5 2015.........SUNRISE   705 AM CST   SUNSET   626 PM CST
MARCH  6 2015.........SUNRISE   703 AM CST   SUNSET   627 PM CST


-  INDICATES NEGATIVE NUMBERS.
R  INDICATES RECORD WAS SET OR TIED.
MM INDICATES DATA IS MISSING.
T  INDICATES TRACE AMOUNT.




$$
