000
CDUS43 KABR 241031
CLIABR


CLIMATE REPORT
NATIONAL WEATHER SERVICE ABERDEEN SD
531 AM CDT FRI MAR 24 2017


...................................

...THE ABERDEEN SD CLIMATE SUMMARY FOR MARCH 23 2017...

CLIMATE NORMAL PERIOD 1981 TO 2010
CLIMATE RECORD PERIOD 1893 TO 2017


WEATHER ITEM   OBSERVED TIME   RECORD YEAR NORMAL DEPARTURE LAST
                VALUE   (LST)  VALUE       VALUE  FROM      YEAR
                                                  NORMAL
..................................................................
TEMPERATURE (F)
 YESTERDAY
  MAXIMUM         44    455 PM  81    1963  44      0       42
  MINIMUM         35    805 PM -21    1899  23     12       25
  AVERAGE         40                        33      7       34

PRECIPITATION (IN)
  YESTERDAY        0.00          0.85 1975   0.04  -0.04     0.00
  MONTH TO DATE    0.67                      0.79  -0.12     0.24
  SINCE MAR 1      0.67                      0.79  -0.12     0.24
  SINCE JAN 1      1.35                      1.81  -0.46     0.93

SNOWFALL (IN)
  YESTERDAY        0.0           9.3  1975   0.2   -0.2      0.0
  MONTH TO DATE   10.8                       5.6    5.2      0.6
  SINCE OCT 1     38.1                      33.4    4.7     26.5
  SINCE JUL 1     38.1                      33.4    4.7     26.5
  SNOW DEPTH       0

DEGREE DAYS
 HEATING
  YESTERDAY       25                        32     -7       31
  MONTH TO DATE  868                       850     18      557
  SINCE MAR 1    868                       850     18      557
  SINCE JUL 1   6483                      7313   -830     5794

 COOLING
  YESTERDAY        0                         0      0        0
  MONTH TO DATE    0                         0      0        0
  SINCE MAR 1      0                         0      0        0
  SINCE JAN 1      0                         0      0        0
..................................................................


WIND (MPH)
  HIGHEST WIND SPEED    24   HIGHEST WIND DIRECTION     S (170)
  HIGHEST GUST SPEED    34   HIGHEST GUST DIRECTION     S (160)
  AVERAGE WIND SPEED    11.8


SKY COVER
  POSSIBLE SUNSHINE  MM
  AVERAGE SKY COVER 0.5


WEATHER CONDITIONS
 THE FOLLOWING WEATHER WAS RECORDED YESTERDAY.
  FOG
  HAZE


RELATIVE HUMIDITY (PERCENT)
 HIGHEST    92          1000 PM
 LOWEST     57          1100 AM
 AVERAGE    75

..........................................................


THE ABERDEEN SD CLIMATE NORMALS FOR TODAY
                         NORMAL    RECORD    YEAR
 MAXIMUM TEMPERATURE (F)   44        80      1939
 MINIMUM TEMPERATURE (F)   23       -10      1893


SUNRISE AND SUNSET
MARCH 24 2017.........SUNRISE   729 AM CDT   SUNSET   752 PM CDT
MARCH 25 2017.........SUNRISE   727 AM CDT   SUNSET   753 PM CDT


-  INDICATES NEGATIVE NUMBERS.
R  INDICATES RECORD WAS SET OR TIED.
MM INDICATES DATA IS MISSING.
T  INDICATES TRACE AMOUNT.




$$
