000
CDUS43 KABR 221038
CLIABR


CLIMATE REPORT
NATIONAL WEATHER SERVICE ABERDEEN SD
437 AM CST WED FEB 22 2017


...................................

...THE ABERDEEN SD CLIMATE SUMMARY FOR FEBRUARY 21 2017...

CLIMATE NORMAL PERIOD 1981 TO 2010
CLIMATE RECORD PERIOD 1893 TO 2017


WEATHER ITEM   OBSERVED TIME   RECORD YEAR NORMAL DEPARTURE LAST
                VALUE   (LST)  VALUE       VALUE  FROM      YEAR
                                                  NORMAL
..................................................................
TEMPERATURE (F)
 YESTERDAY
  MAXIMUM         64R   343 PM  61    1977  30     34       34
  MINIMUM         31   1246 AM -30    1918  10     21       25
  AVERAGE         48                        20     28       30

PRECIPITATION (IN)
  YESTERDAY        0.00          0.25 1917   0.02  -0.02      T
  MONTH TO DATE    0.11                      0.37  -0.26     0.51
  SINCE DEC 1      2.40                      1.36   1.04     1.29
  SINCE JAN 1      0.62                      0.84  -0.22     0.65

SNOWFALL (IN)
  YESTERDAY        0.0           2.5  1917   0.2   -0.2       T
  MONTH TO DATE    0.7                       4.9   -4.2      8.3
  SINCE OCT 1     26.9                      25.9    1.0     25.7
  SINCE JUL 1     26.9                      25.9    1.0     25.7
  SNOW DEPTH       0

DEGREE DAYS
 HEATING
  YESTERDAY       17                        45    -28       35
  MONTH TO DATE  796                      1024   -228      812
  SINCE DEC 1   4004                      4195   -191     3583
  SINCE JUL 1   5354                      6158   -804     4995

 COOLING
  YESTERDAY        0                         0      0        0
  MONTH TO DATE    0                         0      0        0
  SINCE DEC 1      0                         0      0        0
  SINCE JAN 1      0                         0      0        0
..................................................................


WIND (MPH)
  HIGHEST WIND SPEED    18   HIGHEST WIND DIRECTION     N (360)
  HIGHEST GUST SPEED    23   HIGHEST GUST DIRECTION     N (360)
  AVERAGE WIND SPEED     7.9


SKY COVER
  POSSIBLE SUNSHINE  MM
  AVERAGE SKY COVER 0.0


WEATHER CONDITIONS
 THE FOLLOWING WEATHER WAS RECORDED YESTERDAY.
  NO SIGNIFICANT WEATHER WAS OBSERVED.


RELATIVE HUMIDITY (PERCENT)
 HIGHEST    92           100 AM
 LOWEST     36           300 PM
 AVERAGE    64

..........................................................


THE ABERDEEN SD CLIMATE NORMALS FOR TODAY
                         NORMAL    RECORD    YEAR
 MAXIMUM TEMPERATURE (F)   30        59      2000
                                             1958
 MINIMUM TEMPERATURE (F)   10       -24      1918


SUNRISE AND SUNSET
FEBRUARY 22 2017......SUNRISE   724 AM CST   SUNSET   611 PM CST
FEBRUARY 23 2017......SUNRISE   722 AM CST   SUNSET   613 PM CST


-  INDICATES NEGATIVE NUMBERS.
R  INDICATES RECORD WAS SET OR TIED.
MM INDICATES DATA IS MISSING.
T  INDICATES TRACE AMOUNT.




$$
