000
CDUS43 KABR 232232
CLIABR


CLIMATE REPORT
NATIONAL WEATHER SERVICE ABERDEEN SD
531 PM CDT MON OCT 23 2017


...................................

...THE ABERDEEN SD CLIMATE SUMMARY FOR OCTOBER 23 2017...
VALID TODAY AS OF 0500 PM LOCAL TIME.

CLIMATE NORMAL PERIOD 1981 TO 2010
CLIMATE RECORD PERIOD 1893 TO 2017


WEATHER ITEM   OBSERVED TIME   RECORD YEAR NORMAL DEPARTURE LAST
                VALUE   (LST)  VALUE       VALUE  FROM      YEAR
                                                  NORMAL
..................................................................
TEMPERATURE (F)
 TODAY
  MAXIMUM         58    257 PM  80    1963  54      4       56
                                      1915
  MINIMUM         47    624 AM   5    1895  30     17       30
  AVERAGE         53                        42     11       43

PRECIPITATION (IN)
  TODAY            0.00          1.21 2015   0.06  -0.06     0.00
  MONTH TO DATE    0.69                      1.61  -0.92     0.67
  SINCE SEP 1      2.58                      3.80  -1.22     1.90
  SINCE JAN 1     14.64                     20.09  -5.45    15.96

SNOWFALL (IN)
  TODAY            0.0
  MONTH TO DATE    0.0
  SINCE OCT 1      0.0
  SINCE JUL 1      0.0
  SNOW DEPTH       0

DEGREE DAYS
 HEATING
  TODAY           12                        23    -11       22
  MONTH TO DATE  327                       416    -89      345
  SINCE SEP 1    481                       639   -158      472
  SINCE JUL 1    500                       690   -190      503

 COOLING
  TODAY            0                         0      0        0
  MONTH TO DATE    4                         0      4        7
  SINCE SEP 1     67                        40     27       61
  SINCE JAN 1    552                       523     29      722
..................................................................


WIND (MPH)
  HIGHEST WIND SPEED    38   HIGHEST WIND DIRECTION    NW (330)
  HIGHEST GUST SPEED    46   HIGHEST GUST DIRECTION     N (340)
  AVERAGE WIND SPEED    20.8


SKY COVER
  POSSIBLE SUNSHINE  MM
  AVERAGE SKY COVER 0.4


WEATHER CONDITIONS
 THE FOLLOWING WEATHER WAS RECORDED TODAY.
  NO SIGNIFICANT WEATHER WAS OBSERVED.


RELATIVE HUMIDITY (PERCENT)
 HIGHEST    83           100 AM
 LOWEST     39           300 PM
 AVERAGE    61

..........................................................


THE ABERDEEN SD CLIMATE NORMALS FOR TOMORROW
                         NORMAL    RECORD    YEAR
 MAXIMUM TEMPERATURE (F)   54        83      1989
 MINIMUM TEMPERATURE (F)   30         6      1917


SUNRISE AND SUNSET
OCTOBER 23 2017.......SUNRISE   801 AM CDT   SUNSET   634 PM CDT
OCTOBER 24 2017.......SUNRISE   802 AM CDT   SUNSET   633 PM CDT


-  INDICATES NEGATIVE NUMBERS.
R  INDICATES RECORD WAS SET OR TIED.
MM INDICATES DATA IS MISSING.
T  INDICATES TRACE AMOUNT.


$$

PEAK WIND SPEED WAS 46 MPH FROM THE NORTH AT 430 PM CDT.

$$
