772
CDUS42 KTAE 090635
CLIABY


CLIMATE REPORT
NATIONAL WEATHER SERVICE TALLAHASSEE FL
135 AM EST TUE FEB 9 2016


...................................

...THE ALBANY CLIMATE SUMMARY FOR FEBRUARY 8 2016...

CLIMATE NORMAL PERIOD 1981 TO 2010
CLIMATE RECORD PERIOD 1930 TO 2016


WEATHER ITEM   OBSERVED TIME   RECORD YEAR NORMAL DEPARTURE LAST
                VALUE   (LST)  VALUE       VALUE  FROM      YEAR
                                                  NORMAL
..................................................................
TEMPERATURE (F)
 YESTERDAY
  MAXIMUM         63    142 PM  85    1957  63      0       70
  MINIMUM         31    616 AM  20    1977  39     -8       33
  AVERAGE         47                        51     -4       52

PRECIPITATION (IN)
  YESTERDAY        0.00                      0.16  -0.16     0.00
  MONTH TO DATE    2.30                      1.05   1.25     1.12
  SINCE DEC 1     12.82                      9.62   3.20    12.15
  SINCE JAN 1      5.96                      5.87   0.09     4.42

SNOWFALL (IN)
  YESTERDAY        0.0

DEGREE DAYS
 HEATING
  YESTERDAY       18                        14      4       13
  MONTH TO DATE  101                       115    -14      132
  SINCE DEC 1    770                      1049   -279      974
  SINCE JUL 1    894                      1319   -425     1379

 COOLING
  YESTERDAY        0                         0      0        0
  MONTH TO DATE    0                         0      0        0
  SINCE DEC 1     76                        13     63        7
  SINCE JAN 1      0                         4     -4        2
..................................................................


WIND (MPH)
  HIGHEST WIND SPEED    24   HIGHEST WIND DIRECTION     W (280)
  HIGHEST GUST SPEED    32   HIGHEST GUST DIRECTION     W (280)
  AVERAGE WIND SPEED     8.3




RELATIVE HUMIDITY (PERCENT)
 HIGHEST    85
 LOWEST     35
 AVERAGE    60

..........................................................


THE ALBANY CLIMATE NORMALS FOR TODAY
                         NORMAL    RECORD    YEAR
 MAXIMUM TEMPERATURE (F)   63        83      1957
 MINIMUM TEMPERATURE (F)   40        17      1933


SUNRISE AND SUNSET
FEBRUARY  9 2016......SUNRISE   724 AM EST   SUNSET   618 PM EST
FEBRUARY 10 2016......SUNRISE   723 AM EST   SUNSET   619 PM EST


-  INDICATES NEGATIVE NUMBERS.
R  INDICATES RECORD WAS SET OR TIED.
MM INDICATES DATA IS MISSING.
T  INDICATES TRACE AMOUNT.




$$
