000
CDUS42 KTAE 160632
CLIABY


CLIMATE REPORT
NATIONAL WEATHER SERVICE TALLAHASSEE FL
131 AM EST SAT DEC 16 2017


...................................

...THE ALBANY CLIMATE SUMMARY FOR DECEMBER 15 2017...

CLIMATE NORMAL PERIOD 1981 TO 2010
CLIMATE RECORD PERIOD 1930 TO 2017


WEATHER ITEM   OBSERVED TIME   RECORD YEAR NORMAL DEPARTURE LAST
                VALUE   (LST)  VALUE       VALUE  FROM      YEAR
                                                  NORMAL
..................................................................
TEMPERATURE (F)
 YESTERDAY
  MAXIMUM         55    133 PM  82    1972  62     -7       60
  MINIMUM         38    529 AM  21    1962  40     -2       41
  AVERAGE         47                        51     -4       51

PRECIPITATION (IN)
  YESTERDAY        T                         0.13  -0.13      T
  MONTH TO DATE    1.96                      2.13  -0.17     8.41
  SINCE DEC 1      1.96                      2.13  -0.17     8.41
  SINCE JAN 1     40.09                     46.95  -6.86    46.77

SNOWFALL (IN)
  YESTERDAY       MM

DEGREE DAYS
 HEATING
  YESTERDAY       18                        14      4       14
  MONTH TO DATE  193                       195     -2      135
  SINCE DEC 1    193                       195     -2      135
  SINCE JUL 1    408                       465    -57      276

 COOLING
  YESTERDAY        0                         0      0        0
  MONTH TO DATE    5                         0      5        7
  SINCE DEC 1      5                         0      5        7
  SINCE JAN 1   2926                      2533    393     3022
..................................................................


WIND (MPH)
  HIGHEST WIND SPEED    14   HIGHEST WIND DIRECTION     W (290)
  HIGHEST GUST SPEED    19   HIGHEST GUST DIRECTION     W (290)
  AVERAGE WIND SPEED     4.2




RELATIVE HUMIDITY (PERCENT)
 HIGHEST    93
 LOWEST     49
 AVERAGE    71

..........................................................


THE ALBANY CLIMATE NORMALS FOR TODAY
                         NORMAL    RECORD    YEAR
 MAXIMUM TEMPERATURE (F)   62        79      2008
                                             1971
 MINIMUM TEMPERATURE (F)   39        19      1985


SUNRISE AND SUNSET
DECEMBER 16 2017......SUNRISE   729 AM EST   SUNSET   536 PM EST
DECEMBER 17 2017......SUNRISE   730 AM EST   SUNSET   536 PM EST


-  INDICATES NEGATIVE NUMBERS.
R  INDICATES RECORD WAS SET OR TIED.
MM INDICATES DATA IS MISSING.
T  INDICATES TRACE AMOUNT.




$$
