000
CDUS42 KTAE 022231
CLIABY


CLIMATE REPORT
NATIONAL WEATHER SERVICE TALLAHASSEE FL
531 PM EST FRI DEC 2 2016


...................................

...THE ALBANY CLIMATE SUMMARY FOR DECEMBER 2 2016...
VALID TODAY AS OF 0500 PM LOCAL TIME.

CLIMATE NORMAL PERIOD 1981 TO 2010
CLIMATE RECORD PERIOD 1930 TO 2016


WEATHER ITEM   OBSERVED TIME   RECORD YEAR NORMAL DEPARTURE LAST
                VALUE   (LST)  VALUE       VALUE  FROM      YEAR
                                                  NORMAL
..................................................................
TEMPERATURE (F)
 TODAY
  MAXIMUM         67    403 PM  80    2014  66      1       68
                                      1998
  MINIMUM         36    645 AM  19    1979  42     -6       54
  AVERAGE         52                        54     -2       61

PRECIPITATION (IN)
  TODAY            0.00                      0.14  -0.14     1.95
  MONTH TO DATE    0.00                      0.29  -0.29     1.95
  SINCE DEC 1      0.00                      0.29  -0.29     1.95
  SINCE JAN 1     38.36                     45.11  -6.75    44.64

..................................................................







THE ALBANY CLIMATE NORMALS FOR TOMORROW
                         NORMAL    RECORD    YEAR
 MAXIMUM TEMPERATURE (F)   65        83      1991
 MINIMUM TEMPERATURE (F)   42        19      1960



-  INDICATES NEGATIVE NUMBERS.
R  INDICATES RECORD WAS SET OR TIED.
MM INDICATES DATA IS MISSING.
T  INDICATES TRACE AMOUNT.




$$
