152
CDUS42 KTAE 210631
CLIABY


CLIMATE REPORT
NATIONAL WEATHER SERVICE TALLAHASSEE FL
231 AM EDT MON AUG 21 2017


...................................

...THE ALBANY CLIMATE SUMMARY FOR AUGUST 20 2017...

CLIMATE NORMAL PERIOD 1981 TO 2010
CLIMATE RECORD PERIOD 1930 TO 2017


WEATHER ITEM   OBSERVED TIME   RECORD YEAR NORMAL DEPARTURE LAST
                VALUE   (LST)  VALUE       VALUE  FROM      YEAR
                                                  NORMAL
..................................................................
TEMPERATURE (F)
 YESTERDAY
  MAXIMUM         99    323 PM 101    1978  92      7       95
  MINIMUM         71    553 AM  64    1979  72     -1       75
  AVERAGE         85                        82      3       85

PRECIPITATION (IN)
  YESTERDAY        0.00                      0.17  -0.17     0.00
  MONTH TO DATE    1.78                      3.28  -1.50     3.50
  SINCE JUN 1     12.56                     13.68  -1.12    10.14
  SINCE JAN 1     31.56                     34.04  -2.48    32.87

SNOWFALL (IN)
  YESTERDAY        0.0

DEGREE DAYS
 HEATING
  YESTERDAY        0                         0      0        0
  MONTH TO DATE    0                         0      0        0
  SINCE JUN 1      0                         0      0        0
  SINCE JUL 1      0                         0      0        0

 COOLING
  YESTERDAY       20                        17      3       20
  MONTH TO DATE  368                       340     28      384
  SINCE JUN 1   1374                      1346     28     1525
  SINCE JAN 1   2004                      1786    218     2017
..................................................................


WIND (MPH)
  HIGHEST WIND SPEED    12   HIGHEST WIND DIRECTION     N (340)
  HIGHEST GUST SPEED    15   HIGHEST GUST DIRECTION     N (10)
  AVERAGE WIND SPEED     3.4




RELATIVE HUMIDITY (PERCENT)
 HIGHEST    94
 LOWEST     31
 AVERAGE    63

..........................................................


THE ALBANY CLIMATE NORMALS FOR TODAY
                         NORMAL    RECORD    YEAR
 MAXIMUM TEMPERATURE (F)   92       101      1983
 MINIMUM TEMPERATURE (F)   72        60      1991


SUNRISE AND SUNSET
AUGUST 21 2017........SUNRISE   706 AM EDT   SUNSET   813 PM EDT
AUGUST 22 2017........SUNRISE   707 AM EDT   SUNSET   812 PM EDT


-  INDICATES NEGATIVE NUMBERS.
R  INDICATES RECORD WAS SET OR TIED.
MM INDICATES DATA IS MISSING.
T  INDICATES TRACE AMOUNT.




$$
