000
CDUS42 KTAE 292133
CLIABY


CLIMATE REPORT
NATIONAL WEATHER SERVICE TALLAHASSEE FL
533 PM EDT FRI MAY 29 2015


...................................

...THE ALBANY CLIMATE SUMMARY FOR MAY 29 2015...
VALID TODAY AS OF 0500 PM LOCAL TIME.

CLIMATE NORMAL PERIOD 1981 TO 2010
CLIMATE RECORD PERIOD 1930 TO 2015


WEATHER ITEM   OBSERVED TIME   RECORD YEAR NORMAL DEPARTURE LAST
                VALUE   (LST)  VALUE       VALUE  FROM      YEAR
                                                  NORMAL
..................................................................
TEMPERATURE (F)
 TODAY
  MAXIMUM         90    331 PM  99    1937  90      0       90
  MINIMUM         65    606 AM  49    1988  66     -1       67
  AVERAGE         78                        78      0       79

PRECIPITATION (IN)
  TODAY            0.00                      0.14  -0.14     0.00
  MONTH TO DATE    0.29                      2.40  -2.11     2.44
  SINCE MAR 1      7.64                     11.09  -3.45    13.17
  SINCE JAN 1     14.97                     20.07  -5.10    18.41

..................................................................







THE ALBANY CLIMATE NORMALS FOR TOMORROW
                         NORMAL    RECORD    YEAR
 MAXIMUM TEMPERATURE (F)   90       100      1941
 MINIMUM TEMPERATURE (F)   67        49      1971



-  INDICATES NEGATIVE NUMBERS.
R  INDICATES RECORD WAS SET OR TIED.
MM INDICATES DATA IS MISSING.
T  INDICATES TRACE AMOUNT.




$$
