000
CDUS44 KFWD 222221
CLIACT

CLIMATE REPORT
NATIONAL WEATHER SERVICE FORT WORTH TX
420 PM CST MON DEC 22 2014


...................................

...THE WACO CLIMATE SUMMARY FOR DECEMBER 22 2014...
VALID AS OF 0400 PM LOCAL TIME.

CLIMATE NORMAL PERIOD 1981 TO 2010
CLIMATE RECORD PERIOD 1901 TO 2014


WEATHER ITEM   OBSERVED TIME   RECORD YEAR NORMAL DEPARTURE LAST
                VALUE   (LST)  VALUE       VALUE  FROM      YEAR
                                                  NORMAL
..................................................................
TEMPERATURE (F)
 TODAY
  MAXIMUM         74    224 PM  76    2003  58     16       46
                                      1941
  MINIMUM         55    804 AM   4    1929  36     19       32
  AVERAGE         65

PRECIPITATION (IN)
  TODAY            0.00          1.52 1910   0.10  -0.10     0.00
  MONTH TO DATE    0.36                      1.97  -1.61     1.34
  SINCE DEC 1      0.36                      1.97  -1.61     1.34
  SINCE JAN 1     29.91                     33.91  -4.00    37.89

SNOWFALL (IN)
  TODAY            0.0           T    2004   0.0    0.0      0.0
                                      1990
                                      1989
  MONTH TO DATE    0.0                       0.0    0.0       T
  SINCE DEC 1      0.0                       0.0    0.0       T
  SINCE JUL 1      0.0                       0.1   -0.1       T
  SNOW DEPTH       0

..................................................................


WIND (MPH)
  HIGHEST WIND SPEED    21   HIGHEST WIND DIRECTION     W (260)
  HIGHEST GUST SPEED    27   HIGHEST GUST DIRECTION     S (200)
  AVERAGE WIND SPEED    14.1




..........................................................


THE WACO CLIMATE NORMALS FOR TOMORROW
                         NORMAL    RECORD    YEAR
 MAXIMUM TEMPERATURE (F)   58        81      1964
 MINIMUM TEMPERATURE (F)   36        -4      1989


SUNRISE AND SUNSET
DECEMBER 22 2014......SUNRISE   725 AM CST   SUNSET   530 PM CST
DECEMBER 23 2014......SUNRISE   725 AM CST   SUNSET   531 PM CST


-  INDICATES NEGATIVE NUMBERS.
R  INDICATES RECORD WAS SET OR TIED.
MM INDICATES DATA IS MISSING.
T  INDICATES TRACE AMOUNT.




$$
