000
CDUS44 KFWD 190642
CLIACT


CLIMATE REPORT
NATIONAL WEATHER SERVICE FORT WORTH TX
1241 AM CST THU JAN 19 2017


...................................

...THE WACO CLIMATE SUMMARY FOR JANUARY 18 2017...

CLIMATE NORMAL PERIOD 1981 TO 2010
CLIMATE RECORD PERIOD 1901 TO 2017


WEATHER ITEM   OBSERVED TIME   RECORD YEAR NORMAL DEPARTURE LAST
                VALUE   (LST)  VALUE       VALUE  FROM      YEAR
                                                  NORMAL
..................................................................
TEMPERATURE (F)
 YESTERDAY
  MAXIMUM         52    952 PM  82    2000  58     -6       52
  MINIMUM         46    117 AM  -1    1930  36     10       31
  AVERAGE         49                        47      2       42

PRECIPITATION (IN)
  YESTERDAY        0.82          1.89 1945   0.07   0.75     0.00
  MONTH TO DATE    3.09                      1.16   1.93     0.22
  SINCE DEC 1      4.36                      3.91   0.45     3.84
  SINCE JAN 1      3.09                      1.16   1.93     0.22

SNOWFALL (IN)
  YESTERDAY        0.0           2.0  1930   0.1   -0.1      0.0
  MONTH TO DATE    0.0                       0.2   -0.2      0.0
  SINCE DEC 1      T                         0.2   -0.2      0.0
  SINCE JUL 1      T                         0.3   -0.3      0.0
  SNOW DEPTH       0

DEGREE DAYS
 HEATING
  YESTERDAY       16                        18     -2       23
  MONTH TO DATE  278                       329    -51      350
  SINCE DEC 1    718                       853   -135      734
  SINCE JUL 1    861                      1181   -320      969

 COOLING
  YESTERDAY        0                         0      0        0
  MONTH TO DATE    9                         0      9        0
  SINCE DEC 1     32                         5     27        5
  SINCE JAN 1      9                         0      9        0
..................................................................


WIND (MPH)
  HIGHEST WIND SPEED    15   HIGHEST WIND DIRECTION    NW (330)
  HIGHEST GUST SPEED    19   HIGHEST GUST DIRECTION    NW (320)
  AVERAGE WIND SPEED     7.5


SKY COVER
  POSSIBLE SUNSHINE  MM
  AVERAGE SKY COVER 1.0


WEATHER CONDITIONS
 THE FOLLOWING WEATHER WAS RECORDED YESTERDAY.
  THUNDERSTORM
  HEAVY RAIN
  RAIN
  LIGHT RAIN
  FOG


RELATIVE HUMIDITY (PERCENT)
 HIGHEST   100           100 AM
 LOWEST     89          1100 AM
 AVERAGE    95

..........................................................


THE WACO CLIMATE NORMALS FOR TODAY
                         NORMAL    RECORD    YEAR
 MAXIMUM TEMPERATURE (F)   58        84      1952
 MINIMUM TEMPERATURE (F)   36         7      1940


SUNRISE AND SUNSET
JANUARY 19 2017.......SUNRISE   728 AM CST   SUNSET   552 PM CST
JANUARY 20 2017.......SUNRISE   727 AM CST   SUNSET   553 PM CST


-  INDICATES NEGATIVE NUMBERS.
R  INDICATES RECORD WAS SET OR TIED.
MM INDICATES DATA IS MISSING.
T  INDICATES TRACE AMOUNT.




$$
