000
CDUS44 KFWD 210652
CLIACT

CLIMATE REPORT
NATIONAL WEATHER SERVICE FORT WORTH TX
149 AM CDT THU AUG 21 2014

...THE WACO CLIMATE SUMMARY FOR AUGUST 20 2014...

CLIMATE NORMAL PERIOD 1981 TO 2010
CLIMATE RECORD PERIOD 1901 TO 2014


WEATHER ITEM   OBSERVED TIME   RECORD YEAR NORMAL DEPARTURE LAST
                VALUE   (LST)  VALUE       VALUE  FROM      YEAR
                                                  NORMAL
..................................................................
TEMPERATURE (F)
 YESTERDAY
  MAXIMUM        100    345 PM 107    2011  97      3       96
                                      1984
  MINIMUM         78    628 AM  58    1940  74      4       68
  AVERAGE         89                        85      4       82

PRECIPITATION (IN)
  YESTERDAY        0.00          2.22 1931   0.06  -0.06     0.00
  MONTH TO DATE    0.46                      1.20  -0.74     0.02
  SINCE JUN 1      8.92                      6.42   2.50     7.14
  SINCE JAN 1     20.06                     21.31  -1.25    21.23

DEGREE DAYS
 HEATING
  YESTERDAY        0                         0      0        0
  MONTH TO DATE    0                         0      0        0
  SINCE JUN 1      0                         0      0        0
  SINCE JUL 1      0                         0      0        0

 COOLING
  YESTERDAY       24                        20      4       17
  MONTH TO DATE  405                       417    -12      412
  SINCE JUN 1   1449                      1531    -82     1562
  SINCE JAN 1   1836                      1983   -147     1979
..................................................................


WIND (MPH)
  HIGHEST WIND SPEED    24   HIGHEST WIND DIRECTION    SE (140)
  HIGHEST GUST SPEED    30   HIGHEST GUST DIRECTION    SE (130)
  AVERAGE WIND SPEED    14.9


SKY COVER
  POSSIBLE SUNSHINE  MM
  AVERAGE SKY COVER 0.1


WEATHER CONDITIONS
 THE FOLLOWING WEATHER WAS RECORDED YESTERDAY.
  NO SIGNIFICANT WEATHER WAS OBSERVED.


RELATIVE HUMIDITY (PERCENT)
 HIGHEST    85           700 AM
 LOWEST     33           300 PM
 AVERAGE    59

..........................................................


THE WACO CLIMATE NORMALS FOR TODAY
                         NORMAL    RECORD    YEAR
 MAXIMUM TEMPERATURE (F)   97       106      1948
 MINIMUM TEMPERATURE (F)   74        61      1992
                                             1940


SUNRISE AND SUNSET
AUGUST 21 2014........SUNRISE   658 AM CDT   SUNSET   806 PM CDT
AUGUST 22 2014........SUNRISE   658 AM CDT   SUNSET   804 PM CDT


-  INDICATES NEGATIVE NUMBERS.
R  INDICATES RECORD WAS SET OR TIED.
MM INDICATES DATA IS MISSING.
T  INDICATES TRACE AMOUNT.




$$
