000
CDUS44 KFWD 050707
CLIACT


CLIMATE REPORT
NATIONAL WEATHER SERVICE FORT WORTH TX
206 AM CDT THU MAY 5 2016


...................................

...THE WACO CLIMATE SUMMARY FOR MAY 4 2016...

CLIMATE NORMAL PERIOD 1981 TO 2010
CLIMATE RECORD PERIOD 1901 TO 2016


WEATHER ITEM   OBSERVED TIME   RECORD YEAR NORMAL DEPARTURE LAST
                VALUE   (LST)  VALUE       VALUE  FROM      YEAR
                                                  NORMAL
..................................................................
TEMPERATURE (F)
 YESTERDAY
  MAXIMUM         84    331 PM 100    1984  82      2       84
  MINIMUM         50    546 AM  34    2013  60    -10       63
  AVERAGE         67                        71     -4       74

PRECIPITATION (IN)
  YESTERDAY        0.00          1.66 2001   0.14  -0.14     0.00
  MONTH TO DATE    0.35                      0.55  -0.20     0.00
  SINCE MAR 1     12.23                      6.39   5.84     7.34
  SINCE JAN 1     14.68                     11.14   3.54    12.07

DEGREE DAYS
 HEATING
  YESTERDAY        0                         1     -1        0
  MONTH TO DATE    9                         4      5        0
  SINCE MAR 1    212                       328   -116      350
  SINCE JUL 1   1689                      2140   -451     2304

 COOLING
  YESTERDAY        2                         7     -5        9
  MONTH TO DATE    5                        25    -20       19
  SINCE MAR 1    141                       170    -29      180
  SINCE JAN 1    149                       179    -30      180
..................................................................


WIND (MPH)
  HIGHEST WIND SPEED    17   HIGHEST WIND DIRECTION    NW (300)
  HIGHEST GUST SPEED    23   HIGHEST GUST DIRECTION     W (280)
  AVERAGE WIND SPEED     7.3


SKY COVER
  POSSIBLE SUNSHINE  MM
  AVERAGE SKY COVER 0.0


WEATHER CONDITIONS
 THE FOLLOWING WEATHER WAS RECORDED YESTERDAY.
  NO SIGNIFICANT WEATHER WAS OBSERVED.


RELATIVE HUMIDITY (PERCENT)
 HIGHEST    93           200 AM
 LOWEST     28           500 PM
 AVERAGE    61

..........................................................


THE WACO CLIMATE NORMALS FOR TODAY
                         NORMAL    RECORD    YEAR
 MAXIMUM TEMPERATURE (F)   82       100      1984
                                             1906
 MINIMUM TEMPERATURE (F)   61        40      2013


SUNRISE AND SUNSET
MAY  5 2016...........SUNRISE   639 AM CDT   SUNSET   812 PM CDT
MAY  6 2016...........SUNRISE   639 AM CDT   SUNSET   813 PM CDT


-  INDICATES NEGATIVE NUMBERS.
R  INDICATES RECORD WAS SET OR TIED.
MM INDICATES DATA IS MISSING.
T  INDICATES TRACE AMOUNT.




$$
