000
CDUS44 KFWD 282223
CLIACT

CLIMATE REPORT
NATIONAL WEATHER SERVICE FORT WORTH TX
423 PM CST FRI NOV 28 2014


...................................

...THE WACO CLIMATE SUMMARY FOR NOVEMBER 28 2014...
VALID AS OF 0400 PM LOCAL TIME.

CLIMATE NORMAL PERIOD 1981 TO 2010
CLIMATE RECORD PERIOD 1901 TO 2014


WEATHER ITEM   OBSERVED TIME   RECORD YEAR NORMAL DEPARTURE LAST
                VALUE   (LST)  VALUE       VALUE  FROM      YEAR
                                                  NORMAL
..................................................................
TEMPERATURE (F)
 TODAY
  MAXIMUM         71    358 PM  89    1949  63      8       53
  MINIMUM         34    147 AM  21    1976  42     -8       27
  AVERAGE         53

PRECIPITATION (IN)
  TODAY            0.00          0.74 1917   0.08  -0.08     0.00
  MONTH TO DATE    2.68                      2.64   0.04     2.39
  SINCE SEP 1      8.97                      9.60  -0.63    15.12
  SINCE JAN 1     29.55                     31.76  -2.21    36.55

SNOWFALL (IN)
  TODAY            0.0           T    2001   0.0    0.0      0.0
                                      1976
  MONTH TO DATE    0.0                       0.1   -0.1       T
  SINCE SEP 1      0.0                       0.1   -0.1       T
  SINCE JUL 1      0.0                       0.1   -0.1       T
  SNOW DEPTH       0

..................................................................


WIND (MPH)
  HIGHEST WIND SPEED    25   HIGHEST WIND DIRECTION     S (190)
  HIGHEST GUST SPEED    32   HIGHEST GUST DIRECTION     S (180)
  AVERAGE WIND SPEED    11.9




..........................................................


THE WACO CLIMATE NORMALS FOR TOMORROW
                         NORMAL    RECORD    YEAR
 MAXIMUM TEMPERATURE (F)   63        83      1991
 MINIMUM TEMPERATURE (F)   41        17      1976


SUNRISE AND SUNSET
NOVEMBER 28 2014......SUNRISE   708 AM CST   SUNSET   525 PM CST
NOVEMBER 29 2014......SUNRISE   709 AM CST   SUNSET   525 PM CST


-  INDICATES NEGATIVE NUMBERS.
R  INDICATES RECORD WAS SET OR TIED.
MM INDICATES DATA IS MISSING.
T  INDICATES TRACE AMOUNT.




$$
