000
CDUS44 KFWD 260647
CLIACT


CLIMATE REPORT
NATIONAL WEATHER SERVICE FORT WORTH TX
144 AM CDT SUN MAR 26 2017

...................................

...THE WACO CLIMATE SUMMARY FOR MARCH 25 2017...

CLIMATE NORMAL PERIOD 1981 TO 2010
CLIMATE RECORD PERIOD 1901 TO 2017

WEATHER ITEM   OBSERVED TIME   RECORD YEAR NORMAL DEPARTURE LAST
                VALUE   (LST)  VALUE       VALUE  FROM      YEAR
                                                  NORMAL
..................................................................
TEMPERATURE (F)
 YESTERDAY
  MAXIMUM         76    533 PM  91    1928  72      4       70
  MINIMUM         49    646 AM  29    1955  49      0       35
  AVERAGE         63                        60      3       53

PRECIPITATION (IN)
  YESTERDAY        0.00          2.00 1934   0.09  -0.09     0.00
  MONTH TO DATE    2.65                      2.63   0.02     4.91
  SINCE MAR 1      2.65                      2.63   0.02     4.91
  SINCE JAN 1      8.81                      7.38   1.43     7.36

SNOWFALL (IN)
  YESTERDAY        0.0           0.0    MM   0.0    0.0      0.0
  MONTH TO DATE    0.0                       0.1   -0.1      0.0
  SINCE MAR 1      0.0                       0.1   -0.1      0.0
  SINCE JUL 1      T                         0.9   -0.9      0.0
  SNOW DEPTH       0

DEGREE DAYS
 HEATING
  YESTERDAY        2                         6     -4       12
  MONTH TO DATE  117                       214    -97      123
  SINCE MAR 1    117                       214    -97      123
  SINCE JUL 1   1293                      2026   -733     1600

 COOLING
  YESTERDAY        0                         2     -2        0
  MONTH TO DATE   73                        25     48       20
  SINCE MAR 1     73                        25     48       20
  SINCE JAN 1    131                        34     97       28
..................................................................

WIND (MPH)
  HIGHEST WIND SPEED    18   HIGHEST WIND DIRECTION     W (290)
  HIGHEST GUST SPEED    23   HIGHEST GUST DIRECTION    NW (330)
  AVERAGE WIND SPEED     7.9


SKY COVER
  POSSIBLE SUNSHINE  MM
  AVERAGE SKY COVER 0.0


WEATHER CONDITIONS
 THE FOLLOWING WEATHER WAS RECORDED YESTERDAY.
  NO SIGNIFICANT WEATHER WAS OBSERVED.


RELATIVE HUMIDITY (PERCENT)
 HIGHEST    83          1000 PM
 LOWEST     38           400 PM
 AVERAGE    61

..........................................................

THE WACO CLIMATE NORMALS FOR TODAY
                         NORMAL    RECORD    YEAR
 MAXIMUM TEMPERATURE (F)   72        94      2011
 MINIMUM TEMPERATURE (F)   49        22      2013


SUNRISE AND SUNSET
MARCH 26 2017.........SUNRISE   725 AM CDT   SUNSET   745 PM CDT
MARCH 27 2017.........SUNRISE   723 AM CDT   SUNSET   745 PM CDT


-  INDICATES NEGATIVE NUMBERS.
R  INDICATES RECORD WAS SET OR TIED.
MM INDICATES DATA IS MISSING.
T  INDICATES TRACE AMOUNT.


$$
