000
CDUS44 KFWD 200655
CLIACT

CLIMATE REPORT
NATIONAL WEATHER SERVICE FORT WORTH TX
155 AM CDT SAT SEP 20 2014


...................................

...THE WACO CLIMATE SUMMARY FOR SEPTEMBER 19 2014...

CLIMATE NORMAL PERIOD 1981 TO 2010
CLIMATE RECORD PERIOD 1901 TO 2014


WEATHER ITEM   OBSERVED TIME   RECORD YEAR NORMAL DEPARTURE LAST
                VALUE   (LST)  VALUE       VALUE  FROM      YEAR
                                                  NORMAL
..................................................................
TEMPERATURE (F)
 YESTERDAY
  MAXIMUM         88    318 PM 104    1956  89     -1       94
  MINIMUM         69    651 AM  45    1981  65      4       74
  AVERAGE         79                        77      2       84

PRECIPITATION (IN)
  YESTERDAY        T             1.57 1988   0.10  -0.10     1.38
  MONTH TO DATE    1.27                      1.92  -0.65     1.90
  SINCE SEP 1      1.27                      1.92  -0.65     1.90
  SINCE JAN 1     21.85                     24.08  -2.23    23.33

DEGREE DAYS
 HEATING
  YESTERDAY        0                         0      0        0
  MONTH TO DATE    0                         0      0        0
  SINCE SEP 1      0                         0      0        0
  SINCE JUL 1      0                         0      0        0

 COOLING
  YESTERDAY       14                        12      2       19
  MONTH TO DATE  315                       284     31      385
  SINCE SEP 1    315                       284     31      385
  SINCE JAN 1   2390                      2479    -89     2596
..................................................................


WIND (MPH)
  HIGHEST WIND SPEED    14   HIGHEST WIND DIRECTION    SE (120)
  HIGHEST GUST SPEED    16   HIGHEST GUST DIRECTION    SE (120)
  AVERAGE WIND SPEED     5.0


SKY COVER
  POSSIBLE SUNSHINE  MM
  AVERAGE SKY COVER 0.7


WEATHER CONDITIONS
 THE FOLLOWING WEATHER WAS RECORDED YESTERDAY.
  LIGHT RAIN
  FOG
  FOG W/VISIBILITY <= 1/4 MILE


RELATIVE HUMIDITY (PERCENT)
 HIGHEST   100           400 AM
 LOWEST     55           300 PM
 AVERAGE    78

..........................................................


THE WACO CLIMATE NORMALS FOR TODAY
                         NORMAL    RECORD    YEAR
 MAXIMUM TEMPERATURE (F)   88       100      1954
                                             1953
                                             1911
 MINIMUM TEMPERATURE (F)   65        49      1971


SUNRISE AND SUNSET
SEPTEMBER 20 2014.....SUNRISE   716 AM CDT   SUNSET   728 PM CDT
SEPTEMBER 21 2014.....SUNRISE   716 AM CDT   SUNSET   727 PM CDT


-  INDICATES NEGATIVE NUMBERS.
R  INDICATES RECORD WAS SET OR TIED.
MM INDICATES DATA IS MISSING.
T  INDICATES TRACE AMOUNT.




$$
