000
CDUS44 KFWD 100648
CLIACT


CLIMATE REPORT
NATIONAL WEATHER SERVICE FORT WORTH TX
1248 AM CST WED FEB 10 2016


...................................

...THE WACO CLIMATE SUMMARY FOR FEBRUARY 9 2016...

CLIMATE NORMAL PERIOD 1981 TO 2010
CLIMATE RECORD PERIOD 1901 TO 2016


WEATHER ITEM   OBSERVED TIME   RECORD YEAR NORMAL DEPARTURE LAST
                VALUE   (LST)  VALUE       VALUE  FROM      YEAR
                                                  NORMAL
..................................................................
TEMPERATURE (F)
 YESTERDAY
  MAXIMUM         71    326 PM  89    1960  61     10       80
  MINIMUM         29    500 AM  15    1936  38     -9       39
                                      1933
  AVERAGE         50                        50      0       60

PRECIPITATION (IN)
  YESTERDAY        0.00          1.55 1935   0.09  -0.09     0.00
  MONTH TO DATE    0.03                      0.74  -0.71      T
  SINCE DEC 1      3.94                      5.61  -1.67     4.02
  SINCE JAN 1      0.32                      2.86  -2.54     3.48

SNOWFALL (IN)
  YESTERDAY        0.0           0.2  1978   0.0    0.0      0.0
  MONTH TO DATE    0.0                       0.1   -0.1      0.0
  SINCE DEC 1      0.0                       0.4   -0.4       T
  SINCE JUL 1      0.0                       0.5   -0.5       T
  SNOW DEPTH       0

DEGREE DAYS
 HEATING
  YESTERDAY       15                        16     -1        5
  MONTH TO DATE  159                       147     12      141
  SINCE DEC 1   1089                      1227   -138     1203
  SINCE JUL 1   1324                      1555   -231     1585

 COOLING
  YESTERDAY        0                         0      0        0
  MONTH TO DATE    0                         0      0        0
  SINCE DEC 1      5                         8     -3        4
  SINCE JAN 1      0                         3     -3        0
..................................................................


WIND (MPH)
  HIGHEST WIND SPEED    23   HIGHEST WIND DIRECTION     N (340)
  HIGHEST GUST SPEED    33   HIGHEST GUST DIRECTION    NW (310)
  AVERAGE WIND SPEED     9.9


SKY COVER
  POSSIBLE SUNSHINE  MM
  AVERAGE SKY COVER 0.0


WEATHER CONDITIONS
 THE FOLLOWING WEATHER WAS RECORDED YESTERDAY.
  NO SIGNIFICANT WEATHER WAS OBSERVED.


RELATIVE HUMIDITY (PERCENT)
 HIGHEST    63           500 AM
 LOWEST     17          1100 AM
 AVERAGE    40

..........................................................


THE WACO CLIMATE NORMALS FOR TODAY
                         NORMAL    RECORD    YEAR
 MAXIMUM TEMPERATURE (F)   61        86      1954
 MINIMUM TEMPERATURE (F)   39        15      2011


SUNRISE AND SUNSET
FEBRUARY 10 2016......SUNRISE   715 AM CST   SUNSET   611 PM CST
FEBRUARY 11 2016......SUNRISE   715 AM CST   SUNSET   612 PM CST


-  INDICATES NEGATIVE NUMBERS.
R  INDICATES RECORD WAS SET OR TIED.
MM INDICATES DATA IS MISSING.
T  INDICATES TRACE AMOUNT.




$$
