000
CDUS41 KPHI 010627
CLIACY


CLIMATE REPORT
NATIONAL WEATHER SERVICE MOUNT HOLLY NJ
226 AM EDT WED JUL 1 2015


...................................

...THE ATLANTIC CITY NJ CLIMATE SUMMARY FOR JUNE 30 2015...

CLIMATE NORMAL PERIOD 1981 TO 2010
CLIMATE RECORD PERIOD 1874 TO 2015


WEATHER ITEM   OBSERVED TIME   RECORD YEAR NORMAL DEPARTURE LAST
                VALUE   (LST)  VALUE       VALUE  FROM      YEAR
                                                  NORMAL
..................................................................
TEMPERATURE (F)
 YESTERDAY
  MAXIMUM         81    156 PM  98    1991  84     -3       83
  MINIMUM         60    358 AM  50    1988  65     -5       62
  AVERAGE         71                        75     -4       73

PRECIPITATION (IN)
  YESTERDAY        0.00          2.79 1892   0.11  -0.11     0.00
  MONTH TO DATE    8.36                      3.11   5.25     1.54
  SINCE JUN 1      8.36                      3.11   5.25     1.54
  SINCE JAN 1     26.32                     20.39   5.93    21.72

SNOWFALL (IN)
  YESTERDAY        0.0           0.0  1903   0.0    0.0      0.0
  MONTH TO DATE    0.0                       0.0    0.0      0.0
  SINCE JUN 1      0.0                       0.0    0.0      0.0
  SINCE JUL 1     22.4                      16.5    5.9     43.8
  SNOW DEPTH       0

DEGREE DAYS
 HEATING
  YESTERDAY        0                         0      0        0
  MONTH TO DATE   26                        24      2       10
  SINCE JUN 1     26                        27     -1       10
  SINCE JUL 1   5180                      4905    275     5307

 COOLING
  YESTERDAY        6                        10     -4        8
  MONTH TO DATE  245                       203     42      196
  SINCE JUN 1    245                       203     42      196
  SINCE JAN 1    379                       267    112      232
..................................................................


WIND (MPH)
  HIGHEST WIND SPEED    23   HIGHEST WIND DIRECTION     S (160)
  HIGHEST GUST SPEED    33   HIGHEST GUST DIRECTION     S (170)
  AVERAGE WIND SPEED     9.3


SKY COVER
  POSSIBLE SUNSHINE  MM
  AVERAGE SKY COVER 0.2


WEATHER CONDITIONS
 THE FOLLOWING WEATHER WAS RECORDED YESTERDAY.
  NO SIGNIFICANT WEATHER WAS OBSERVED.


RELATIVE HUMIDITY (PERCENT)
 HIGHEST    90           300 AM
 LOWEST     54          1200 PM
 AVERAGE    72

..........................................................


THE ATLANTIC CITY NJ CLIMATE NORMALS FOR TODAY
                         NORMAL    RECORD    YEAR
 MAXIMUM TEMPERATURE (F)   85        99      1968
 MINIMUM TEMPERATURE (F)   66        42      1988


SUNRISE AND SUNSET
JULY  1 2015..........SUNRISE   535 AM EDT   SUNSET   829 PM EDT
JULY  2 2015..........SUNRISE   535 AM EDT   SUNSET   829 PM EDT


-  INDICATES NEGATIVE NUMBERS.
R  INDICATES RECORD WAS SET OR TIED.
MM INDICATES DATA IS MISSING.
T  INDICATES TRACE AMOUNT.




$$
