000
CDUS41 KPHI 272134
CLIACY


CLIMATE REPORT
NATIONAL WEATHER SERVICE MOUNT HOLLY NJ
533 PM EDT TUE SEP 27 2016


...................................

...THE ATLANTIC CITY NJ CLIMATE SUMMARY FOR SEPTEMBER 27 2016...
VALID TODAY AS OF 0500 PM LOCAL TIME.

CLIMATE NORMAL PERIOD 1981 TO 2010
CLIMATE RECORD PERIOD 1874 TO 2016


WEATHER ITEM   OBSERVED TIME   RECORD YEAR NORMAL DEPARTURE LAST
                VALUE   (LST)  VALUE       VALUE  FROM      YEAR
                                                  NORMAL
..................................................................
TEMPERATURE (F)
 TODAY
  MAXIMUM         72   1236 AM  93    1998  73     -1       74
  MINIMUM         66    121 PM  36    1978  53     13       61
  AVERAGE         69                        63      6       68

PRECIPITATION (IN)
  TODAY            0.21          2.37 1958   0.11   0.10     0.00
  MONTH TO DATE    2.95                      2.79   0.16     0.61
  SINCE SEP 1      2.95                      2.79   0.16     0.61
  SINCE JAN 1     35.25                     31.01   4.24    33.06

SNOWFALL (IN)
  TODAY            0.0           0.0    MM   0.0    0.0      0.0
  MONTH TO DATE    0.0                       0.0    0.0      0.0
  SINCE SEP 1      0.0                       0.0    0.0      0.0
  SINCE JUL 1      0.0                       0.0    0.0      0.0
  SNOW DEPTH       0

DEGREE DAYS
 HEATING
  TODAY            0                         4     -4        0
  MONTH TO DATE   14                        46    -32        0
  SINCE SEP 1     14                        46    -32        0
  SINCE JUL 1     14                        49    -35        0

 COOLING
  TODAY            4                         2      2        3
  MONTH TO DATE  207                       120     87      179
  SINCE SEP 1    207                       120     87      179
  SINCE JAN 1   1310                      1029    281     1259
..................................................................


WIND (MPH)
  HIGHEST WIND SPEED    14   HIGHEST WIND DIRECTION     S (200)
  HIGHEST GUST SPEED    18   HIGHEST GUST DIRECTION    SW (230)
  AVERAGE WIND SPEED     7.3


SKY COVER
  POSSIBLE SUNSHINE  MM
  AVERAGE SKY COVER 1.0


WEATHER CONDITIONS
 THE FOLLOWING WEATHER WAS RECORDED TODAY.
  RAIN
  LIGHT RAIN
  FOG


RELATIVE HUMIDITY (PERCENT)
 HIGHEST    93           700 AM
 LOWEST     76           200 PM
 AVERAGE    85

..........................................................


THE ATLANTIC CITY NJ CLIMATE NORMALS FOR TOMORROW
                         NORMAL    RECORD    YEAR
 MAXIMUM TEMPERATURE (F)   73        83      1998
                                             1925
 MINIMUM TEMPERATURE (F)   52        35      1965


SUNRISE AND SUNSET
SEPTEMBER 27 2016.....SUNRISE   651 AM EDT   SUNSET   646 PM EDT
SEPTEMBER 28 2016.....SUNRISE   652 AM EDT   SUNSET   645 PM EDT


-  INDICATES NEGATIVE NUMBERS.
R  INDICATES RECORD WAS SET OR TIED.
MM INDICATES DATA IS MISSING.
T  INDICATES TRACE AMOUNT.




$$
