000
CDUS41 KPHI 302128
CLIACY


CLIMATE REPORT
NATIONAL WEATHER SERVICE MOUNT HOLLY NJ
526 PM EDT TUE AUG 30 2016


...................................

...THE ATLANTIC CITY NJ CLIMATE SUMMARY FOR AUGUST 30 2016...
VALID TODAY AS OF 0500 PM LOCAL TIME.

CLIMATE NORMAL PERIOD 1981 TO 2010
CLIMATE RECORD PERIOD 1874 TO 2016


WEATHER ITEM   OBSERVED TIME   RECORD YEAR NORMAL DEPARTURE LAST
                VALUE   (LST)  VALUE       VALUE  FROM      YEAR
                                                  NORMAL
..................................................................
TEMPERATURE (F)
 TODAY
  MAXIMUM         87    125 PM  96    1973  82      5       88
  MINIMUM         66    542 AM  41    1986  63      3       63
  AVERAGE         77                        72      5       76

PRECIPITATION (IN)
  TODAY            T             1.53 1939   0.11  -0.11     0.00
  MONTH TO DATE    1.10                      4.01  -2.91     1.25
  SINCE JUN 1     12.24                     10.84   1.40    16.20
  SINCE JAN 1     32.30                     28.12   4.18    32.45

SNOWFALL (IN)
  TODAY            0.0           0.0    MM   0.0    0.0      0.0
  MONTH TO DATE    0.0                       0.0    0.0      0.0
  SINCE JUN 1      0.0                       0.0    0.0      0.0
  SINCE JUL 1      0.0                       0.0    0.0      0.0
  SNOW DEPTH       0

DEGREE DAYS
 HEATING
  TODAY            0                         0      0        0
  MONTH TO DATE    0                         0      0        0
  SINCE JUN 1      4                        27    -23       26
  SINCE JUL 1      0                         0      0        0

 COOLING
  TODAY           12                         8      4       11
  MONTH TO DATE  407                       289    118      323
  SINCE JUN 1   1011                       839    172      928
  SINCE JAN 1   1090                       903    187     1062
..................................................................


WIND (MPH)
  HIGHEST WIND SPEED    15   HIGHEST WIND DIRECTION    SE (120)
  HIGHEST GUST SPEED    20   HIGHEST GUST DIRECTION     E (100)
  AVERAGE WIND SPEED     8.2


SKY COVER
  POSSIBLE SUNSHINE  MM
  AVERAGE SKY COVER 0.3


WEATHER CONDITIONS
 THE FOLLOWING WEATHER WAS RECORDED TODAY.
  LIGHT RAIN


RELATIVE HUMIDITY (PERCENT)
 HIGHEST    81           400 AM
 LOWEST     55          1000 AM
 AVERAGE    68

..........................................................


THE ATLANTIC CITY NJ CLIMATE NORMALS FOR TOMORROW
                         NORMAL    RECORD    YEAR
 MAXIMUM TEMPERATURE (F)   82        99      2010
 MINIMUM TEMPERATURE (F)   63        40      1976
                                             1965


SUNRISE AND SUNSET
AUGUST 30 2016........SUNRISE   625 AM EDT   SUNSET   732 PM EDT
AUGUST 31 2016........SUNRISE   626 AM EDT   SUNSET   730 PM EDT


-  INDICATES NEGATIVE NUMBERS.
R  INDICATES RECORD WAS SET OR TIED.
MM INDICATES DATA IS MISSING.
T  INDICATES TRACE AMOUNT.




$$
