000
CDUS41 KPHI 210631
CLIACY


CLIMATE REPORT
NATIONAL WEATHER SERVICE MOUNT HOLLY NJ
130 AM EST SAT JAN 21 2017


...................................

...THE ATLANTIC CITY NJ CLIMATE SUMMARY FOR JANUARY 20 2017...

CLIMATE NORMAL PERIOD 1981 TO 2010
CLIMATE RECORD PERIOD 1874 TO 2017


WEATHER ITEM   OBSERVED TIME   RECORD YEAR NORMAL DEPARTURE LAST
                VALUE   (LST)  VALUE       VALUE  FROM      YEAR
                                                  NORMAL
..................................................................
TEMPERATURE (F)
 YESTERDAY
  MAXIMUM         44   1159 PM  60    2006  41      3       36
                                      1890
  MINIMUM         27    534 AM  -4    1985  24      3       20
  AVERAGE         36                        33      3       28

PRECIPITATION (IN)
  YESTERDAY        0.07          1.35 1937   0.10  -0.03     0.00
  MONTH TO DATE    2.32                      2.11   0.21     1.63
  SINCE DEC 1      5.61                      5.80  -0.19     7.07
  SINCE JAN 1      2.32                      2.11   0.21     1.63

SNOWFALL (IN)
  YESTERDAY        0.0           3.4  2000   0.1   -0.1      0.0
                                      2002
  MONTH TO DATE    7.0                       2.5    4.5      2.8
  SINCE DEC 1      7.0                       6.2    0.8      2.8
  SINCE JUL 1      7.0                       6.4    0.6      2.8
  SNOW DEPTH       0

DEGREE DAYS
 HEATING
  YESTERDAY       29                        32     -3       37
  MONTH TO DATE  563                       638    -75      630
  SINCE DEC 1   1377                      1500   -123     1071
  SINCE JUL 1   2124                      2407   -283     1766

 COOLING
  YESTERDAY        0                         0      0        0
  MONTH TO DATE    0                         0      0        0
  SINCE DEC 1      0                         0      0        3
  SINCE JAN 1      0                         0      0        0
..................................................................


WIND (MPH)
  HIGHEST WIND SPEED     8   HIGHEST WIND DIRECTION    SE (120)
  HIGHEST GUST SPEED    10   HIGHEST GUST DIRECTION    SE (120)
  AVERAGE WIND SPEED     2.3


SKY COVER
  POSSIBLE SUNSHINE  MM
  AVERAGE SKY COVER 0.5


WEATHER CONDITIONS
 THE FOLLOWING WEATHER WAS RECORDED YESTERDAY.
  LIGHT RAIN
  FOG


RELATIVE HUMIDITY (PERCENT)
 HIGHEST    93           600 PM
 LOWEST     76          1200 PM
 AVERAGE    85

..........................................................


THE ATLANTIC CITY NJ CLIMATE NORMALS FOR TODAY
                         NORMAL    RECORD    YEAR
 MAXIMUM TEMPERATURE (F)   41        62      2006
                                             1974
 MINIMUM TEMPERATURE (F)   24        -9      1985


SUNRISE AND SUNSET
JANUARY 21 2017.......SUNRISE   714 AM EST   SUNSET   506 PM EST
JANUARY 22 2017.......SUNRISE   713 AM EST   SUNSET   507 PM EST


-  INDICATES NEGATIVE NUMBERS.
R  INDICATES RECORD WAS SET OR TIED.
MM INDICATES DATA IS MISSING.
T  INDICATES TRACE AMOUNT.




$$
