000
CDUS41 KPHI 250546
CLIACY


CLIMATE REPORT
NATIONAL WEATHER SERVICE MOUNT HOLLY NJ
1245 AM EST SAT NOV 25 2017


...................................

...THE ATLANTIC CITY NJ CLIMATE SUMMARY FOR NOVEMBER 24 2017...

CLIMATE NORMAL PERIOD 1981 TO 2010
CLIMATE RECORD PERIOD 1874 TO 2017


WEATHER ITEM   OBSERVED TIME   RECORD YEAR NORMAL DEPARTURE LAST
                VALUE   (LST)  VALUE       VALUE  FROM      YEAR
                                                  NORMAL
..................................................................
TEMPERATURE (F)
 YESTERDAY
  MAXIMUM         54    159 PM  72    1999  53      1       58
  MINIMUM         24    635 AM  11    1989  35    -11       34
  AVERAGE         39                        44     -5       46

PRECIPITATION (IN)
  YESTERDAY        0.00          3.09 1877   0.11  -0.11     0.01
  MONTH TO DATE    2.42                      2.58  -0.16     0.40
  SINCE SEP 1     10.36                      9.15   1.21     8.75
  SINCE JAN 1     48.93                     37.37  11.56    41.05

SNOWFALL (IN)
  YESTERDAY        0.0           0.2  1935   0.0    0.0      0.0
                                      1976
                                      1976
  MONTH TO DATE    0.0                       0.1   -0.1       T
  SINCE SEP 1      0.0                       0.1   -0.1       T
  SINCE JUL 1      0.0                       0.1   -0.1       T
  SNOW DEPTH       0

DEGREE DAYS
 HEATING
  YESTERDAY       26                        21      5       19
  MONTH TO DATE  421                       415      6      397
  SINCE SEP 1    585                       770   -185      645
  SINCE JUL 1    585                       773   -188      645

 COOLING
  YESTERDAY        0                         0      0        0
  MONTH TO DATE    1                         0      1        3
  SINCE SEP 1    247                       145    102      237
  SINCE JAN 1   1264                      1054    210     1340
..................................................................


WIND (MPH)
  HIGHEST WIND SPEED    10   HIGHEST WIND DIRECTION     S (180)
  HIGHEST GUST SPEED    15   HIGHEST GUST DIRECTION     S (180)
  AVERAGE WIND SPEED     2.2


SKY COVER
  POSSIBLE SUNSHINE  MM
  AVERAGE SKY COVER 0.0


WEATHER CONDITIONS
 THE FOLLOWING WEATHER WAS RECORDED YESTERDAY.
  NO SIGNIFICANT WEATHER WAS OBSERVED.


RELATIVE HUMIDITY (PERCENT)
 HIGHEST    92           500 AM
 LOWEST     35           200 PM
 AVERAGE    64

..........................................................


THE ATLANTIC CITY NJ CLIMATE NORMALS FOR TODAY
                         NORMAL    RECORD    YEAR
 MAXIMUM TEMPERATURE (F)   53        73      1973
 MINIMUM TEMPERATURE (F)   35        16      1989


SUNRISE AND SUNSET
NOVEMBER 25 2017......SUNRISE   653 AM EST   SUNSET   437 PM EST
NOVEMBER 26 2017......SUNRISE   654 AM EST   SUNSET   437 PM EST


-  INDICATES NEGATIVE NUMBERS.
R  INDICATES RECORD WAS SET OR TIED.
MM INDICATES DATA IS MISSING.
T  INDICATES TRACE AMOUNT.




$$
