000
CDUS41 KPHI 182133
CLIACY


CLIMATE REPORT
NATIONAL WEATHER SERVICE MOUNT HOLLY NJ
432 PM EST SUN FEB 18 2018


...................................

...THE ATLANTIC CITY NJ CLIMATE SUMMARY FOR FEBRUARY 18 2018...
VALID TODAY AS OF 0400 PM LOCAL TIME.

CLIMATE NORMAL PERIOD 1981 TO 2010
CLIMATE RECORD PERIOD 1874 TO 2018


WEATHER ITEM   OBSERVED TIME   RECORD YEAR NORMAL DEPARTURE LAST
                VALUE   (LST)  VALUE       VALUE  FROM      YEAR
                                                  NORMAL
..................................................................
TEMPERATURE (F)
 TODAY
  MAXIMUM         49    359 PM  72    2011  45      4       68
  MINIMUM         34    253 AM  -7    1979  27      7       24
  AVERAGE         42                        36      6       46

PRECIPITATION (IN)
  TODAY            0.00          1.88 1960   0.11  -0.11     0.00
  MONTH TO DATE    5.81                      1.77   4.04     0.97
  SINCE DEC 1     10.65                      8.68   1.97     8.44
  SINCE JAN 1      9.10                      4.99   4.11     5.15

SNOWFALL (IN)
  TODAY            0.0           3.2  1924   0.2   -0.2      0.0
  MONTH TO DATE    T                         4.6   -4.6      0.3
  SINCE DEC 1     24.5                      12.8   11.7      7.5
  SINCE JUL 1     24.5                      13.0   11.5      7.5
  SNOW DEPTH       0

DEGREE DAYS
 HEATING
  TODAY           23                        29     -6       19
  MONTH TO DATE  462                       550    -88      456
  SINCE DEC 1   2385                      2404    -19     2094
  SINCE JUL 1   3088                      3311   -223     2841

 COOLING
  TODAY            0                         0      0        0
  MONTH TO DATE    0                         0      0        0
  SINCE DEC 1      0                         0      0        0
  SINCE JAN 1      0                         0      0        0
..................................................................


WIND (MPH)
  HIGHEST WIND SPEED    21   HIGHEST WIND DIRECTION    NW (330)
  HIGHEST GUST SPEED    27   HIGHEST GUST DIRECTION     N (340)
  AVERAGE WIND SPEED    11.5


SKY COVER
  POSSIBLE SUNSHINE  MM
  AVERAGE SKY COVER 0.4


WEATHER CONDITIONS
 THE FOLLOWING WEATHER WAS RECORDED TODAY.
  FOG


RELATIVE HUMIDITY (PERCENT)
 HIGHEST   100           100 AM
 LOWEST     46           300 PM
 AVERAGE    73

..........................................................


THE ATLANTIC CITY NJ CLIMATE NORMALS FOR TOMORROW
                         NORMAL    RECORD    YEAR
 MAXIMUM TEMPERATURE (F)   45        73      1961
 MINIMUM TEMPERATURE (F)   27         4      1903


SUNRISE AND SUNSET
FEBRUARY 18 2018......SUNRISE   646 AM EST   SUNSET   538 PM EST
FEBRUARY 19 2018......SUNRISE   645 AM EST   SUNSET   540 PM EST


-  INDICATES NEGATIVE NUMBERS.
R  INDICATES RECORD WAS SET OR TIED.
MM INDICATES DATA IS MISSING.
T  INDICATES TRACE AMOUNT.




$$
