309
CDUS41 KPHI 010634
CLIACY


CLIMATE REPORT
NATIONAL WEATHER SERVICE MOUNT HOLLY NJ
233 AM EDT WED JUN 1 2016


...................................

...THE ATLANTIC CITY NJ CLIMATE SUMMARY FOR MAY 31 2016...

CLIMATE NORMAL PERIOD 1981 TO 2010
CLIMATE RECORD PERIOD 1874 TO 2016


WEATHER ITEM   OBSERVED TIME   RECORD YEAR NORMAL DEPARTURE LAST
                VALUE   (LST)  VALUE       VALUE  FROM      YEAR
                                                  NORMAL
..................................................................
TEMPERATURE (F)
 YESTERDAY
  MAXIMUM         81    123 PM  96    1991  76      5       86
  MINIMUM         67   1159 PM  36    1966  56     11       67
  AVERAGE         74                        66      8       77

PRECIPITATION (IN)
  YESTERDAY        T             1.38 1906   0.12  -0.12      T
  MONTH TO DATE    6.68                      3.35   3.33     0.71
  SINCE MAR 1     12.71                     11.19   1.52     8.19
  SINCE JAN 1     20.06                     17.28   2.78    16.25

SNOWFALL (IN)
  YESTERDAY        0.0           0.0  1903   0.0    0.0      0.0
  MONTH TO DATE    0.0                       0.0    0.0      0.0
  SINCE MAR 1      6.9                       1.4    5.5      7.4
  SINCE JUL 1     27.5                      16.5   11.0     22.4
  SNOW DEPTH       0

DEGREE DAYS
 HEATING
  YESTERDAY        0                         3     -3        0
  MONTH TO DATE  194                       176     18       80
  SINCE MAR 1   1169                      1287   -118     1279
  SINCE JUL 1   4050                      4878   -828     5154

 COOLING
  YESTERDAY        9                         3      6       12
  MONTH TO DATE   65                        55     10      134
  SINCE MAR 1     79                        64     15      134
  SINCE JAN 1     79                        64     15      134
..................................................................


WIND (MPH)
  HIGHEST WIND SPEED    13   HIGHEST WIND DIRECTION    SE (130)
  HIGHEST GUST SPEED    17   HIGHEST GUST DIRECTION    SE (140)
  AVERAGE WIND SPEED     4.4


SKY COVER
  POSSIBLE SUNSHINE  MM
  AVERAGE SKY COVER 0.5


WEATHER CONDITIONS
 THE FOLLOWING WEATHER WAS RECORDED YESTERDAY.
  LIGHT RAIN
  FOG
  FOG W/VISIBILITY <= 1/4 MILE


RELATIVE HUMIDITY (PERCENT)
 HIGHEST   100          1200 AM
 LOWEST     67           300 PM
 AVERAGE    84

..........................................................


THE ATLANTIC CITY NJ CLIMATE NORMALS FOR TODAY
                         NORMAL    RECORD    YEAR
 MAXIMUM TEMPERATURE (F)   76        97      1895
 MINIMUM TEMPERATURE (F)   56        37      1967


SUNRISE AND SUNSET
JUNE  1 2016..........SUNRISE   533 AM EDT   SUNSET   820 PM EDT
JUNE  2 2016..........SUNRISE   533 AM EDT   SUNSET   820 PM EDT


-  INDICATES NEGATIVE NUMBERS.
R  INDICATES RECORD WAS SET OR TIED.
MM INDICATES DATA IS MISSING.
T  INDICATES TRACE AMOUNT.




$$
