000
CDAK48 PADQ 012210
CLIADQ

CLIMATE REPORT
NATIONAL WEATHER SERVICE KODIAK, AK
210 PM AKDT FRI AUG 1 2014

...................................
...THE KODIAK AP CLIMATE SUMMARY FOR AUGUST 1 2014...
VALID TODAY AS OF 2:00 PM LOCAL TIME

CLIMATE NORMAL PERIOD  1981 TO  2010
CLIMATE RECORD PERIOD  1949 TO  2014

WEATHER ITEM   OBSERVED TIME    RECORD YEAR NORMAL DEPARTURE LAST
               VALUE    (LST)   VALUE       VALUE  FROM      YEAR
                                                   NORMAL
...................................................................
TEMPERATURE
TODAY
 MAXIMUM            61  1259 PM    75  1978     62      -1     56
 MINIMUM            49  0520 AM    44  2004     50      -1     54
 AVERAGE            55                          56      -1     55

PRECIPITATION
(INCHES)
 TODAY            0.00           1.69  1990   0.15   -0.15   0.97
 MONTH TO DATE    0.00                        0.15   -0.15   0.97
 SINCE JUN 1      8.80                       10.99   -2.19   6.14
 SINCE JAN 1     42.33                       42.38   -0.05  31.58

SNOWFALL
(INCHES)
 TODAY             0.0            0.0  2014    0.0     0.0    0.0
 MONTH TO DATE     0.0                         0.0     0.0    0.0
 SINCE JUN 1       0.0                         0.0     0.0    0.0
 SINCE JUL 1       0.0                         0.0     0.0    0.0
 SNOW DEPTH (IN)     0                                          0

DEGREE DAYS
 HEATING
  TODAY             10                           9       1     10
  MONTH TO DATE     10                           9       1     10
  SINCE JUN 1      672                         796    -124    552
  SINCE JUL 1      250                         335     -85    221

 COOLING
  TODAY              0                           0       0      0
  MONTH TO DATE      0                           0       0      0
  SINCE JUN 1        0                           0       0      6
  SINCE JAN 1        4                           0       4      6
...................................................................

WIND (MPH)
 HIGHEST WIND SPEED     9     HIGHEST WIND DIRECTION    100
 HIGHEST GUST SPEED    26     HIGHEST GUST DIRECTION    330
 AVERAGE WIND SPEED    MM

SKY COVER
  POSSIBLE SUNSHINE  MM            AVERAGE SKY COVER MM

WEATHER CONDITIONS
 THE FOLLOWING WEATHER WAS RECORDED TODAY.
FOG


RELATIVE HUMIDITY
 HIGHEST RH     MM PERCENT       MM
 LOWEST  RH     MM PERCENT       MM
 AVERAGE RH     MM PERCENT       MM
...................................................................

THE KODIAK CLIMATE NORMALS FOR TOMORROW
                        NORMAL    RECORD   YEAR
 MAXIMUM TEMPERATURE      62        76     2004
 MINIMUM TEMPERATURE      50        43     1991

SUNRISE AND SUNSET
 AUG 1 2014..........SUNRISE  6:06 AM      SUNSET 10:27 PM
 AUG 2 2014..........SUNRISE  6:08 AM      SUNSET 10:24 PM

-  INDICATES NEGATIVE NUMBERS.
R  INDICATES RECORD HAS BEEN SET OR TIED.
MM INDICATES DATA IS MISSING.
T  INDICATES TRACE OF PRECIPITATION.

&&
-------------------------------------------------------------------

AMOUNT OF DAYLIGHT TODAY  (HOUR:MIN)........16 HOURS 21 MINUTES
GAIN/LOSS SINCE YESTERDAY (HOUR:MIN:SEC)....-0:04:14

$$
*** AUG 14
