606
CDAK48 PAFC 131241
CLIADQ


CLIMATE REPORT
NATIONAL WEATHER SERVICE ANCHORAGE, AK
341 AM AKST WED DEC 13 2017


...................................

...THE KODIAK CLIMATE SUMMARY FOR DECEMBER 12 2017...

CLIMATE NORMAL PERIOD 1981 TO 2010
CLIMATE RECORD PERIOD 1913 TO 2017


WEATHER ITEM   OBSERVED TIME   RECORD YEAR NORMAL DEPARTURE LAST
                VALUE   (LST)  VALUE       VALUE  FROM      YEAR
                                                  NORMAL
..................................................................
TEMPERATURE (F)
 YESTERDAY
  MAXIMUM         46        MM  62    1929  36     10       33
  MINIMUM         43        MM   5    1925  26     17       20
  AVERAGE         45                        31     14       27

PRECIPITATION (IN)
  YESTERDAY        1.42          1.43 1967   0.29   1.13     0.00
  MONTH TO DATE    6.51                      3.38   3.13     1.47
  SINCE SEP 1     20.83                     25.86  -5.03    27.35
  SINCE JAN 1     61.35                     72.65 -11.30    78.65

SNOWFALL (IN)
  YESTERDAY        0.0           7.4  2004   0.5   -0.5      0.0
  MONTH TO DATE    0.0                       5.6   -5.6      3.6
  SINCE SEP 1      7.5                      13.1   -5.6      5.6
  SINCE JUL 1      7.5                      13.1   -5.6      5.6
  SNOW DEPTH       0

DEGREE DAYS
 HEATING
  YESTERDAY       20                        34    -14       38
  MONTH TO DATE  310                       403    -93      421
  SINCE DEC 1    310                       403    -93      421
  SINCE JUL 1   2873                      3198   -325     2623

 COOLING
  YESTERDAY        0                         0      0        0
  MONTH TO DATE    0                         0      0        0
  SINCE DEC 1      0                         0      0        0
  SINCE JAN 1      0                         1     -1       29
..................................................................


WIND (MPH)
  RESULTANT WIND SPEED  21   RESULTANT WIND DIRECTION  SE (120)
  HIGHEST WIND SPEED    28   HIGHEST WIND DIRECTION    SE (130)
  HIGHEST GUST SPEED    41   HIGHEST GUST DIRECTION    SE (120)
  AVERAGE WIND SPEED    21.4



WEATHER CONDITIONS
 THE FOLLOWING WEATHER WAS RECORDED YESTERDAY.
  RAIN
  LIGHT RAIN
  FOG


RELATIVE HUMIDITY (PERCENT)
 HIGHEST   100
 LOWEST     83
 AVERAGE    92

..........................................................


THE KODIAK CLIMATE NORMALS FOR TODAY
                         NORMAL    RECORD    YEAR
 MAXIMUM TEMPERATURE (F)   36        44      1967
                                             1943
 MINIMUM TEMPERATURE (F)   26         3      1925


SUNRISE AND SUNSET
DECEMBER 13 2017......SUNRISE   946 AM AKST  SUNSET   422 PM AKST
DECEMBER 14 2017......SUNRISE   947 AM AKST  SUNSET   422 PM AKST


-  INDICATES NEGATIVE NUMBERS.
R  INDICATES RECORD WAS SET OR TIED.
MM INDICATES DATA IS MISSING.
T  INDICATES TRACE AMOUNT.




$$
