000
CDAK48 PAFC 101258
CLIADQ

CLIMATE REPORT
NATIONAL WEATHER SERVICE ANCHORAGE, AK
357 AM AKST SAT DEC 10 2016


...................................

...THE KODIAK CLIMATE SUMMARY FOR DECEMBER 9 2016...

CLIMATE NORMAL PERIOD 1981 TO 2010
CLIMATE RECORD PERIOD 1913 TO 2016


WEATHER ITEM   OBSERVED TIME   RECORD YEAR NORMAL DEPARTURE LAST
                VALUE   (LST)  VALUE       VALUE  FROM      YEAR
                                                  NORMAL
..................................................................
TEMPERATURE (F)
 YESTERDAY
  MAXIMUM         38    519 PM  47    1972  36      2       39
  MINIMUM         34   1107 PM   4    1975  26      8       36
  AVERAGE         36                        31      5       38

PRECIPITATION (IN)
  YESTERDAY        0.34          2.03 1962   0.29   0.05     0.12
  MONTH TO DATE    1.47                      2.52  -1.05     3.63
  SINCE DEC 1      1.47                      2.52  -1.05     3.63
  SINCE JAN 1     78.65                     71.79   6.86    73.85

SNOWFALL (IN)
  YESTERDAY        T             6.7  1959   0.5   -0.5      0.0
  MONTH TO DATE    3.6                       4.1   -0.5       T
  SINCE DEC 1      3.6                       4.1   -0.5       T
  SINCE JUL 1      5.6                      11.6   -6.0      1.0
  SNOW DEPTH       2

DEGREE DAYS
 HEATING
  YESTERDAY       29                        34     -5       27
  MONTH TO DATE  320                       301     19      255
  SINCE DEC 1    320                       301     19      255
  SINCE JUL 1   2522                      3096   -574     2473

 COOLING
  YESTERDAY        0                         0      0        0
  MONTH TO DATE    0                         0      0        0
  SINCE DEC 1      0                         0      0        0
  SINCE JAN 1     29                         1     28        1
..................................................................


WIND (MPH)
  RESULTANT WIND SPEED   4   RESULTANT WIND DIRECTION   W (270)
  HIGHEST WIND SPEED    13   HIGHEST WIND DIRECTION    NW (310)
  HIGHEST GUST SPEED    16   HIGHEST GUST DIRECTION    NW (320)
  AVERAGE WIND SPEED     4.6



WEATHER CONDITIONS
 THE FOLLOWING WEATHER WAS RECORDED YESTERDAY.
  RAIN
  LIGHT RAIN
  FOG


RELATIVE HUMIDITY (PERCENT)
 HIGHEST   100
 LOWEST     92
 AVERAGE    96

..........................................................


THE KODIAK CLIMATE NORMALS FOR TODAY
                         NORMAL    RECORD    YEAR
 MAXIMUM TEMPERATURE (F)   36        47      2013
 MINIMUM TEMPERATURE (F)   26         0      1975


SUNRISE AND SUNSET
DECEMBER 10 2016......SUNRISE   943 AM AKST  SUNSET   423 PM AKST
DECEMBER 11 2016......SUNRISE   944 AM AKST  SUNSET   423 PM AKST

CIVIL TWILIGHT
DECEMBER 10 2016        START    853 AM GMT     END    514 PM GMT
DECEMBER 11 2016        START    854 AM GMT     END    514 PM GMT



-  INDICATES NEGATIVE NUMBERS.
R  INDICATES RECORD WAS SET OR TIED.
MM INDICATES DATA IS MISSING.
T  INDICATES TRACE AMOUNT.




$$
&&
------------------------------------------------------
AMOUNT OF DAYLIGHT TODAY  (HOUR:MIN)........ 6:40
GAIN/LOSS SINCE YESTERDAY (HOUR:MIN:SEC)....-0:01:39

$$
