000
CDAK48 PADQ 280914
CLIADQ

CLIMATE REPORT
NATIONAL WEATHER SERVICE KODIAK, AK
1214 AM AKST WED JAN 28 2015

...................................
...THE KODIAK AP CLIMATE SUMMARY FOR JANUARY 27 2015...

CLIMATE NORMAL PERIOD  1981 TO  2010
CLIMATE RECORD PERIOD  1949 TO  2015

WEATHER ITEM   OBSERVED TIME    RECORD YEAR NORMAL DEPARTURE LAST
               VALUE    (LST)   VALUE       VALUE  FROM      YEAR
                                                   NORMAL
...................................................................
TEMPERATURE
YESTERDAY
 MAXIMUM            39  1125 PM    47  1985     35       4     44
 MINIMUM            28  0907 AM    -5  2012     26       2     42
 AVERAGE            34                          30       4     43

PRECIPITATION
(INCHES)
 YESTERDAY        0.15           1.75  1997   0.25   -0.10   0.39
 MONTH TO DATE    9.32                        7.35    1.97  13.83
 SINCE DEC 1     23.11                       16.08    7.03  18.28
 SINCE JAN 1      9.32                        7.35    1.97  13.83

SNOWFALL
(INCHES)
 YESTERDAY         0.8           10.0  1997    0.4     0.4    0.0
 MONTH TO DATE     4.2                        11.1    -6.9    5.1
 SINCE DEC 1       4.5                        24.9   -20.4   16.7
 SINCE JUL 1       5.2                        32.4   -27.2   24.0
 SNOW DEPTH (IN)     1                                          0

DEGREE DAYS
 HEATING
  YESTERDAY         31                          35      -4     22
  MONTH TO DATE    767                         933    -166    762
  SINCE DEC 1     1589                        1982    -393   1802
  SINCE JUL 1     3985                        4774    -789   4209

 COOLING
  YESTERDAY          0                           0       0      0
  MONTH TO DATE      0                           0       0      0
  SINCE DEC 1        0                           0       0      0
  SINCE JAN 1        0                           0       0      0
...................................................................

WIND (MPH)
 HIGHEST WIND SPEED    30     HIGHEST WIND DIRECTION     50
 HIGHEST GUST SPEED    38     HIGHEST GUST DIRECTION     50
 AVERAGE WIND SPEED  13.5

SKY COVER
  POSSIBLE SUNSHINE    MM          AVERAGE SKY COVER     MM

WEATHER CONDITIONS
 THE FOLLOWING WEATHER WAS RECORDED YESTERDAY.
  FOG
RAIN
SNOW


RELATIVE HUMIDITY
 HIGHEST RH     MM PERCENT       MM
 LOWEST  RH     MM PERCENT       MM
 AVERAGE RH     MM PERCENT       MM
...................................................................

THE KODIAK CLIMATE NORMALS FOR TODAY
                           NORMAL    RECORD   YEAR
 MAXIMUM TEMPERATURE (F)     35        45     1979
 MINIMUM TEMPERATURE (F)     26       -16     1989

SUNRISE AND SUNSET
 JAN 28 2015..........SUNRISE  9:21 AM      SUNSET  5:27 PM
 JAN 29 2015..........SUNRISE  9:19 AM      SUNSET  5:29 PM

-  INDICATES NEGATIVE NUMBERS.
R  INDICATES RECORD HAS BEEN SET OR TIED.
MM INDICATES DATA IS MISSING.
T  INDICATES TRACE OF PRECIPITATION.

&&
-------------------------------------------------------------------

AMOUNT OF DAYLIGHT TODAY  (HOUR:MIN)........8 HOURS 6 MINUTES
GAIN/LOSS SINCE YESTERDAY (HOUR:MIN:SEC)....+0:04:13

$$
*** JAN 15
