000
CDAK48 PADQ 251000
CLIADQ


CLIMATE REPORT
NATIONAL WEATHER SERVICE ANCHORAGE, AK
200 AM AKDT TUE JUL 25 2017


...................................

...THE KODIAK CLIMATE SUMMARY FOR JULY 24 2017...

CLIMATE NORMAL PERIOD 1981 TO 2010
CLIMATE RECORD PERIOD 1913 TO 2017


WEATHER ITEM   OBSERVED TIME   RECORD YEAR NORMAL DEPARTURE LAST
                VALUE   (LST)  VALUE       VALUE  FROM      YEAR
                                                  NORMAL
..................................................................
TEMPERATURE (F)
 YESTERDAY
  MAXIMUM         63    718 PM  74    1923  61      2       63
                                      1915
  MINIMUM         55   1159 PM  42    1971  50      5       55
  AVERAGE         59                        55      4       59

PRECIPITATION (IN)
  YESTERDAY        0.00          2.70 2007   0.15  -0.15     0.14
  MONTH TO DATE    3.53                      3.89  -0.36     1.25
  SINCE JUN 1     11.51                      9.80   1.71     4.72
  SINCE JAN 1     32.27                     41.19  -8.92    46.81

SNOWFALL (IN)
  YESTERDAY        0.0          MM      MM   0.0    0.0      0.0
  MONTH TO DATE    0.0                       0.0    0.0      0.0
  SINCE JUN 1      0.0                       0.0    0.0      0.0
  SINCE JUL 1      0.0                       0.0    0.0      0.0
  SNOW DEPTH       0

DEGREE DAYS
 HEATING
  YESTERDAY        6                        10     -4        6
  MONTH TO DATE  211                       262    -51      105
  SINCE JUN 1    627                       723    -96      400
  SINCE JUL 1    211                       262    -51      105

 COOLING
  YESTERDAY        0                         0      0        0
  MONTH TO DATE    0                         0      0       20
  SINCE JUN 1      0                         0      0       20
  SINCE JAN 1      0                         0      0       20
..................................................................


WIND (MPH)
  RESULTANT WIND SPEED   4   RESULTANT WIND DIRECTION  NE (50)
  HIGHEST WIND SPEED    10   HIGHEST WIND DIRECTION     E (70)
  HIGHEST GUST SPEED    16   HIGHEST GUST DIRECTION    NE (30)
  AVERAGE WIND SPEED     4.7



WEATHER CONDITIONS
 THE FOLLOWING WEATHER WAS RECORDED YESTERDAY.
  NO SIGNIFICANT WEATHER WAS OBSERVED.


RELATIVE HUMIDITY (PERCENT)
 HIGHEST    93
 LOWEST     72
 AVERAGE    83

..........................................................


THE KODIAK CLIMATE NORMALS FOR TODAY
                         NORMAL    RECORD    YEAR
 MAXIMUM TEMPERATURE (F)   61        80      1966
 MINIMUM TEMPERATURE (F)   50        43      2012
                                             2000


SUNRISE AND SUNSET
JULY 25 2017..........SUNRISE   552 AM AKDT  SUNSET  1040 PM AKDT
JULY 26 2017..........SUNRISE   554 AM AKDT  SUNSET  1038 PM AKDT


-  INDICATES NEGATIVE NUMBERS.
R  INDICATES RECORD WAS SET OR TIED.
MM INDICATES DATA IS MISSING.
T  INDICATES TRACE AMOUNT.




$$
