398
CDAK48 PADQ 081148
CLIADQ

CLIMATE REPORT
NATIONAL WEATHER SERVICE KODIAK, AK
248 AM AKST MON FEB 8 2016

...................................
...THE KODIAK AP CLIMATE SUMMARY FOR FEBRUARY 7 2016...

CLIMATE NORMAL PERIOD  1981 TO  2010
CLIMATE RECORD PERIOD  1913 TO  2016

WEATHER ITEM   OBSERVED TIME    RECORD YEAR NORMAL DEPARTURE LAST
               VALUE    (LST)   VALUE       VALUE  FROM      YEAR
                                                   NORMAL
...................................................................
TEMPERATURE
YESTERDAY
 MAXIMUM            39  1123 PM    53  1982     35       4     26
 MINIMUM            36  0158 PM    -2  1991     26      10     20
 AVERAGE            38                          30       8     23

PRECIPITATION
(INCHES)
 YESTERDAY        0.41           3.51  1947   0.23    0.18   0.26
 MONTH TO DATE    2.14                        1.64    0.50   0.33
 SINCE DEC 1     24.83                       18.66    6.17  24.25
 SINCE JAN 1     12.55                        9.93    2.62  10.46

SNOWFALL
(INCHES)
 YESTERDAY           T            4.6  1972    0.5    -0.5    4.1
 MONTH TO DATE       T                         3.6    -3.6    4.1
 SINCE DEC 1      15.0                        30.4   -15.4    8.6
 SINCE JUL 1        MM                        37.9      MM    9.3
 SNOW DEPTH (IN)     0                                          4

DEGREE DAYS
 HEATING
  YESTERDAY         27                          35      -8     42
  MONTH TO DATE    213                         245     -32    227
  SINCE DEC 1     2019                        2367    -348   1930
  SINCE JUL 1     4315                        5159    -844   4326

 COOLING
  YESTERDAY          0                           0       0      0
  MONTH TO DATE      0                           0       0      0
  SINCE DEC 1        0                           0       0      0
  SINCE JAN 1        0                           0       0      0
...................................................................

WIND (MPH)
 HIGHEST WIND SPEED    41     HIGHEST WIND DIRECTION     50
 HIGHEST GUST SPEED    51     HIGHEST GUST DIRECTION     40
 AVERAGE WIND SPEED  26.9

SKY COVER
  POSSIBLE SUNSHINE    MM          AVERAGE SKY COVER     MM

WEATHER CONDITIONS
 THE FOLLOWING WEATHER WAS RECORDED YESTERDAY.
  FOG
RAIN
SNOW


RELATIVE HUMIDITY
 HIGHEST RH     MM PERCENT       MM
 LOWEST  RH     MM PERCENT       MM
 AVERAGE RH     MM PERCENT       MM
...................................................................

THE KODIAK CLIMATE NORMALS FOR TODAY
                           NORMAL    RECORD   YEAR
 MAXIMUM TEMPERATURE (F)     35        55     1982
 MINIMUM TEMPERATURE (F)     26         2     1984

SUNRISE AND SUNSET
 FEB 8 2016..........SUNRISE  8:58 AM      SUNSET  5:52 PM
 FEB 9 2016..........SUNRISE  8:56 AM      SUNSET  5:54 PM

-  INDICATES NEGATIVE NUMBERS.
R  INDICATES RECORD HAS BEEN SET OR TIED.
MM INDICATES DATA IS MISSING.
T  INDICATES TRACE OF PRECIPITATION.

&&
-------------------------------------------------------------------

AMOUNT OF DAYLIGHT TODAY  (HOUR:MIN)........8 HOURS 54 MINUTES
GAIN/LOSS SINCE YESTERDAY (HOUR:MIN:SEC)....+0:04:39

$$
JTS FEB 16
