000
CDUS44 KLCH 262246
CLIAEX


CLIMATE REPORT
NATIONAL WEATHER SERVICE LAKE CHARLES, LA
446 PM CST THU FEB 26 2015


...................................

...THE ALEXANDRIA CLIMATE SUMMARY FOR FEBRUARY 26 2015...
VALID TODAY AS OF 0400 PM LOCAL TIME.

CLIMATE NORMAL PERIOD 1981 TO 2010
CLIMATE RECORD PERIOD 1892 TO 2015


WEATHER ITEM   OBSERVED TIME   RECORD YEAR NORMAL DEPARTURE LAST
                VALUE   (LST)  VALUE       VALUE  FROM      YEAR
                                                  NORMAL
..................................................................
TEMPERATURE (F)
 TODAY
  MAXIMUM         51    242 PM  85    1977  66    -15       51
                                      1918
  MINIMUM         35    929 AM  24    1914  44     -9       34
  AVERAGE         43                        55    -12       43

PRECIPITATION (IN)
  TODAY            0.00          2.03 2001   0.15  -0.15     0.34
  MONTH TO DATE    1.39                      4.14  -2.75     4.65
  SINCE DEC 1      7.49                     15.48  -7.99     8.97
  SINCE JAN 1      5.10                      9.36  -4.26     6.37

SNOWFALL (IN)
  TODAY            0.0           T    1952  MM     MM       MM
  MONTH TO DATE    0.0                      MM     MM        0.3
  SINCE DEC 1      0.0                      MM     MM        4.8
  SINCE JUL 1      0.0                      MM     MM        4.8
  SNOW DEPTH       0

DEGREE DAYS
 HEATING
  TODAY           22                        11     11       22
  MONTH TO DATE  452                       353     99      403
  SINCE DEC 1   1413                      1319     94     1596
  SINCE JUL 1   1806                      1644    162     1972
..................................................................


WIND (MPH)
  HIGHEST WIND SPEED    15   HIGHEST WIND DIRECTION    NW (330)
  HIGHEST GUST SPEED    21   HIGHEST GUST DIRECTION     N (340)
  AVERAGE WIND SPEED     8.3


SKY COVER
  POSSIBLE SUNSHINE  MM
  AVERAGE SKY COVER 0.9


WEATHER CONDITIONS
 THE FOLLOWING WEATHER WAS RECORDED TODAY.
  NO SIGNIFICANT WEATHER WAS OBSERVED.


RELATIVE HUMIDITY (PERCENT)
 HIGHEST    92          1200 AM
 LOWEST     56           300 PM
 AVERAGE    74

..........................................................


THE ALEXANDRIA CLIMATE NORMALS FOR TOMORROW
                         NORMAL    RECORD    YEAR
 MAXIMUM TEMPERATURE (F)   66        85      1986
 MINIMUM TEMPERATURE (F)   44        21      2002


SUNRISE AND SUNSET
FEBRUARY 26 2015......SUNRISE   641 AM CST   SUNSET   606 PM CST
FEBRUARY 27 2015......SUNRISE   639 AM CST   SUNSET   607 PM CST


-  INDICATES NEGATIVE NUMBERS.
R  INDICATES RECORD WAS SET OR TIED.
MM INDICATES DATA IS MISSING.
T  INDICATES TRACE AMOUNT.




$$
