000
CDUS44 KLCH 280827
CLIAEX


CLIMATE REPORT
NATIONAL WEATHER SERVICE LAKE CHARLES, LA
327 AM CDT SAT MAR 28 2015


...................................

...THE ALEXANDRIA CLIMATE SUMMARY FOR MARCH 27 2015...

CLIMATE NORMAL PERIOD 1981 TO 2010
CLIMATE RECORD PERIOD 1892 TO 2015


WEATHER ITEM   OBSERVED TIME   RECORD YEAR NORMAL DEPARTURE LAST
                VALUE   (LST)  VALUE       VALUE  FROM      YEAR
                                                  NORMAL
..................................................................
TEMPERATURE (F)
 YESTERDAY
  MAXIMUM         72    303 PM  91    1907  74     -2       67
  MINIMUM         40    553 AM  29    2013  50    -10       49
  AVERAGE         56                        62     -6       58

PRECIPITATION (IN)
  YESTERDAY        0.00          2.83 1951   0.15  -0.15     1.14
  MONTH TO DATE    5.80                      4.43   1.37     3.45
  SINCE MAR 1      5.80                      4.43   1.37     3.45
  SINCE JAN 1     10.90                     14.11  -3.21     9.83

SNOWFALL (IN)
  YESTERDAY        0.0           0.0    MM  MM     MM       MM
  MONTH TO DATE    0.3                      MM     MM        0.2
  SINCE MAR 1      0.3                      MM     MM        0.2
  SINCE JUL 1      0.3                      MM     MM        5.0
  SNOW DEPTH       0

DEGREE DAYS
 HEATING
  YESTERDAY        9                         5      4        7
  MONTH TO DATE  175                       195    -20      302
  SINCE MAR 1    175                       195    -20      302
  SINCE JUL 1   2026                      1860    166     2318

 COOLING
  YESTERDAY        0                         2     -2        0
  MONTH TO DATE   29                        30     -1        6
  SINCE MAR 1     29                        30     -1        6
  SINCE JAN 1     30                        47    -17       17
..................................................................


WIND (MPH)
  HIGHEST WIND SPEED    26   HIGHEST WIND DIRECTION    NW (310)
  HIGHEST GUST SPEED    36   HIGHEST GUST DIRECTION     W (290)
  AVERAGE WIND SPEED     7.5


SKY COVER
  POSSIBLE SUNSHINE  MM
  AVERAGE SKY COVER 0.0


WEATHER CONDITIONS
 THE FOLLOWING WEATHER WAS RECORDED YESTERDAY.
  FOG


RELATIVE HUMIDITY (PERCENT)
 HIGHEST   100           500 AM
 LOWEST     29           400 PM
 AVERAGE    65

..........................................................


THE ALEXANDRIA CLIMATE NORMALS FOR TODAY
                         NORMAL    RECORD    YEAR
 MAXIMUM TEMPERATURE (F)   74        91      1907
 MINIMUM TEMPERATURE (F)   50        34      1942
                                             1931
                                             1894


SUNRISE AND SUNSET
MARCH 28 2015.........SUNRISE   704 AM CDT   SUNSET   727 PM CDT
MARCH 29 2015.........SUNRISE   703 AM CDT   SUNSET   727 PM CDT


-  INDICATES NEGATIVE NUMBERS.
R  INDICATES RECORD WAS SET OR TIED.
MM INDICATES DATA IS MISSING.
T  INDICATES TRACE AMOUNT.




$$
