000
CDUS44 KLCH 242214
CLIAEX


CLIMATE REPORT
NATIONAL WEATHER SERVICE LAKE CHARLES, LA
513 PM CDT SUN SEP 24 2017


...................................

...THE ALEXANDRIA CLIMATE SUMMARY FOR SEPTEMBER 24 2017...
VALID TODAY AS OF 0500 PM LOCAL TIME.

CLIMATE NORMAL PERIOD 1981 TO 2010
CLIMATE RECORD PERIOD 1892 TO 2017


WEATHER ITEM   OBSERVED TIME   RECORD YEAR NORMAL DEPARTURE LAST
                VALUE   (LST)  VALUE       VALUE  FROM      YEAR
                                                  NORMAL
..................................................................
TEMPERATURE (F)
 TODAY
  MAXIMUM         93    235 PM  98    1931  86      7       93
  MINIMUM         67    608 AM  44    1896  63      4       70
  AVERAGE         80                        74      6       82

PRECIPITATION (IN)
  TODAY            0.00          1.66 2013   0.11  -0.11     0.00
  MONTH TO DATE    0.09                      2.05  -1.96     3.46
  SINCE SEP 1      0.09                      2.05  -1.96     3.46
  SINCE JAN 1     43.32                     38.28   5.04    44.20

DEGREE DAYS
 HEATING
  TODAY            0                         0      0        0
  MONTH TO DATE    0                         0      0        0
  SINCE SEP 1      0                         0      0        0
  SINCE JUL 1      0                         0      0        0

 COOLING
  TODAY           15                         9      6       17
  MONTH TO DATE  294                       311    -17      415
  SINCE SEP 1    294                       311    -17      415
  SINCE JAN 1   2323                      2298     25     2518
..................................................................


WIND (MPH)
  HIGHEST WIND SPEED    15   HIGHEST WIND DIRECTION     E (110)
  HIGHEST GUST SPEED    17   HIGHEST GUST DIRECTION     E (110)
  AVERAGE WIND SPEED     4.3


SKY COVER
  POSSIBLE SUNSHINE  MM
  AVERAGE SKY COVER 0.1


WEATHER CONDITIONS
 THE FOLLOWING WEATHER WAS RECORDED TODAY.
  FOG


RELATIVE HUMIDITY (PERCENT)
 HIGHEST   100           400 AM
 LOWEST     41           100 PM
 AVERAGE    71

..........................................................


THE ALEXANDRIA CLIMATE NORMALS FOR TOMORROW
                         NORMAL    RECORD    YEAR
 MAXIMUM TEMPERATURE (F)   85        99      1905
 MINIMUM TEMPERATURE (F)   63        48      1897


SUNRISE AND SUNSET
SEPTEMBER 24 2017.....SUNRISE   700 AM CDT   SUNSET   704 PM CDT
SEPTEMBER 25 2017.....SUNRISE   700 AM CDT   SUNSET   703 PM CDT


-  INDICATES NEGATIVE NUMBERS.
R  INDICATES RECORD WAS SET OR TIED.
MM INDICATES DATA IS MISSING.
T  INDICATES TRACE AMOUNT.




$$
