000
CDUS44 KLCH 271245
CLIAEX


CLIMATE REPORT
NATIONAL WEATHER SERVICE LAKE CHARLES, LA
745 AM CDT TUE SEP 27 2016


...................................

...THE ALEXANDRIA CLIMATE SUMMARY FOR SEPTEMBER 26 2016...

CLIMATE NORMAL PERIOD 1981 TO 2010
CLIMATE RECORD PERIOD 1892 TO 2016


WEATHER ITEM   OBSERVED TIME   RECORD YEAR NORMAL DEPARTURE LAST
                VALUE   (LST)  VALUE       VALUE  FROM      YEAR
                                                  NORMAL
..................................................................
TEMPERATURE (F)
 YESTERDAY
  MAXIMUM         92    155 PM  98    2005  85      7       93
  MINIMUM         69    624 AM  41    1899  62      7       63
  AVERAGE         81                        74      7       78

PRECIPITATION (IN)
  YESTERDAY        0.00          1.20 1957   0.13  -0.13     0.00
  MONTH TO DATE    3.46                      2.30   1.16     1.82
  SINCE SEP 1      3.46                      2.30   1.16     1.82
  SINCE JAN 1     44.20                     38.53   5.67    36.38

DEGREE DAYS
 HEATING
  YESTERDAY        0                         0      0        0
  MONTH TO DATE    0                         0      0        0
  SINCE SEP 1      0                         0      0        0
  SINCE JUL 1      0                         0      0        0

 COOLING
  YESTERDAY       16                         9      7       13
  MONTH TO DATE  447                       329    118      381
  SINCE SEP 1    447                       329    118      381
  SINCE JAN 1   2550                      2316    234     2556
..................................................................


WIND (MPH)
  HIGHEST WIND SPEED    16   HIGHEST WIND DIRECTION    NE (50)
  HIGHEST GUST SPEED    20   HIGHEST GUST DIRECTION     N (20)
  AVERAGE WIND SPEED     4.6


SKY COVER
  POSSIBLE SUNSHINE  MM
  AVERAGE SKY COVER 0.1


WEATHER CONDITIONS
 THE FOLLOWING WEATHER WAS RECORDED YESTERDAY.
  THUNDERSTORM
  FOG
  HAZE


RELATIVE HUMIDITY (PERCENT)
 HIGHEST   100           500 AM
 LOWEST     49           200 PM
 AVERAGE    75

..........................................................


THE ALEXANDRIA CLIMATE NORMALS FOR TODAY
                         NORMAL    RECORD    YEAR
 MAXIMUM TEMPERATURE (F)   85        99      1953
 MINIMUM TEMPERATURE (F)   62        40      1899


SUNRISE AND SUNSET
SEPTEMBER 27 2016.....SUNRISE   702 AM CDT   SUNSET   700 PM CDT
SEPTEMBER 28 2016.....SUNRISE   702 AM CDT   SUNSET   658 PM CDT


-  INDICATES NEGATIVE NUMBERS.
R  INDICATES RECORD WAS SET OR TIED.
MM INDICATES DATA IS MISSING.
T  INDICATES TRACE AMOUNT.




$$
