484
CDUS44 KLCH 232208
CLIAEX


CLIMATE REPORT
NATIONAL WEATHER SERVICE LAKE CHARLES, LA
408 PM CST THU NOV 23 2017


...................................

...THE ALEXANDRIA CLIMATE SUMMARY FOR NOVEMBER 23 2017...
VALID TODAY AS OF 0400 PM LOCAL TIME.

CLIMATE NORMAL PERIOD 1981 TO 2010
CLIMATE RECORD PERIOD 1892 TO 2017


WEATHER ITEM   OBSERVED TIME   RECORD YEAR NORMAL DEPARTURE LAST
                VALUE   (LST)  VALUE       VALUE  FROM      YEAR
                                                  NORMAL
..................................................................
TEMPERATURE (F)
 TODAY
  MAXIMUM         62    252 PM  86    1900  66     -4       71
  MINIMUM         27R   707 AM  28    1975  44    -17       52
                                      1898
  AVERAGE         45                        55    -10       62

PRECIPITATION (IN)
  TODAY            0.00          3.79 1940   0.23  -0.23     0.94
  MONTH TO DATE    1.85                      3.76  -1.91     1.47
  SINCE SEP 1      2.41                     11.84  -9.43     5.16
  SINCE JAN 1     45.64                     48.07  -2.43    45.90

SNOWFALL (IN)
  TODAY            0.0           0.0    MM  MM     MM        0.0
  MONTH TO DATE    0.0                      MM     MM        0.0
  SINCE SEP 1      0.0                      MM     MM        0.0
  SINCE JUL 1      0.0                      MM     MM        0.0
  SNOW DEPTH       0

DEGREE DAYS
 HEATING
  TODAY           20                        11      9        3
  MONTH TO DATE  134                       170    -36       95
  SINCE SEP 1    207                       243    -36      114
  SINCE JUL 1    207                       243    -36      114
..................................................................


WIND (MPH)
  HIGHEST WIND SPEED    10   HIGHEST WIND DIRECTION    NW (310)
  HIGHEST GUST SPEED    15   HIGHEST GUST DIRECTION     N (10)
  AVERAGE WIND SPEED     4.4


SKY COVER
  POSSIBLE SUNSHINE  MM
  AVERAGE SKY COVER 0.0


WEATHER CONDITIONS
 THE FOLLOWING WEATHER WAS RECORDED TODAY.
  NO SIGNIFICANT WEATHER WAS OBSERVED.


RELATIVE HUMIDITY (PERCENT)
 HIGHEST   100           600 AM
 LOWEST     20           200 PM
 AVERAGE    60

..........................................................


THE ALEXANDRIA CLIMATE NORMALS FOR TOMORROW
                         NORMAL    RECORD    YEAR
 MAXIMUM TEMPERATURE (F)   66        86      1900
 MINIMUM TEMPERATURE (F)   43        24      1970
                                             1898
                                             1893


SUNRISE AND SUNSET
NOVEMBER 23 2017......SUNRISE   645 AM CST   SUNSET   508 PM CST
NOVEMBER 24 2017......SUNRISE   646 AM CST   SUNSET   508 PM CST


-  INDICATES NEGATIVE NUMBERS.
R  INDICATES RECORD WAS SET OR TIED.
MM INDICATES DATA IS MISSING.
T  INDICATES TRACE AMOUNT.




$$
