000
CDUS44 KLCH 290955
CLIAEX


CLIMATE REPORT
NATIONAL WEATHER SERVICE LAKE CHARLES, LA
355 AM CST MON DEC 29 2014


...................................

...THE ALEXANDRIA CLIMATE SUMMARY FOR DECEMBER 28 2014...

CLIMATE NORMAL PERIOD 1981 TO 2010
CLIMATE RECORD PERIOD 1892 TO 2014


WEATHER ITEM   OBSERVED TIME   RECORD YEAR NORMAL DEPARTURE LAST
                VALUE   (LST)  VALUE       VALUE  FROM      YEAR
                                                  NORMAL
..................................................................
TEMPERATURE (F)
 YESTERDAY
  MAXIMUM         52   1224 AM  79    1954  59     -7       52
  MINIMUM         45   1159 PM  18    1925  40      5       39
                                      1894
  AVERAGE         49                        49      0       46

PRECIPITATION (IN)
  YESTERDAY        0.43          2.73 1934   0.15   0.28      T
  MONTH TO DATE    2.39                      5.74  -3.35     2.60
  SINCE DEC 1      2.39                      5.74  -3.35     2.60
  SINCE JAN 1     42.86                     55.54 -12.68    55.09

SNOWFALL (IN)
  YESTERDAY       MM             T    1967  MM     MM       MM
  MONTH TO DATE    0.0                      MM     MM        0.0
  SINCE DEC 1      0.0                      MM     MM        0.0
  SINCE JUL 1      0.0                      MM     MM        0.0
  SNOW DEPTH       0

DEGREE DAYS
 HEATING
  YESTERDAY       16                        16      0       19
  MONTH TO DATE  327                       417    -90      449
  SINCE DEC 1    327                       417    -90      449
  SINCE JUL 1    720                       742    -22      825
..................................................................


WIND (MPH)
  HIGHEST WIND SPEED    14   HIGHEST WIND DIRECTION     N (350)
  HIGHEST GUST SPEED    18   HIGHEST GUST DIRECTION     N (20)
  AVERAGE WIND SPEED     6.9


SKY COVER
  POSSIBLE SUNSHINE  MM
  AVERAGE SKY COVER 1.0


WEATHER CONDITIONS
 THE FOLLOWING WEATHER WAS RECORDED YESTERDAY.
  RAIN
  LIGHT RAIN
  FOG


RELATIVE HUMIDITY (PERCENT)
 HIGHEST   100          1200 AM
 LOWEST     93           500 AM
 AVERAGE    97

..........................................................


THE ALEXANDRIA CLIMATE NORMALS FOR TODAY
                         NORMAL    RECORD    YEAR
 MAXIMUM TEMPERATURE (F)   59        78      1984
 MINIMUM TEMPERATURE (F)   39        10      1894


SUNRISE AND SUNSET
DECEMBER 29 2014......SUNRISE   708 AM CST   SUNSET   516 PM CST
DECEMBER 30 2014......SUNRISE   709 AM CST   SUNSET   517 PM CST


-  INDICATES NEGATIVE NUMBERS.
R  INDICATES RECORD WAS SET OR TIED.
MM INDICATES DATA IS MISSING.
T  INDICATES TRACE AMOUNT.




$$
