000
CDUS44 KLCH 202210
CLIAEX


CLIMATE REPORT
NATIONAL WEATHER SERVICE LAKE CHARLES, LA
409 PM CST TUE FEB 20 2018


...................................

...THE ALEXANDRIA CLIMATE SUMMARY FOR FEBRUARY 20 2018...
VALID TODAY AS OF 0400 PM LOCAL TIME.

CLIMATE NORMAL PERIOD 1981 TO 2010
CLIMATE RECORD PERIOD 1892 TO 2018


WEATHER ITEM   OBSERVED TIME   RECORD YEAR NORMAL DEPARTURE LAST
                VALUE   (LST)  VALUE       VALUE  FROM      YEAR
                                                  NORMAL
..................................................................
TEMPERATURE (F)
 TODAY
  MAXIMUM         82R   310 PM  82    1986  64     18       79
  MINIMUM         65    143 AM  24    1910  42     23       59
                                      1895
  AVERAGE         74                        53     21       69

PRECIPITATION (IN)
  TODAY            T             1.48 1967   0.17  -0.17     1.42
  MONTH TO DATE    4.27                      3.18   1.09     1.73
  SINCE DEC 1     11.69                     14.52  -2.83    16.55
  SINCE JAN 1      9.36                      8.40   0.96     7.50

SNOWFALL (IN)
  TODAY            0.0           T    1959  MM     MM        0.0
                                      1953
  MONTH TO DATE    0.0                      MM     MM        0.0
  SINCE DEC 1      2.9                      MM     MM        0.5
  SINCE JUL 1      2.9                      MM     MM        0.5
  SNOW DEPTH       0

DEGREE DAYS
 HEATING
  TODAY            0                        12    -12        0
  MONTH TO DATE  190                       284    -94      115
  SINCE DEC 1   1340                      1250     90      780
  SINCE JUL 1   1610                      1575     35      955
..................................................................


WIND (MPH)
  HIGHEST WIND SPEED    28   HIGHEST WIND DIRECTION     S (170)
  HIGHEST GUST SPEED    35   HIGHEST GUST DIRECTION     S (170)
  AVERAGE WIND SPEED    14.4


SKY COVER
  POSSIBLE SUNSHINE  MM
  AVERAGE SKY COVER 0.8


WEATHER CONDITIONS
 THE FOLLOWING WEATHER WAS RECORDED TODAY.
  LIGHT RAIN


RELATIVE HUMIDITY (PERCENT)
 HIGHEST   100           400 AM
 LOWEST     62          1100 AM
 AVERAGE    81

..........................................................


THE ALEXANDRIA CLIMATE NORMALS FOR TOMORROW
                         NORMAL    RECORD    YEAR
 MAXIMUM TEMPERATURE (F)   65        83      1986
 MINIMUM TEMPERATURE (F)   42        28      1978
                                             1964
                                             1901


SUNRISE AND SUNSET
FEBRUARY 20 2018......SUNRISE   647 AM CST   SUNSET   602 PM CST
FEBRUARY 21 2018......SUNRISE   646 AM CST   SUNSET   602 PM CST


-  INDICATES NEGATIVE NUMBERS.
R  INDICATES RECORD WAS SET OR TIED.
MM INDICATES DATA IS MISSING.
T  INDICATES TRACE AMOUNT.




$$
