000
CDUS44 KLCH 030840
CLIAEX


CLIMATE REPORT
NATIONAL WEATHER SERVICE LAKE CHARLES, LA
339 AM CDT FRI JUL 3 2015


...................................

...THE ALEXANDRIA CLIMATE SUMMARY FOR JULY 2 2015...

CLIMATE NORMAL PERIOD 1981 TO 2010
CLIMATE RECORD PERIOD 1892 TO 2015


WEATHER ITEM   OBSERVED TIME   RECORD YEAR NORMAL DEPARTURE LAST
                VALUE   (LST)  VALUE       VALUE  FROM      YEAR
                                                  NORMAL
..................................................................
TEMPERATURE (F)
 YESTERDAY
  MAXIMUM         88    501 PM 102    2009  92     -4       95
                                      1906
  MINIMUM         72    448 AM  61    1924  72      0       70
  AVERAGE         80                        82     -2       83

PRECIPITATION (IN)
  YESTERDAY        0.00          2.02 2002   0.17  -0.17      T
  MONTH TO DATE    0.50                      0.35   0.15      T
  SINCE JUN 1      5.30                      5.45  -0.15     2.88
  SINCE JAN 1     30.55                     29.45   1.10    21.10

DEGREE DAYS
 COOLING
  YESTERDAY       15                        17     -2       18
  MONTH TO DATE   30                        34     -4       36
  SINCE JUN 1    515                       487     28      509
  SINCE JAN 1   1037                       941     96      920
..................................................................


WIND (MPH)
  HIGHEST WIND SPEED    15   HIGHEST WIND DIRECTION    SW (210)
  HIGHEST GUST SPEED    21   HIGHEST GUST DIRECTION    SW (210)
  AVERAGE WIND SPEED     6.9


SKY COVER
  POSSIBLE SUNSHINE  MM
  AVERAGE SKY COVER 0.0


WEATHER CONDITIONS
 THE FOLLOWING WEATHER WAS RECORDED YESTERDAY.
  FOG


RELATIVE HUMIDITY (PERCENT)
 HIGHEST    93          1200 AM
 LOWEST     61           600 PM
 AVERAGE    77

..........................................................


THE ALEXANDRIA CLIMATE NORMALS FOR TODAY
                         NORMAL    RECORD    YEAR
 MAXIMUM TEMPERATURE (F)   92       102      1980
 MINIMUM TEMPERATURE (F)   72        60      1924


SUNRISE AND SUNSET
JULY  3 2015..........SUNRISE   610 AM CDT   SUNSET   818 PM CDT
JULY  4 2015..........SUNRISE   611 AM CDT   SUNSET   818 PM CDT


-  INDICATES NEGATIVE NUMBERS.
R  INDICATES RECORD WAS SET OR TIED.
MM INDICATES DATA IS MISSING.
T  INDICATES TRACE AMOUNT.




$$
