000
CDUS42 KCAE 282219
CLIAGS


CLIMATE REPORT
NATIONAL WEATHER SERVICE COLUMBIA SC
517 PM EST FRI NOV 28 2014


...................................

...THE AUGUSTA BUSH FIELD GA CLIMATE SUMMARY FOR NOVEMBER 28 2014...
VALID TODAY AS OF 0500 PM LOCAL TIME.

CLIMATE NORMAL PERIOD 1981 TO 2010
CLIMATE RECORD PERIOD 1873 TO 2014


WEATHER ITEM   OBSERVED TIME   RECORD YEAR NORMAL DEPARTURE LAST
                VALUE   (LST)  VALUE       VALUE  FROM      YEAR
                                                  NORMAL
..................................................................
TEMPERATURE (F)
 TODAY
  MAXIMUM         51    335 PM  82    1990  65    -14       49
  MINIMUM         24    647 AM  21    2013  38    -14       21
  AVERAGE         38                        52    -14       35

PRECIPITATION (IN)
  TODAY            0.00          1.71 1918   0.11  -0.11     0.00
  MONTH TO DATE    3.19                      2.62   0.57     1.82
  SINCE SEP 1      6.06                      9.11  -3.05     3.30
  SINCE JAN 1     34.48                     39.98  -5.50    48.62

SNOWFALL (IN)
  TODAY            0.0          MM      MM   0.0             0.0
  MONTH TO DATE    0.0                       0.0             0.0
  SINCE SEP 1      0.0                       0.0             0.0
  SINCE JUL 1      0.0                       0.0             0.0

DEGREE DAYS
 HEATING
  TODAY           27                        14     13       30
  MONTH TO DATE  436                       281    155      335
  SINCE SEP 1    527                       395    132      411
  SINCE JUL 1    527                       395    132      411

 COOLING
  TODAY            0                         0      0        0
  MONTH TO DATE    7                        15     -8       10
  SINCE SEP 1    448                       397     51      390
  SINCE JAN 1   2099                      2085     14     1865
..................................................................


WIND (MPH)
  HIGHEST WIND SPEED    10   HIGHEST WIND DIRECTION    NE (30)
  HIGHEST GUST SPEED    14   HIGHEST GUST DIRECTION    NE (40)
  AVERAGE WIND SPEED     3.1


SKY COVER
  AVERAGE SKY COVER 0.0


WEATHER CONDITIONS
 THE FOLLOWING WEATHER WAS RECORDED TODAY.
  NO SIGNIFICANT WEATHER WAS OBSERVED.


RELATIVE HUMIDITY (PERCENT)
 HIGHEST   100           700 AM
 LOWEST     29           300 PM
 AVERAGE    65

..........................................................


THE AUGUSTA BUSH FIELD GA CLIMATE NORMALS FOR TOMORROW
                         NORMAL    RECORD    YEAR
 MAXIMUM TEMPERATURE (F)   65        81      2001
 MINIMUM TEMPERATURE (F)   38        19      1950


SUNRISE AND SUNSET
NOVEMBER 28 2014......SUNRISE   711 AM EST   SUNSET   521 PM EST
NOVEMBER 29 2014......SUNRISE   712 AM EST   SUNSET   520 PM EST


-  INDICATES NEGATIVE NUMBERS.
R  INDICATES RECORD WAS SET OR TIED.
MM INDICATES DATA IS MISSING.
T  INDICATES TRACE AMOUNT.




$$
