000
CDUS42 KCAE 212232
CLIAGS


CLIMATE REPORT
NATIONAL WEATHER SERVICE COLUMBIA SC
531 PM EST SAT JAN 21 2017


...................................

...THE AUGUSTA BUSH FIELD GA CLIMATE SUMMARY FOR JANUARY 21 2017...
VALID TODAY AS OF 0500 PM LOCAL TIME.

CLIMATE NORMAL PERIOD 1981 TO 2010
CLIMATE RECORD PERIOD 1873 TO 2017


WEATHER ITEM   OBSERVED TIME   RECORD YEAR NORMAL DEPARTURE LAST
                VALUE   (LST)  VALUE       VALUE  FROM      YEAR
                                                  NORMAL
..................................................................
TEMPERATURE (F)
 TODAY
  MAXIMUM         68    359 PM  78    1959  58     10       50
                                      1935
                                      1922
  MINIMUM         58    150 AM  -1    1985  33     25       36
  AVERAGE         63                        46     17       43

PRECIPITATION (IN)
  TODAY            0.91          1.92 1983   0.13   0.78     0.05
  MONTH TO DATE    7.34                      2.60   4.74     0.94
  SINCE DEC 1     11.75                      5.99   5.76     7.86
  SINCE JAN 1      7.34                      2.60   4.74     0.94

SNOWFALL (IN)
  TODAY            0.0          MM      MM   0.0             0.0
  MONTH TO DATE    T                         0.3             0.0
  SINCE DEC 1      T                         0.4             0.0
  SINCE JUL 1      T                         0.4             0.0

DEGREE DAYS
 HEATING
  TODAY            2                        20    -18       22
  MONTH TO DATE  186                       420   -234      436
  SINCE DEC 1    552                       973   -421      653
  SINCE JUL 1    823                      1395   -572      940

 COOLING
  TODAY            0                         0      0        0
  MONTH TO DATE   14                         0     14        0
  SINCE DEC 1     21                         3     18       47
  SINCE JAN 1     14                         0     14        0
..................................................................


WIND (MPH)
  HIGHEST WIND SPEED    15   HIGHEST WIND DIRECTION    NW (300)
  HIGHEST GUST SPEED    18   HIGHEST GUST DIRECTION    NW (300)
  AVERAGE WIND SPEED     1.8


SKY COVER
  AVERAGE SKY COVER 0.9


WEATHER CONDITIONS
 THE FOLLOWING WEATHER WAS RECORDED TODAY.
  THUNDERSTORM
  HEAVY RAIN
  RAIN
  LIGHT RAIN
  FOG
  FOG W/VISIBILITY <= 1/4 MILE


RELATIVE HUMIDITY (PERCENT)
 HIGHEST    93           900 AM
 LOWEST     84           100 AM
 AVERAGE    89

..........................................................


THE AUGUSTA BUSH FIELD GA CLIMATE NORMALS FOR TOMORROW
                         NORMAL    RECORD    YEAR
 MAXIMUM TEMPERATURE (F)   58        79      1937
                                             1929
 MINIMUM TEMPERATURE (F)   33        10      1961


SUNRISE AND SUNSET
JANUARY 21 2017.......SUNRISE   730 AM EST   SUNSET   549 PM EST
JANUARY 22 2017.......SUNRISE   729 AM EST   SUNSET   550 PM EST


-  INDICATES NEGATIVE NUMBERS.
R  INDICATES RECORD WAS SET OR TIED.
MM INDICATES DATA IS MISSING.
T  INDICATES TRACE AMOUNT.




$$
