000
CDUS42 KCAE 200636
CLIAGS


CLIMATE REPORT
NATIONAL WEATHER SERVICE COLUMBIA SC
235 AM EDT WED AUG 20 2014


...................................

...THE AUGUSTA REGIONAL BUSH FIELD GA CLIMATE SUMMARY FOR AUGUST 19 2014...

CLIMATE NORMAL PERIOD 1981 TO 2010
CLIMATE RECORD PERIOD 1873 TO 2014


WEATHER ITEM   OBSERVED TIME   RECORD YEAR NORMAL DEPARTURE LAST
                VALUE   (LST)  VALUE       VALUE  FROM      YEAR
                                                  NORMAL
..................................................................
TEMPERATURE (F)
 YESTERDAY
  MAXIMUM         93    354 PM 103    1983  92      1       85
  MINIMUM         72    631 AM  62    1889  69      3       71
  AVERAGE         83                        80      3       78

PRECIPITATION (IN)
  YESTERDAY        T             2.17 1932   0.13  -0.13     0.22
  MONTH TO DATE    1.64                      2.74  -1.10     5.46
  SINCE JUN 1      9.44                     11.79  -2.35    25.34
  SINCE JAN 1     28.30                     29.29  -0.99    44.94

SNOWFALL (IN)
  YESTERDAY        0.0          MM      MM   0.0             0.0
  MONTH TO DATE    0.0                       0.0             0.0
  SINCE JUN 1      0.0                       0.0             0.0
  SINCE JUL 1      0.0                       0.0             0.0

DEGREE DAYS
 HEATING
  YESTERDAY        0                         0      0        0
  MONTH TO DATE    0                         0      0        0
  SINCE JUN 1      0                         0      0        0
  SINCE JUL 1      0                         0      0        0

 COOLING
  YESTERDAY       18                        15      3       13
  MONTH TO DATE  273                       307    -34      265
  SINCE JUN 1   1177                      1230    -53     1114
  SINCE JAN 1   1461                      1513    -52     1323
..................................................................


WIND (MPH)
  HIGHEST WIND SPEED    21   HIGHEST WIND DIRECTION     S (200)
  HIGHEST GUST SPEED    27   HIGHEST GUST DIRECTION    SW (210)
  AVERAGE WIND SPEED     8.3


SKY COVER
  AVERAGE SKY COVER 0.2


WEATHER CONDITIONS
 THE FOLLOWING WEATHER WAS RECORDED YESTERDAY.
  THUNDERSTORM


RELATIVE HUMIDITY (PERCENT)
 HIGHEST    90           600 AM
 LOWEST     44           400 PM
 AVERAGE    67

..........................................................


THE AUGUSTA REGIONAL BUSH FIELD GA CLIMATE NORMALS FOR TODAY
                         NORMAL    RECORD    YEAR
 MAXIMUM TEMPERATURE (F)   92       105      1983
                                             1925
 MINIMUM TEMPERATURE (F)   69        62      1889


SUNRISE AND SUNSET
AUGUST 20 2014........SUNRISE   654 AM EDT   SUNSET   808 PM EDT
AUGUST 21 2014........SUNRISE   655 AM EDT   SUNSET   807 PM EDT


-  INDICATES NEGATIVE NUMBERS.
R  INDICATES RECORD WAS SET OR TIED.
MM INDICATES DATA IS MISSING.
T  INDICATES TRACE AMOUNT.




$$
