000
CDUS42 KCAE 092126
CLIAGS


CLIMATE REPORT
NATIONAL WEATHER SERVICE COLUMBIA SC
525 PM EDT WED JUL 9 2014


...................................

...THE AUGUSTA BUSH FIELD GA CLIMATE SUMMARY FOR JULY 9 2014...
VALID TODAY AS OF 0500 PM LOCAL TIME.

CLIMATE NORMAL PERIOD 1981 TO 2010
CLIMATE RECORD PERIOD 1873 TO 2014


WEATHER ITEM   OBSERVED TIME   RECORD YEAR NORMAL DEPARTURE LAST
                VALUE   (LST)  VALUE       VALUE  FROM      YEAR
                                                  NORMAL
..................................................................
TEMPERATURE (F)
 TODAY
  MAXIMUM         99    259 PM 104    1986  93      6       91
  MINIMUM         67    430 AM  56    1983  70     -3       71
  AVERAGE         83                        82      1       81

PRECIPITATION (IN)
  TODAY            0.00          1.38 1935   0.14  -0.14      T
  MONTH TO DATE    T                         1.22  -1.22     3.68
  SINCE JUN 1      2.27                      5.94  -3.67    14.51
  SINCE JAN 1     21.13                     23.44  -2.31    34.11

SNOWFALL (IN)
  TODAY            0.0          MM      MM   0.0             0.0
  MONTH TO DATE    0.0                       0.0             0.0
  SINCE JUN 1      0.0                       0.0             0.0
  SINCE JUL 1      0.0                       0.0             0.0

DEGREE DAYS
 HEATING
  TODAY            0                         0      0        0
  MONTH TO DATE    0                         0      0        0
  SINCE JUN 1      0                         0      0        0
  SINCE JUL 1      0                         0      0        0

 COOLING
  TODAY           18                        17      1       16
  MONTH TO DATE  145                       145      0      126
  SINCE JUN 1    569                       553     16      518
  SINCE JAN 1    853                       836     17      727
..................................................................


WIND (MPH)
  HIGHEST WIND SPEED    17   HIGHEST WIND DIRECTION    SW (220)
  HIGHEST GUST SPEED    23   HIGHEST GUST DIRECTION    SW (230)
  AVERAGE WIND SPEED     7.0


SKY COVER
  AVERAGE SKY COVER 0.1


WEATHER CONDITIONS
 THE FOLLOWING WEATHER WAS RECORDED TODAY.
  NO SIGNIFICANT WEATHER WAS OBSERVED.


RELATIVE HUMIDITY (PERCENT)
 HIGHEST    84           400 AM
 LOWEST     30           100 PM
 AVERAGE    57

..........................................................


THE AUGUSTA BUSH FIELD GA CLIMATE NORMALS FOR TOMORROW
                         NORMAL    RECORD    YEAR
 MAXIMUM TEMPERATURE (F)   94       104      1930
 MINIMUM TEMPERATURE (F)   70        60      1972
                                             1894


SUNRISE AND SUNSET
JULY  9 2014..........SUNRISE   626 AM EDT   SUNSET   840 PM EDT
JULY 10 2014..........SUNRISE   626 AM EDT   SUNSET   840 PM EDT


-  INDICATES NEGATIVE NUMBERS.
R  INDICATES RECORD WAS SET OR TIED.
MM INDICATES DATA IS MISSING.
T  INDICATES TRACE AMOUNT.




$$
