000
CDUS42 KCAE 220934
CLIAGS


CLIMATE REPORT
NATIONAL WEATHER SERVICE COLUMBIA SC
423 AM EST THU FEB 22 2018


...................................

...THE AUGUSTA REGIONAL BUSH FIELD GA CLIMATE SUMMARY FOR FEBRUARY 21 2018...

CLIMATE NORMAL PERIOD 1981 TO 2010
CLIMATE RECORD PERIOD 1873 TO 2018


WEATHER ITEM   OBSERVED TIME   RECORD YEAR NORMAL DEPARTURE LAST
                VALUE   (LST)  VALUE       VALUE  FROM      YEAR
                                                  NORMAL
..................................................................
TEMPERATURE (F)
 YESTERDAY
  MAXIMUM         86R   355 PM  80    2011  64     22       75
                                      1997
  MINIMUM         66    705 AM  15    1896  37     29       46
  AVERAGE         76                        50     26       61

PRECIPITATION (IN)
  YESTERDAY        T             2.47 1932   0.14  -0.14      T
  MONTH TO DATE    1.45                      2.89  -1.44     1.90
  SINCE DEC 1      7.65                     10.19  -2.54    16.44
  SINCE JAN 1      3.54                      6.80  -3.26    12.03

SNOWFALL (IN)
  YESTERDAY        0.0           0.7  1968   0.0             0.0
  MONTH TO DATE    0.0                       0.3             0.0
  SINCE DEC 1      T                         0.8              T
  SINCE JUL 1      T                         0.8              T

DEGREE DAYS
 HEATING
  YESTERDAY        0                        15    -15        4
  MONTH TO DATE  158                       350   -192      174
  SINCE DEC 1   1301                      1513   -212      840
  SINCE JUL 1   1666                      1935   -269     1111

 COOLING
  YESTERDAY       11                         0     11        0
  MONTH TO DATE   31                         0     31        6
  SINCE DEC 1     33                         4     29       27
  SINCE JAN 1     33                         1     32       20
..................................................................


WIND (MPH)
  HIGHEST WIND SPEED    15   HIGHEST WIND DIRECTION     S (170)
  HIGHEST GUST SPEED    19   HIGHEST GUST DIRECTION    SW (210)
  AVERAGE WIND SPEED     7.2


SKY COVER
  AVERAGE SKY COVER 0.7


WEATHER CONDITIONS
 THE FOLLOWING WEATHER WAS RECORDED YESTERDAY.
  LIGHT RAIN
  FOG


RELATIVE HUMIDITY (PERCENT)
 HIGHEST   100           600 AM
 LOWEST     45           400 PM
 AVERAGE    73

..........................................................


THE AUGUSTA REGIONAL BUSH FIELD GA CLIMATE NORMALS FOR TODAY
                         NORMAL    RECORD    YEAR
 MAXIMUM TEMPERATURE (F)   64        83      2011
 MINIMUM TEMPERATURE (F)   37        20      1970
                                             1896


SUNRISE AND SUNSET
FEBRUARY 22 2018......SUNRISE   704 AM EST   SUNSET   619 PM EST
FEBRUARY 23 2018......SUNRISE   703 AM EST   SUNSET   620 PM EST


-  INDICATES NEGATIVE NUMBERS.
R  INDICATES RECORD WAS SET OR TIED.
MM INDICATES DATA IS MISSING.
T  INDICATES TRACE AMOUNT.




$$
