000
CDUS42 KCAE 282147
CLIAGS


CLIMATE REPORT
NATIONAL WEATHER SERVICE COLUMBIA SC
544 PM EDT TUE JUL 28 2015


...................................

...THE AUGUSTA BUSH FIELD GA CLIMATE SUMMARY FOR JULY 28 2015...
VALID TODAY AS OF 0500 PM LOCAL TIME.

CLIMATE NORMAL PERIOD 1981 TO 2010
CLIMATE RECORD PERIOD 1873 TO 2015


WEATHER ITEM   OBSERVED TIME   RECORD YEAR NORMAL DEPARTURE LAST
                VALUE   (LST)  VALUE       VALUE  FROM      YEAR
                                                  NORMAL
..................................................................
TEMPERATURE (F)
 TODAY
  MAXIMUM         96    301 PM 104    1993  93      3       95
  MINIMUM         71    440 AM  60    1962  70      1       72
  AVERAGE         84                        82      2       84

PRECIPITATION (IN)
  TODAY            0.00          2.55 1960   0.15  -0.15     0.00
                                      1890
  MONTH TO DATE    1.81                      3.88  -2.07     5.24
  SINCE JUN 1      5.31                      8.60  -3.29     7.51
  SINCE JAN 1     20.94                     26.10  -5.16    26.37

SNOWFALL (IN)
  TODAY            0.0          MM      MM   0.0             0.0
  MONTH TO DATE    0.0                       0.0             0.0
  SINCE JUN 1      0.0                       0.0             0.0
  SINCE JUL 1      0.0                       0.0             0.0

DEGREE DAYS
 HEATING
  TODAY            0                         0      0        0
  MONTH TO DATE    0                         0      0        0
  SINCE JUN 1      0                         0      0        0
  SINCE JUL 1      0                         0      0        0

 COOLING
  TODAY           19                        17      2       19
  MONTH TO DATE  522                       468     54      446
  SINCE JUN 1   1001                       876    125      870
  SINCE JAN 1   1362                      1159    203     1154
..................................................................


WIND (MPH)
  HIGHEST WIND SPEED    17   HIGHEST WIND DIRECTION     S (190)
  HIGHEST GUST SPEED    22   HIGHEST GUST DIRECTION     S (200)
  AVERAGE WIND SPEED     4.7


SKY COVER
  AVERAGE SKY COVER 0.1


WEATHER CONDITIONS
 THE FOLLOWING WEATHER WAS RECORDED TODAY.
  NO SIGNIFICANT WEATHER WAS OBSERVED.


RELATIVE HUMIDITY (PERCENT)
 HIGHEST   100           600 AM
 LOWEST     42           200 PM
 AVERAGE    71

..........................................................


THE AUGUSTA BUSH FIELD GA CLIMATE NORMALS FOR TOMORROW
                         NORMAL    RECORD    YEAR
 MAXIMUM TEMPERATURE (F)   93       104      1993
 MINIMUM TEMPERATURE (F)   70        62      1920


SUNRISE AND SUNSET
JULY 28 2015..........SUNRISE   638 AM EDT   SUNSET   831 PM EDT
JULY 29 2015..........SUNRISE   638 AM EDT   SUNSET   830 PM EDT


-  INDICATES NEGATIVE NUMBERS.
R  INDICATES RECORD WAS SET OR TIED.
MM INDICATES DATA IS MISSING.
T  INDICATES TRACE AMOUNT.




$$
