000
CDUS42 KCAE 280655
CLIAGS


CLIMATE REPORT
NATIONAL WEATHER SERVICE COLUMBIA SC
255 AM EDT TUE MAR 28 2017


...................................

...THE AUGUSTA REGIONAL BUSH FIELD GA CLIMATE SUMMARY FOR MARCH 27 2017...

CLIMATE NORMAL PERIOD 1981 TO 2010
CLIMATE RECORD PERIOD 1873 TO 2017


WEATHER ITEM   OBSERVED TIME   RECORD YEAR NORMAL DEPARTURE LAST
                VALUE   (LST)  VALUE       VALUE  FROM      YEAR
                                                  NORMAL
..................................................................
TEMPERATURE (F)
 YESTERDAY
  MAXIMUM         86    440 PM  88    1994  73     13       74
                                      1921
  MINIMUM         56    659 AM  22    1955  44     12       63
  AVERAGE         71                        58     13       69

PRECIPITATION (IN)
  YESTERDAY        0.00          4.17 1882   0.13  -0.13     1.37
  MONTH TO DATE    1.48                      3.68  -2.20     3.00
  SINCE MAR 1      1.48                      3.68  -2.20     3.00
  SINCE JAN 1     13.72                     11.51   2.21     8.42

SNOWFALL (IN)
  YESTERDAY        0.0          MM      MM   0.0             0.0
  MONTH TO DATE    0.0                       0.0             0.0
  SINCE MAR 1      0.0                       0.0             0.0
  SINCE JUL 1      T                         0.9             0.5

DEGREE DAYS
 HEATING
  YESTERDAY        0                         7     -7        0
  MONTH TO DATE  238                       269    -31      158
  SINCE MAR 1    238                       269    -31      158
  SINCE JUL 1   1373                      2301   -928     1735

 COOLING
  YESTERDAY        6                         1      5        4
  MONTH TO DATE   23                        13     10       43
  SINCE MAR 1     23                        13     10       43
  SINCE JAN 1     53                        16     37       46
..................................................................


WIND (MPH)
  HIGHEST WIND SPEED    16   HIGHEST WIND DIRECTION     S (180)
  HIGHEST GUST SPEED    20   HIGHEST GUST DIRECTION     S (190)
  AVERAGE WIND SPEED     5.5


SKY COVER
  AVERAGE SKY COVER 0.3


WEATHER CONDITIONS
 THE FOLLOWING WEATHER WAS RECORDED YESTERDAY.
  FOG
  FOG W/VISIBILITY <= 1/4 MILE


RELATIVE HUMIDITY (PERCENT)
 HIGHEST   100           600 AM
 LOWEST     37           400 PM
 AVERAGE    69

..........................................................


THE AUGUSTA REGIONAL BUSH FIELD GA CLIMATE NORMALS FOR TODAY
                         NORMAL    RECORD    YEAR
 MAXIMUM TEMPERATURE (F)   73        91      1907
 MINIMUM TEMPERATURE (F)   44        27      2001
                                             1955


SUNRISE AND SUNSET
MARCH 28 2017.........SUNRISE   721 AM EDT   SUNSET   746 PM EDT
MARCH 29 2017.........SUNRISE   719 AM EDT   SUNSET   746 PM EDT


-  INDICATES NEGATIVE NUMBERS.
R  INDICATES RECORD WAS SET OR TIED.
MM INDICATES DATA IS MISSING.
T  INDICATES TRACE AMOUNT.




$$
