000
CDUS42 KFFC 202143
CLIAHN


CLIMATE REPORT
NATIONAL WEATHER SERVICE PEACHTREE CITY GA
443 PM EST MON NOV 20 2017


...................................

...THE ATHENS CLIMATE SUMMARY FOR NOVEMBER 20 2017...
VALID TODAY AS OF 0400 PM LOCAL TIME.

CLIMATE NORMAL PERIOD 1981 TO 2010
CLIMATE RECORD PERIOD 1898 TO 2017


WEATHER ITEM   OBSERVED TIME   RECORD YEAR NORMAL DEPARTURE LAST
                VALUE   (LST)  VALUE       VALUE  FROM      YEAR
                                                  NORMAL
..................................................................
TEMPERATURE (F)
 TODAY
  MAXIMUM         62    245 PM  80    1942  64     -2       60
  MINIMUM         27    721 AM  17    1914  41    -14       33
  AVERAGE         45                        52     -7       47

PRECIPITATION (IN)
  TODAY            0.00          1.39 1986   0.13  -0.13     0.00
  MONTH TO DATE    1.20                      2.46  -1.26     0.33
  SINCE SEP 1     11.10                      9.95   1.15     1.58
  SINCE JAN 1     53.09                     41.24  11.85    32.55

SNOWFALL (IN)
  TODAY            0.0           0.0  2001   0.0    0.0      0.0
  MONTH TO DATE    0.0                       0.0    0.0      0.0
  SINCE SEP 1      0.0                       0.0    0.0      0.0
  SINCE JUL 1      0.0                       0.0    0.0      0.0
  SNOW DEPTH       0

DEGREE DAYS
 HEATING
  TODAY           20                        13      7       18
  MONTH TO DATE  194                       200     -6      161
  SINCE SEP 1    328                       335     -7      192
  SINCE JUL 1    328                       335     -7      192

 COOLING
  TODAY            0                         0      0        0
  MONTH TO DATE   23                         5     18       16
  SINCE SEP 1    380                       327     53      530
  SINCE JAN 1   2019                      1882    137     2444
..................................................................


WIND (MPH)
  HIGHEST WIND SPEED     6   HIGHEST WIND DIRECTION    SE (120)
  HIGHEST GUST SPEED    11   HIGHEST GUST DIRECTION     S (160)
  AVERAGE WIND SPEED     2.8


SKY COVER
  AVERAGE SKY COVER 0.0


WEATHER CONDITIONS
 THE FOLLOWING WEATHER WAS RECORDED TODAY.
  NO SIGNIFICANT WEATHER WAS OBSERVED.


RELATIVE HUMIDITY (PERCENT)
 HIGHEST   100           400 AM
 LOWEST     32           300 PM
 AVERAGE    66

..........................................................


THE ATHENS CLIMATE NORMALS FOR TOMORROW
                         NORMAL    RECORD    YEAR
 MAXIMUM TEMPERATURE (F)   63        79      1942
 MINIMUM TEMPERATURE (F)   41        16      1887


SUNRISE AND SUNSET
NOVEMBER 20 2017......SUNRISE   711 AM EST   SUNSET   527 PM EST
NOVEMBER 21 2017......SUNRISE   712 AM EST   SUNSET   527 PM EST


-  INDICATES NEGATIVE NUMBERS.
R  INDICATES RECORD WAS SET OR TIED.
MM INDICATES DATA IS MISSING.
T  INDICATES TRACE AMOUNT.




$$
