780
CDUS42 KFFC 230023
CLIAHN


CLIMATE REPORT
NATIONAL WEATHER SERVICE PEACHTREE CITY GA
723 PM EST MON JAN 22 2018


...................................

...THE ATHENS CLIMATE SUMMARY FOR JANUARY 22 2018...
VALID AS OF 0700 PM LOCAL TIME.

CLIMATE NORMAL PERIOD 1981 TO 2010
CLIMATE RECORD PERIOD 1898 TO 2018


WEATHER ITEM   OBSERVED TIME   RECORD YEAR NORMAL DEPARTURE LAST
                VALUE   (LST)  VALUE       VALUE  FROM      YEAR
                                                  NORMAL
..................................................................
TEMPERATURE (F)
 TODAY
  MAXIMUM         63    523 PM  78    1927  54      9       64
  MINIMUM         41    741 AM  11    1961  33      8       51
  AVERAGE         52                        44      8       58

PRECIPITATION (IN)
  TODAY            T             2.17 1906   0.14  -0.14     1.25
  MONTH TO DATE    1.91                      2.78  -0.87     6.40
  SINCE DEC 1      4.66                      6.51  -1.85     8.82
  SINCE JAN 1      1.91                      2.78  -0.87     6.40

SNOWFALL (IN)
  TODAY           MM             0.0  2002   0.0   MM        0.0
  MONTH TO DATE    1.1                       1.0    0.1      0.0
  SINCE DEC 1      1.1                       1.1    0.0      0.0
  SINCE JUL 1      1.1                       1.1    0.0      0.0
  SNOW DEPTH       0

DEGREE DAYS
 HEATING
  TODAY           13                        21     -8        7
  MONTH TO DATE  581                       481    100      274
  SINCE DEC 1   1150                      1091     59      820
  SINCE JUL 1   1608                      1571     37     1106

 COOLING
  TODAY            0                         0      0        0
  MONTH TO DATE    0                         0      0        5
  SINCE DEC 1      0                         1     -1        5
  SINCE JAN 1      0                         0      0        5
..................................................................


WIND (MPH)
  HIGHEST WIND SPEED     9   HIGHEST WIND DIRECTION     E (90)
  HIGHEST GUST SPEED    12   HIGHEST GUST DIRECTION     S (180)
  AVERAGE WIND SPEED     3.3


SKY COVER
  AVERAGE SKY COVER 0.5


WEATHER CONDITIONS
 THE FOLLOWING WEATHER WAS RECORDED TODAY.
  LIGHT RAIN


RELATIVE HUMIDITY (PERCENT)
 HIGHEST   100           800 AM
 LOWEST     77          1100 AM

..........................................................


THE ATHENS CLIMATE NORMALS FOR TOMORROW
                         NORMAL    RECORD    YEAR
 MAXIMUM TEMPERATURE (F)   54        79      1927
 MINIMUM TEMPERATURE (F)   33        11      1960


SUNRISE AND SUNSET
JANUARY 22 2018.......SUNRISE   736 AM EST   SUNSET   554 PM EST
JANUARY 23 2018.......SUNRISE   735 AM EST   SUNSET   555 PM EST


-  INDICATES NEGATIVE NUMBERS.
R  INDICATES RECORD WAS SET OR TIED.
MM INDICATES DATA IS MISSING.
T  INDICATES TRACE AMOUNT.




$$
