000
CDUS42 KFFC 310830
CLIAHN


CLIMATE REPORT
NATIONAL WEATHER SERVICE PEACHTREE CITY GA
420 AM EDT THU JUL 31 2014


...................................

...THE ATHENS CLIMATE SUMMARY FOR JULY 30 2014...

CLIMATE NORMAL PERIOD 1981 TO 2010
CLIMATE RECORD PERIOD 1898 TO 2014


WEATHER ITEM   OBSERVED TIME   RECORD YEAR NORMAL DEPARTURE LAST
                VALUE   (LST)  VALUE       VALUE  FROM      YEAR
                                                  NORMAL
..................................................................
TEMPERATURE (F)
 YESTERDAY
  MAXIMUM         86    427 PM 102    1999  91     -5       89
                                      1915
  MINIMUM         60R   437 AM  60    1925  70    -10       62
  AVERAGE         73                        81     -8       76

PRECIPITATION (IN)
  YESTERDAY        0.00          2.83 1887   0.14  -0.14     0.00
  MONTH TO DATE    4.20                      4.33  -0.13     9.14
  SINCE JUN 1      7.94                      8.51  -0.57    17.35
  SINCE JAN 1     27.58                     27.62  -0.04    40.43

DEGREE DAYS
 COOLING
  YESTERDAY        8                        16     -8       11
  MONTH TO DATE  440                       473    -33      392
  SINCE JUN 1    858                       851      7      759
  SINCE JAN 1   1128                      1091     37      938
..................................................................


WIND (MPH)
  RESULTANT WIND SPEED   4   RESULTANT WIND DIRECTION  NE (50)
  HIGHEST WIND SPEED    14   HIGHEST WIND DIRECTION     E (70)
  HIGHEST GUST SPEED    20   HIGHEST GUST DIRECTION     E (80)
  AVERAGE WIND SPEED     4.6


SKY COVER
  POSSIBLE SUNSHINE  MM
  AVERAGE SKY COVER 0.1


WEATHER CONDITIONS
 THE FOLLOWING WEATHER WAS RECORDED YESTERDAY.
  HAZE


RELATIVE HUMIDITY (PERCENT)
 HIGHEST    84           400 AM
 LOWEST     40           300 PM
 AVERAGE    62

..........................................................


THE ATHENS CLIMATE NORMALS FOR TODAY
                         NORMAL    RECORD    YEAR
 MAXIMUM TEMPERATURE (F)   91       103      1999
 MINIMUM TEMPERATURE (F)   70        59      1936


SUNRISE AND SUNSET
JULY 31 2014..........SUNRISE   644 AM EDT   SUNSET   835 PM EDT
AUGUST  1 2014........SUNRISE   645 AM EDT   SUNSET   834 PM EDT


-  INDICATES NEGATIVE NUMBERS.
R  INDICATES RECORD WAS SET OR TIED.
MM INDICATES DATA IS MISSING.
T  INDICATES TRACE AMOUNT.




$$
