000
CDUS42 KFFC 250935
CLIAHN


CLIMATE REPORT
NATIONAL WEATHER SERVICE PEACHTREE CITY GA
435 AM EST THU DEC 25 2014


...................................

...THE ATHENS CLIMATE SUMMARY FOR DECEMBER 24 2014...

CLIMATE NORMAL PERIOD 1981 TO 2010
CLIMATE RECORD PERIOD 1898 TO 2014


WEATHER ITEM   OBSERVED TIME   RECORD YEAR NORMAL DEPARTURE LAST
                VALUE   (LST)  VALUE       VALUE  FROM      YEAR
                                                  NORMAL
..................................................................
TEMPERATURE (F)
 YESTERDAY
  MAXIMUM         55    635 PM  77    1964  54      1       47
  MINIMUM         47   1159 PM   7    1983  34     13       27
  AVERAGE         51                        44      7       37

PRECIPITATION (IN)
  YESTERDAY        1.68          3.60 1997   0.12   1.56     0.00
  MONTH TO DATE    3.53                      2.90   0.63     5.80
  SINCE DEC 1      3.53                      2.90   0.63     5.80
  SINCE JAN 1     44.29                     45.50  -1.21    58.07

SNOWFALL (IN)
  YESTERDAY       MM             0.0  2001   0.0   MM        0.0
  MONTH TO DATE    0.0                       0.0    0.0      0.0
  SINCE DEC 1      0.0                       0.0    0.0      0.0
  SINCE JUL 1      0.0                       0.0    0.0      0.0
  SNOW DEPTH       0

DEGREE DAYS
 HEATING
  YESTERDAY       14                        21     -7       28
  MONTH TO DATE  389                       459    -70      381
  SINCE DEC 1    389                       459    -70      381
  SINCE JUL 1   1002                       939     63      943
..................................................................


WIND (MPH)
  RESULTANT WIND SPEED   2   RESULTANT WIND DIRECTION   N (0)
  HIGHEST WIND SPEED    17   HIGHEST WIND DIRECTION     W (290)
  HIGHEST GUST SPEED    27   HIGHEST GUST DIRECTION     W (290)
  AVERAGE WIND SPEED     6.7


SKY COVER
  POSSIBLE SUNSHINE  MM
  AVERAGE SKY COVER 0.9


WEATHER CONDITIONS
 THE FOLLOWING WEATHER WAS RECORDED YESTERDAY.
  THUNDERSTORM
  HEAVY RAIN
  RAIN
  LIGHT RAIN
  FOG
  FOG W/VISIBILITY <= 1/4 MILE


RELATIVE HUMIDITY (PERCENT)
 HIGHEST   100          1200 AM
 LOWEST     77          1000 PM
 AVERAGE    89

..........................................................


THE ATHENS CLIMATE NORMALS FOR TODAY
                         NORMAL    RECORD    YEAR
 MAXIMUM TEMPERATURE (F)   54        77      1982
                                             1955
 MINIMUM TEMPERATURE (F)   34         3      1983


SUNRISE AND SUNSET
DECEMBER 25 2014......SUNRISE   736 AM EST   SUNSET   530 PM EST
DECEMBER 26 2014......SUNRISE   737 AM EST   SUNSET   531 PM EST


-  INDICATES NEGATIVE NUMBERS.
R  INDICATES RECORD WAS SET OR TIED.
MM INDICATES DATA IS MISSING.
T  INDICATES TRACE AMOUNT.




$$
