000
CDUS42 KFFC 260820
CLIAHN


CLIMATE REPORT
NATIONAL WEATHER SERVICE PEACHTREE CITY GA
419 AM EDT TUE SEP 26 2017


...................................

...THE ATHENS CLIMATE SUMMARY FOR SEPTEMBER 25 2017...

CLIMATE NORMAL PERIOD 1981 TO 2010
CLIMATE RECORD PERIOD 1898 TO 2017


WEATHER ITEM   OBSERVED TIME   RECORD YEAR NORMAL DEPARTURE LAST
                VALUE   (LST)  VALUE       VALUE  FROM      YEAR
                                                  NORMAL
..................................................................
TEMPERATURE (F)
 YESTERDAY
  MAXIMUM         88    143 PM  96    1931  81      7       94
  MINIMUM         65    342 AM  42    1928  59      6       64
  AVERAGE         77                        70      7       79

PRECIPITATION (IN)
  YESTERDAY        0.00          5.34 1956   0.15  -0.15      T
  MONTH TO DATE    4.19                      3.17   1.02     1.08
  SINCE SEP 1      4.19                      3.17   1.02     1.08
  SINCE JAN 1     46.18                     34.46  11.72    32.05

DEGREE DAYS
 HEATING
  YESTERDAY        0                         1     -1        0
  MONTH TO DATE    9                         3      6        0
  SINCE SEP 1      9                         3      6        0
  SINCE JUL 1      9                         3      6        0

 COOLING
  YESTERDAY       12                         6      6       14
  MONTH TO DATE  186                       234    -48      343
  SINCE SEP 1    186                       234    -48      343
  SINCE JAN 1   1825                      1789     36     2257
..................................................................


WIND (MPH)
  RESULTANT WIND SPEED   3   RESULTANT WIND DIRECTION  NE (60)
  HIGHEST WIND SPEED    12   HIGHEST WIND DIRECTION    NE (60)
  HIGHEST GUST SPEED    17   HIGHEST GUST DIRECTION    NE (60)
  AVERAGE WIND SPEED     3.8


SKY COVER
  POSSIBLE SUNSHINE  MM
  AVERAGE SKY COVER 0.0


WEATHER CONDITIONS
 THE FOLLOWING WEATHER WAS RECORDED YESTERDAY.
  NO SIGNIFICANT WEATHER WAS OBSERVED.


RELATIVE HUMIDITY (PERCENT)
 HIGHEST    93           100 AM
 LOWEST     43           300 PM
 AVERAGE    68

..........................................................


THE ATHENS CLIMATE NORMALS FOR TODAY
                         NORMAL    RECORD    YEAR
 MAXIMUM TEMPERATURE (F)   81        96      1925
 MINIMUM TEMPERATURE (F)   59        45      2001
                                             1950


SUNRISE AND SUNSET
SEPTEMBER 26 2017.....SUNRISE   724 AM EDT   SUNSET   724 PM EDT
SEPTEMBER 27 2017.....SUNRISE   725 AM EDT   SUNSET   723 PM EDT


-  INDICATES NEGATIVE NUMBERS.
R  INDICATES RECORD WAS SET OR TIED.
MM INDICATES DATA IS MISSING.
T  INDICATES TRACE AMOUNT.




$$
