000
CDUS42 KFFC 230817
CLIAHN


CLIMATE REPORT
NATIONAL WEATHER SERVICE PEACHTREE CITY GA
417 AM EDT SAT JUL 23 2016


...................................

...THE ATHENS CLIMATE SUMMARY FOR JULY 22 2016...

CLIMATE NORMAL PERIOD 1981 TO 2010
CLIMATE RECORD PERIOD 1898 TO 2016


WEATHER ITEM   OBSERVED TIME   RECORD YEAR NORMAL DEPARTURE LAST
                VALUE   (LST)  VALUE       VALUE  FROM      YEAR
                                                  NORMAL
..................................................................
TEMPERATURE (F)
 YESTERDAY
  MAXIMUM         94    427 PM 103    1932  92      2       94
  MINIMUM         68    441 AM  58    1947  70     -2       71
  AVERAGE         81                        81      0       83

PRECIPITATION (IN)
  YESTERDAY        0.00          2.32 1970   0.14  -0.14     0.00
  MONTH TO DATE    0.33                      3.20  -2.87     4.99
  SINCE JUN 1      4.42                      7.38  -2.96     7.75
  SINCE JAN 1     19.60                     26.49  -6.89    28.15

DEGREE DAYS
 COOLING
  YESTERDAY       16                        16      0       18
  MONTH TO DATE  409                       345     64      362
  SINCE JUN 1    889                       723    166      832
  SINCE JAN 1   1190                       963    227     1157
..................................................................


WIND (MPH)
  RESULTANT WIND SPEED   2   RESULTANT WIND DIRECTION  SE (130)
  HIGHEST WIND SPEED     8   HIGHEST WIND DIRECTION     S (180)
  HIGHEST GUST SPEED    15   HIGHEST GUST DIRECTION     S (170)
  AVERAGE WIND SPEED     2.5


SKY COVER
  POSSIBLE SUNSHINE  MM
  AVERAGE SKY COVER 0.1


WEATHER CONDITIONS
 THE FOLLOWING WEATHER WAS RECORDED YESTERDAY.
  FOG


RELATIVE HUMIDITY (PERCENT)
 HIGHEST   100           100 AM
 LOWEST     49           300 PM
 AVERAGE    75

..........................................................


THE ATHENS CLIMATE NORMALS FOR TODAY
                         NORMAL    RECORD    YEAR
 MAXIMUM TEMPERATURE (F)   92       104      1924
 MINIMUM TEMPERATURE (F)   70        60      1966


SUNRISE AND SUNSET
JULY 23 2016..........SUNRISE   639 AM EDT   SUNSET   840 PM EDT
JULY 24 2016..........SUNRISE   640 AM EDT   SUNSET   840 PM EDT


-  INDICATES NEGATIVE NUMBERS.
R  INDICATES RECORD WAS SET OR TIED.
MM INDICATES DATA IS MISSING.
T  INDICATES TRACE AMOUNT.




$$
