996
CDUS42 KFFC 240817
CLIAHN


CLIMATE REPORT
NATIONAL WEATHER SERVICE PEACHTREE CITY GA
416 AM EDT TUE MAY 24 2016


...................................

...THE ATHENS CLIMATE SUMMARY FOR MAY 23 2016...

CLIMATE NORMAL PERIOD 1981 TO 2010
CLIMATE RECORD PERIOD 1898 TO 2016


WEATHER ITEM   OBSERVED TIME   RECORD YEAR NORMAL DEPARTURE LAST
                VALUE   (LST)  VALUE       VALUE  FROM      YEAR
                                                  NORMAL
..................................................................
TEMPERATURE (F)
 YESTERDAY
  MAXIMUM         83    259 PM  99    1941  84     -1       84
  MINIMUM         52    545 AM  45    2002  60     -8       53
  AVERAGE         68                        72     -4       69

PRECIPITATION (IN)
  YESTERDAY        0.00          2.96 1974   0.10  -0.10     0.00
  MONTH TO DATE    2.33                      2.23   0.10     0.05
  SINCE MAR 1      6.85                      9.81  -2.96    10.85
  SINCE JAN 1     15.02                     18.34  -3.32    17.82

DEGREE DAYS
 COOLING
  YESTERDAY        3                         7     -4        4
  MONTH TO DATE  113                       114     -1      166
  SINCE MAR 1    220                       171     49      245
  SINCE JAN 1    220                       172     48      245
..................................................................


WIND (MPH)
  RESULTANT WIND SPEED   1   RESULTANT WIND DIRECTION   E (90)
  HIGHEST WIND SPEED    12   HIGHEST WIND DIRECTION     N (20)
  HIGHEST GUST SPEED    17   HIGHEST GUST DIRECTION     N (10)
  AVERAGE WIND SPEED     2.6


SKY COVER
  POSSIBLE SUNSHINE  MM
  AVERAGE SKY COVER 0.2


WEATHER CONDITIONS
 THE FOLLOWING WEATHER WAS RECORDED YESTERDAY.
  NO SIGNIFICANT WEATHER WAS OBSERVED.


RELATIVE HUMIDITY (PERCENT)
 HIGHEST    89           500 AM
 LOWEST     31           200 PM
 AVERAGE    60

..........................................................


THE ATHENS CLIMATE NORMALS FOR TODAY
                         NORMAL    RECORD    YEAR
 MAXIMUM TEMPERATURE (F)   84        96      1912
 MINIMUM TEMPERATURE (F)   61        42      1931


SUNRISE AND SUNSET
MAY 24 2016...........SUNRISE   626 AM EDT   SUNSET   835 PM EDT
MAY 25 2016...........SUNRISE   626 AM EDT   SUNSET   835 PM EDT


-  INDICATES NEGATIVE NUMBERS.
R  INDICATES RECORD WAS SET OR TIED.
MM INDICATES DATA IS MISSING.
T  INDICATES TRACE AMOUNT.




$$
