000
CDUS45 KCYS 280739
CLIAIA


CLIMATE REPORT
NATIONAL WEATHER SERVICE CHEYENNE WY
139 AM MDT SAT MAY 28 2016


...................................

...THE ALLIANCE NE AIRPORT CLIMATE SUMMARY FOR MAY 27 2016...

CLIMATE NORMAL PERIOD 1981 TO 2010
CLIMATE RECORD PERIOD 1896 TO 2016


WEATHER ITEM   OBSERVED TIME   RECORD YEAR NORMAL DEPARTURE LAST
                VALUE   (LST)  VALUE       VALUE  FROM      YEAR
                                                  NORMAL
..................................................................
TEMPERATURE (F)
 YESTERDAY
  MAXIMUM         63    409 PM  95    2006  74    -11       73
  MINIMUM         40   1132 PM  32    2009  43     -3       52
                                      2005
                                      1950
  AVERAGE         52                        59     -7       63

PRECIPITATION (IN)
  YESTERDAY        0.35          1.40 1978   0.10   0.25     0.14
  MONTH TO DATE    1.50                      2.17  -0.67     7.90
  SINCE JAN 1      7.16                      5.03   2.13    11.33

DEGREE DAYS
 HEATING
  YESTERDAY       13                         7      6        2
  MONTH TO DATE  373                       301     72      367
  SINCE MAR 1   1754                      1786    -32     1635
  SINCE JUL 1   6829                      7190   -361     6862

 COOLING
  YESTERDAY        0                         1     -1        0
  MONTH TO DATE    0                         2     -2        0
  SINCE MAR 1      0                         2     -2        0
  SINCE JAN 1      0                         2     -2        0
..................................................................


WIND (MPH)
  HIGHEST WIND SPEED    20   HIGHEST WIND DIRECTION    NE (30)
  HIGHEST GUST SPEED    24   HIGHEST GUST DIRECTION    NE (30)
  AVERAGE WIND SPEED     8.1


SKY COVER
  AVERAGE SKY COVER 0.6


WEATHER CONDITIONS
 THE FOLLOWING WEATHER WAS RECORDED YESTERDAY.
  RAIN
  LIGHT RAIN
  FOG


RELATIVE HUMIDITY (PERCENT)
 HIGHEST   100          1100 PM
 LOWEST     60           400 PM
 AVERAGE    80

..........................................................


THE ALLIANCE NE AIRPORT CLIMATE NORMALS FOR TODAY
                         NORMAL    RECORD    YEAR
 MAXIMUM TEMPERATURE (F)   74        95      1934
 MINIMUM TEMPERATURE (F)   44        27      2005


SUNRISE AND SUNSET
MAY 28 2016...........SUNRISE   520 AM MDT   SUNSET   818 PM MDT
MAY 29 2016...........SUNRISE   519 AM MDT   SUNSET   819 PM MDT


-  INDICATES NEGATIVE NUMBERS.
R  INDICATES RECORD WAS SET OR TIED.
MM INDICATES DATA IS MISSING.
T  INDICATES TRACE AMOUNT.




$$
