000
CDUS45 KCYS 280739
CLIAIA


CLIMATE REPORT
NATIONAL WEATHER SERVICE CHEYENNE WY
138 AM MDT FRI AUG 28 2015


...................................

...THE ALLIANCE NE AIRPORT CLIMATE SUMMARY FOR AUGUST 27 2015...

CLIMATE NORMAL PERIOD 1981 TO 2010
CLIMATE RECORD PERIOD 1896 TO 2015


WEATHER ITEM   OBSERVED TIME   RECORD YEAR NORMAL DEPARTURE LAST
                VALUE   (LST)  VALUE       VALUE  FROM      YEAR
                                                  NORMAL
..................................................................
TEMPERATURE (F)
 YESTERDAY
  MAXIMUM         85   1254 PM 101    2012  84      1       77
  MINIMUM         52   1058 PM  38    2004  52      0       60
  AVERAGE         69                        68      1       69

PRECIPITATION (IN)
  YESTERDAY        0.00          1.36 1952   0.06  -0.06     0.24
  MONTH TO DATE    0.83                      1.49  -0.66     1.13
  SINCE JAN 1     18.57                     12.20   6.37    13.48

DEGREE DAYS
 HEATING
  YESTERDAY        0                         1     -1        0
  MONTH TO DATE   37                        16     21        2
  SINCE JUN 1     61                       121    -60      128
  SINCE JUL 1     52                        28     24       29

 COOLING
  YESTERDAY        4                         4      0        4
  MONTH TO DATE  169                       175     -6      185
  SINCE JUN 1    447                       497    -50      443
  SINCE JAN 1    447                       507    -60      457
..................................................................


WIND (MPH)
  HIGHEST WIND SPEED    26   HIGHEST WIND DIRECTION     N (350)
  HIGHEST GUST SPEED    32   HIGHEST GUST DIRECTION     N (360)
  AVERAGE WIND SPEED    11.8


SKY COVER
  AVERAGE SKY COVER 0.3


WEATHER CONDITIONS
 THE FOLLOWING WEATHER WAS RECORDED YESTERDAY.
  NO SIGNIFICANT WEATHER WAS OBSERVED.


RELATIVE HUMIDITY (PERCENT)
 HIGHEST    93           400 AM
 LOWEST     40           100 PM
 AVERAGE    67

..........................................................


THE ALLIANCE NE AIRPORT CLIMATE NORMALS FOR TODAY
                         NORMAL    RECORD    YEAR
 MAXIMUM TEMPERATURE (F)   84       103      2012
 MINIMUM TEMPERATURE (F)   51        33      2004


SUNRISE AND SUNSET
AUGUST 28 2015........SUNRISE   612 AM MDT   SUNSET   732 PM MDT
AUGUST 29 2015........SUNRISE   613 AM MDT   SUNSET   730 PM MDT


-  INDICATES NEGATIVE NUMBERS.
R  INDICATES RECORD WAS SET OR TIED.
MM INDICATES DATA IS MISSING.
T  INDICATES TRACE AMOUNT.




$$
