000
CDUS45 KCYS 260344
CLIAIA


CLIMATE REPORT
NATIONAL WEATHER SERVICE CHEYENNE WY
943 PM MDT MON MAY 25 2015


...................................

...THE ALLIANCE NE AIRPORT CLIMATE SUMMARY FOR MAY 25 2015...
VALID TODAY AS OF 0900 PM LOCAL TIME.

CLIMATE NORMAL PERIOD 1981 TO 2010
CLIMATE RECORD PERIOD 1896 TO 2015


WEATHER ITEM   OBSERVED TIME   RECORD YEAR NORMAL DEPARTURE LAST
                VALUE   (LST)  VALUE       VALUE  FROM      YEAR
                                                  NORMAL
..................................................................
TEMPERATURE (F)
 TODAY
  MAXIMUM         59    545 PM  92    1969  73    -14       72
  MINIMUM         49    837 PM  24    2001  43      6       53
  AVERAGE         54                        58     -4       63

PRECIPITATION (IN)
  TODAY            1.18          1.25 1997   0.09   1.09     0.40
  MONTH TO DATE    7.44                      1.97   5.47     3.69
  SINCE JAN 1     10.87                      4.83   6.04     6.49

DEGREE DAYS
 HEATING
  TODAY           11                         8      3        2
  MONTH TO DATE  359                       287     72      336
  SINCE MAR 1   1627                      1772   -145     1855
  SINCE JUL 1   6854                      7176   -322     7419

 COOLING
  TODAY            0                         0      0        0
  MONTH TO DATE    0                         0      0        0
  SINCE MAR 1      0                         0      0        0
  SINCE JAN 1      0                         0      0        0
..................................................................


WIND (MPH)
  HIGHEST WIND SPEED    17   HIGHEST WIND DIRECTION     N (20)
  HIGHEST GUST SPEED    22   HIGHEST GUST DIRECTION    NE (30)
  AVERAGE WIND SPEED     6.0


SKY COVER
  AVERAGE SKY COVER 0.9


WEATHER CONDITIONS
 THE FOLLOWING WEATHER WAS RECORDED TODAY.
  HEAVY RAIN
  RAIN
  LIGHT RAIN
  FOG


RELATIVE HUMIDITY (PERCENT)
 HIGHEST   100           900 AM
 LOWEST     77           500 PM
 AVERAGE    89

..........................................................


THE ALLIANCE NE AIRPORT CLIMATE NORMALS FOR TOMORROW
                         NORMAL    RECORD    YEAR
 MAXIMUM TEMPERATURE (F)   74        94      1969
 MINIMUM TEMPERATURE (F)   43        32      2007
                                             1992
                                             1975


SUNRISE AND SUNSET
MAY 25 2015...........SUNRISE   522 AM MDT   SUNSET   814 PM MDT
MAY 26 2015...........SUNRISE   522 AM MDT   SUNSET   815 PM MDT


-  INDICATES NEGATIVE NUMBERS.
R  INDICATES RECORD WAS SET OR TIED.
MM INDICATES DATA IS MISSING.
T  INDICATES TRACE AMOUNT.




$$
