000
CDAK48 PAKN 260015
CLIAKN

CLIMATE REPORT
NATIONAL WEATHER SERVICE KING SALMON, AK
315 PM AKST TUE NOV 25 2014

...................................
...THE KING SALMON AP CLIMATE SUMMARY FOR NOVEMBER 25 2014...
VALID TODAY AS OF 2:00 PM LOCAL TIME

CLIMATE NORMAL PERIOD  1981 TO  2010
CLIMATE RECORD PERIOD  1917 TO  2014

WEATHER ITEM   OBSERVED TIME    RECORD YEAR NORMAL DEPARTURE LAST
               VALUE    (LST)   VALUE       VALUE  FROM      YEAR
                                                   NORMAL
...................................................................
TEMPERATURE
TODAY
 MAXIMUM            36  0223 PM    46  2002     29       7     40
 MINIMUM            26  0946 AM   -19  2011     13      13     21
 AVERAGE            31                          21      10     31

PRECIPITATION
(INCHES)
 TODAY               T           0.63  1990   0.04   -0.04   0.00
 MONTH TO DATE    1.95                        1.17    0.78   2.61
 SINCE SEP 1      5.70                        6.44   -0.74   9.32
 SINCE JAN 1     19.97                       18.04    1.93  23.41

SNOWFALL
(INCHES)
 TODAY             0.0            5.1  1951    0.3    -0.3    0.0
 MONTH TO DATE       T                         5.4    -5.4   11.6
 SINCE SEP 1       3.5                         8.3    -4.8   11.6
 SINCE JUL 1       3.5                         8.3    -4.8   11.6
 SNOW DEPTH (IN)     0                                          4

DEGREE DAYS
 HEATING
  TODAY             34                          44     -10     34
  MONTH TO DATE    687                        1041    -354    903
  SINCE SEP 1     2117                        2541    -424   2113
  SINCE JUL 1     2591                        3153    -562   2616

 COOLING
  TODAY              0                           0       0      0
  MONTH TO DATE      0                           0       0      0
  SINCE SEP 1        0                           0       0      0
  SINCE JAN 1        0                           0       0      4
...................................................................

WIND (MPH)
 HIGHEST WIND SPEED     8     HIGHEST WIND DIRECTION    120
 HIGHEST GUST SPEED    10     HIGHEST GUST DIRECTION    120
 AVERAGE WIND SPEED    MM

SKY COVER
  POSSIBLE SUNSHINE  MM            AVERAGE SKY COVER MM

WEATHER CONDITIONS
 THE FOLLOWING WEATHER WAS RECORDED TODAY.
FOG
RAIN


RELATIVE HUMIDITY
 HIGHEST RH     MM PERCENT       MM
 LOWEST  RH     MM PERCENT       MM
 AVERAGE RH     MM PERCENT       MM
...................................................................

THE KING SALMON CLIMATE NORMALS FOR TOMORROW
                        NORMAL    RECORD   YEAR
 MAXIMUM TEMPERATURE      29        47     1976
 MINIMUM TEMPERATURE      13       -25     2011

SUNRISE AND SUNSET
 NOV 25 2014..........SUNRISE  9:40 AM      SUNSET  4:47 PM
 NOV 26 2014..........SUNRISE  9:42 AM      SUNSET  4:46 PM

-  INDICATES NEGATIVE NUMBERS.
R  INDICATES RECORD HAS BEEN SET OR TIED.
MM INDICATES DATA IS MISSING.
T  INDICATES TRACE OF PRECIPITATION.

&&
-------------------------------------------------------------------

AMOUNT OF DAYLIGHT TODAY  (HOUR:MIN)........7 HOURS 7 MINUTES
LOSS SINCE YESTERDAY (HOUR:MIN:SEC).........-0:03:37

$$
AM NOV 14
