272
CDAK48 PAKN 261200
CLIAKN

CLIMATE REPORT
NATIONAL WEATHER SERVICE KING SALMON, AK
400 AM AKDT THU MAY 26 2016

...................................
...THE KING SALMON AP CLIMATE SUMMARY FOR MAY 25 2016...

CLIMATE NORMAL PERIOD  1981 TO  2016
CLIMATE RECORD PERIOD  1917 TO  2016

WEATHER ITEM   OBSERVED TIME    RECORD YEAR NORMAL DEPARTURE LAST
               VALUE    (LST)   VALUE       VALUE  FROM      YEAR
                                                   NORMAL
...................................................................
TEMPERATURE
YESTERDAY
 MAXIMUM            53  0429 PM    80  1997     57      -4     54
 MINIMUM            44  1159 PM    25  2000     37       7     40
 AVERAGE            49                          47       2     47

PRECIPITATION
(INCHES)
 YESTERDAY           T           1.60  1919   0.05   -0.05   0.30
 MONTH TO DATE    3.05                        0.98    2.07   3.32
 SINCE MAR 1      5.85                        2.65    3.20   6.45
 SINCE JAN 1      7.29                        4.43    2.86   7.24

SNOWFALL
(INCHES)
 YESTERDAY         0.0              T  1982    0.0     0.0    0.0
 MONTH TO DATE     0.0                         0.7    -0.7    0.0
 SINCE MAR 1       4.2                        11.0    -6.8   12.4
 SINCE JUL 1      38.8                        46.5    -7.7   26.1
 SNOW DEPTH (IN)     0                                          0

DEGREE DAYS
 HEATING
  YESTERDAY         16                          18      -2     18
  MONTH TO DATE    423                         540    -117    453
  SINCE MAR 1     2055                        2745    -690   2378
  SINCE JUL 1     7989                       10363   -2374   8576

 COOLING
  YESTERDAY          0                           0       0      0
  MONTH TO DATE      0                           0       0      0
  SINCE MAR 1        0                           0       0      0
  SINCE JAN 1        0                           0       0      0
...................................................................

WIND (MPH)
 HIGHEST WIND SPEED    13     HIGHEST WIND DIRECTION    260
 HIGHEST GUST SPEED    15     HIGHEST GUST DIRECTION    270
 AVERAGE WIND SPEED   7.5

SKY COVER
  POSSIBLE SUNSHINE    MM          AVERAGE SKY COVER     MM

WEATHER CONDITIONS
 THE FOLLOWING WEATHER WAS RECORDED YESTERDAY.
  FOG
  RAIN


RELATIVE HUMIDITY
 HIGHEST RH     MM PERCENT       MM
 LOWEST  RH     MM PERCENT       MM
 AVERAGE RH     MM PERCENT       MM
...................................................................

THE KING SALMON CLIMATE NORMALS FOR TODAY
                           NORMAL    RECORD   YEAR
 MAXIMUM TEMPERATURE (F)     57        85     2006
 MINIMUM TEMPERATURE (F)     37        20     1931

SUNRISE AND SUNSET
 MAY 26 2016..........SUNRISE  5:36 AM      SUNSET 11:14 PM
 MAY 27 2016..........SUNRISE  5:35 AM      SUNSET 11:15 PM

-  INDICATES NEGATIVE NUMBERS.
R  INDICATES RECORD HAS BEEN SET OR TIED.
MM INDICATES DATA IS MISSING.
T  INDICATES TRACE OF PRECIPITATION.

&&
-------------------------------------------------------------------

AMOUNT OF DAYLIGHT TODAY  (HOUR:MIN)........17 HOURS 38 MINUTES
GAIN SINCE YESTERDAY (HOUR:MIN:SEC).........+0:03:28

$$

DT MAY 16
