243
CDAK48 PAKN 290040
CLIAKN


CLIMATE REPORT
NATIONAL WEATHER SERVICE ANCHORAGE, AK
439 PM AKDT SUN MAY 28 2017


...................................

...THE KING SALMON CLIMATE SUMMARY FOR MAY 28 2017...
VALID TODAY AS OF 0400 PM LOCAL TIME.

CLIMATE NORMAL PERIOD 1981 TO 2010
CLIMATE RECORD PERIOD 1917 TO 2017


WEATHER ITEM   OBSERVED TIME   RECORD YEAR NORMAL DEPARTURE LAST
                VALUE   (LST)  VALUE       VALUE  FROM      YEAR
                                                  NORMAL
..................................................................
TEMPERATURE (F)
 TODAY
  MAXIMUM         54   1234 PM  83    2006  57     -3       68
  MINIMUM         38    322 AM  28    2000  37      1       35
  AVERAGE         46                        47     -1       52

PRECIPITATION (IN)
  TODAY            0.02          0.26 1955   0.04  -0.02     0.00
  MONTH TO DATE    1.07                      1.11  -0.04     3.05
  SINCE MAR 1      1.87                      2.78  -0.91     5.85
  SINCE JAN 1      3.07                      4.56  -1.49     7.29

SNOWFALL (IN)
  TODAY            0.0          MM      MM   0.0    0.0      0.0
  MONTH TO DATE    0.0                       0.8   -0.8      0.0
  SINCE MAR 1      3.3                      11.1   -7.8      0.0
  SINCE JUL 1     26.0                      46.6  -20.6     13.1
  SNOW DEPTH       0

DEGREE DAYS
 HEATING
  TODAY           19                        18      1       13
  MONTH TO DATE  562                       594    -32      417
  SINCE MAR 1   2961                      2799    162     2013
  SINCE JUL 1  10094                     10419   -325     7704

 COOLING
  TODAY            0                         0      0        0
  MONTH TO DATE    0                         0      0        0
  SINCE MAR 1      0                         0      0        0
  SINCE JAN 1      0                         0      0        0
..................................................................


WIND (MPH)
  RESULTANT WIND SPEED   2   RESULTANT WIND DIRECTION  NE (60)
  HIGHEST WIND SPEED    24   HIGHEST WIND DIRECTION    SE (150)
  HIGHEST GUST SPEED    27   HIGHEST GUST DIRECTION     S (160)
  AVERAGE WIND SPEED     6.1



WEATHER CONDITIONS
 THE FOLLOWING WEATHER WAS RECORDED TODAY.
  LIGHT RAIN
  FOG


RELATIVE HUMIDITY (PERCENT)
 HIGHEST    92
 LOWEST     54
 AVERAGE    73

..........................................................


THE KING SALMON CLIMATE NORMALS FOR TOMORROW
                         NORMAL    RECORD    YEAR
 MAXIMUM TEMPERATURE (F)   58        77      2013
 MINIMUM TEMPERATURE (F)   38        29      1962
                                             1934


SUNRISE AND SUNSET
MAY 28 2017...........SUNRISE   533 AM AKDT  SUNSET  1116 PM AKDT
MAY 29 2017...........SUNRISE   531 AM AKDT  SUNSET  1118 PM AKDT


-  INDICATES NEGATIVE NUMBERS.
R  INDICATES RECORD WAS SET OR TIED.
MM INDICATES DATA IS MISSING.
T  INDICATES TRACE AMOUNT.




$$
