000
CDAK48 PAKN 301614
CLIAKN

CLIMATE REPORT...CORRECTED
NATIONAL WEATHER SERVICE KING SALMON, AK
814 AM AKDT WED JUL 30 2014

...................................
...THE KING SALMON AP CLIMATE SUMMARY FOR JULY 29 2014...

CLIMATE NORMAL PERIOD  1981 TO  2010
CLIMATE RECORD PERIOD  1949 TO  2013

WEATHER ITEM   OBSERVED TIME    RECORD YEAR NORMAL DEPARTURE LAST
               VALUE    (LST)   VALUE       VALUE  FROM      YEAR
                                                   NORMAL
...................................................................
TEMPERATURE
YESTERDAY
 MAXIMUM            73  0723 PM    79  1963     64       9     75
 MINIMUM            49  1159 PM    38  2002     48       1     53
 AVERAGE            61                          56       5     64

PRECIPITATION
(INCHES)
 YESTERDAY        0.00           1.83  1928   0.09   -0.09   0.00
 MONTH TO DATE    2.38                        2.13    0.25   1.30
 SINCE JUN 1      5.63                        3.78    1.85   2.35
 SINCE JAN 1     10.76                        8.48    2.28   8.71

SNOWFALL
(INCHES)
 YESTERDAY         0.0            0.0  2014    0.0     0.0    0.0
 MONTH TO DATE     0.0                         0.0     0.0    0.0
 SINCE JUN 1       0.0                         0.0     0.0    0.0
 SINCE JUL 1       0.0                         0.0     0.0    0.0
 SNOW DEPTH (IN)     0                                          0

DEGREE DAYS
 HEATING
  YESTERDAY          4                           9      -5      1
  MONTH TO DATE    228                         272     -44    218
  SINCE JUN 1      659                         679     -20    500
  SINCE JUL 1      228                         272     -44    218

 COOLING
  YESTERDAY          0                           0       0      0
  MONTH TO DATE      0                           0       0      4
  SINCE JUN 1        0                           0       0      4
  SINCE JAN 1        0                           0       0      4
...................................................................

WIND (MPH)
 HIGHEST WIND SPEED    20     HIGHEST WIND DIRECTION     40
 HIGHEST GUST SPEED    28     HIGHEST GUST DIRECTION     30
 AVERAGE WIND SPEED   8.9

SKY COVER
  POSSIBLE SUNSHINE    MM          AVERAGE SKY COVER     MM

WEATHER CONDITIONS
 THE FOLLOWING WEATHER WAS RECORDED YESTERDAY.
  NO SIGNIFICANT WEATHER WAS OBSERVED.

RELATIVE HUMIDITY
 HIGHEST RH     MM PERCENT       MM
 LOWEST  RH     MM PERCENT       MM
 AVERAGE RH     MM PERCENT       MM
...................................................................

THE KING SALMON CLIMATE NORMALS FOR TODAY
                           NORMAL    RECORD   YEAR
 MAXIMUM TEMPERATURE (F)     64        79     2002
 MINIMUM TEMPERATURE (F)     48        38     1931

SUNRISE AND SUNSET
 JUL 30 2014..........SUNRISE  6:13 AM      SUNSET 10:53 PM
 JUL 31 2014..........SUNRISE  6:15 AM      SUNSET 10:51 PM

-  INDICATES NEGATIVE NUMBERS.
R  INDICATES RECORD HAS BEEN SET OR TIED.
MM INDICATES DATA IS MISSING.
T  INDICATES TRACE OF PRECIPITATION.

&&
-------------------------------------------------------------------

AMOUNT OF DAYLIGHT TODAY  (HOUR:MIN)........16 HOURS 40 MINUTES
GAIN/LOSS SINCE YESTERDAY (HOUR:MIN:SEC)....-0:04:22

$$
FONTENOT
