000
CDAK48 PAKN 061110
CLIAKN

CLIMATE REPORT
NATIONAL WEATHER SERVICE KING SALMON, AK
310 AM AKDT MON JUL 6 2015

...................................
...THE KING SALMON AP CLIMATE SUMMARY FOR JULY 5 2015...

CLIMATE NORMAL PERIOD  1981 TO  2010
CLIMATE RECORD PERIOD  1917 TO  2015

WEATHER ITEM   OBSERVED TIME    RECORD YEAR NORMAL DEPARTURE LAST
               VALUE    (LST)   VALUE       VALUE  FROM      YEAR
                                                   NORMAL
...................................................................
TEMPERATURE
YESTERDAY
 MAXIMUM            73  0105 PM    80  1949     64       9     74
 MINIMUM            54  0412 AM    31  2013     47       7     46
 AVERAGE            64                          55       9     60

PRECIPITATION
(INCHES)
 YESTERDAY        0.03           0.67  1979   0.06   -0.03   0.00
 MONTH TO DATE    0.21                        0.31   -0.10   0.00
 SINCE JUN 1      1.05                        1.96   -0.91   3.25
 SINCE JAN 1      8.29                        6.66    1.63   8.38

SNOWFALL
(INCHES)
 YESTERDAY         0.0            0.0  2015    0.0     0.0    0.0
 MONTH TO DATE     0.0                         0.0     0.0    0.0
 SINCE JUN 1       0.0                         0.0     0.0    0.0
 SINCE JUL 1       0.0                         0.0     0.0    0.0
 SNOW DEPTH (IN)     0                                          0

DEGREE DAYS
 HEATING
  YESTERDAY          1                          10      -9      5
  MONTH TO DATE     24                          51     -27     34
  SINCE JUN 1      273                         458    -185    465
  SINCE JUL 1       24                          51     -27     34

 COOLING
  YESTERDAY          0                           0       0      0
  MONTH TO DATE      0                           0       0      0
  SINCE JUN 1        2                           0       2      0
  SINCE JAN 1        2                           0       2      0
...................................................................

WIND (MPH)
 HIGHEST WIND SPEED    25     HIGHEST WIND DIRECTION     90
 HIGHEST GUST SPEED    32     HIGHEST GUST DIRECTION    100
 AVERAGE WIND SPEED  11.5

SKY COVER
  POSSIBLE SUNSHINE    MM          AVERAGE SKY COVER     MM

WEATHER CONDITIONS
 THE FOLLOWING WEATHER WAS RECORDED YESTERDAY.
  RAIN


RELATIVE HUMIDITY
 HIGHEST RH     MM PERCENT       MM
 LOWEST  RH     MM PERCENT       MM
 AVERAGE RH     MM PERCENT       MM
...................................................................

THE KING SALMON CLIMATE NORMALS FOR TODAY
                           NORMAL    RECORD   YEAR
 MAXIMUM TEMPERATURE (F)     64        83     1944
 MINIMUM TEMPERATURE (F)     47        38     1975

SUNRISE AND SUNSET
 JUL 6 2015..........SUNRISE  5:29 AM      SUNSET 11:34 PM
 JUL 7 2015..........SUNRISE  5:30 AM      SUNSET 11:33 PM

-  INDICATES NEGATIVE NUMBERS.
R  INDICATES RECORD HAS BEEN SET OR TIED.
MM INDICATES DATA IS MISSING.
T  INDICATES TRACE OF PRECIPITATION.

&&
-------------------------------------------------------------------

AMOUNT OF DAYLIGHT TODAY  (HOUR:MIN)........18 HOURS 5 MINUTES
LOSS SINCE YESTERDAY (HOUR:MIN:SEC).........-0:02:14

$$
AM JUL 15
