984
CDAK48 PAFC 041302 RRA
CLIAKN

CLIMATE REPORT
NATIONAL WEATHER SERVICE ANCHORAGE, AK
400 AM AKST SUN DEC 4 2016


...................................

...THE KING SALMON CLIMATE SUMMARY FOR DECEMBER 3 2016...

CLIMATE NORMAL PERIOD 1981 TO 2010
CLIMATE RECORD PERIOD 1917 TO 2016


WEATHER ITEM   OBSERVED TIME   RECORD YEAR NORMAL DEPARTURE LAST
                VALUE   (LST)  VALUE       VALUE  FROM      YEAR
                                                  NORMAL
..................................................................
TEMPERATURE (F)
 YESTERDAY
  MAXIMUM         12    149 PM  51    2011  28    -16       14
  MINIMUM        -23    219 AM -32    1987  12    -35        6
  AVERAGE         -5                        20    -25       10

PRECIPITATION (IN)
  YESTERDAY        0.00          0.75 1930   0.05  -0.05     0.06
  MONTH TO DATE    0.10                      0.14  -0.04     0.06
  SINCE DEC 1      0.10                      0.14  -0.04     0.06
  SINCE JAN 1     24.96                     18.40   6.56    22.40

SNOWFALL (IN)
  YESTERDAY        0.0          11.0  2006   0.4   -0.4     MM
  MONTH TO DATE    1.0                       1.1   -0.1     MM
  SINCE DEC 1      1.0                       1.1   -0.1     MM
  SINCE JUL 1      5.6                      10.9   -5.3     13.1
  SNOW DEPTH       3

DEGREE DAYS
 HEATING
  YESTERDAY       70                        45     25       55
  MONTH TO DATE  207                       135     72      142
  SINCE DEC 1    207                       135     72      142
  SINCE JUL 1   2933                      3512   -579     2739

 COOLING
  YESTERDAY        0                         0      0        0
  MONTH TO DATE    0                         0      0        0
  SINCE DEC 1      0                         0      0        0
  SINCE JAN 1      0                         1     -1        2
..................................................................


WIND (MPH)
  RESULTANT WIND SPEED  11   RESULTANT WIND DIRECTION  NW (330)
  HIGHEST WIND SPEED    18   HIGHEST WIND DIRECTION    NW (330)
  HIGHEST GUST SPEED    23   HIGHEST GUST DIRECTION    NW (320)
  AVERAGE WIND SPEED    10.9



WEATHER CONDITIONS
 THE FOLLOWING WEATHER WAS RECORDED YESTERDAY.
  NO SIGNIFICANT WEATHER WAS OBSERVED.


RELATIVE HUMIDITY (PERCENT)
 HIGHEST    86
 LOWEST     57
 AVERAGE    72

..........................................................


THE KING SALMON CLIMATE NORMALS FOR TODAY
                         NORMAL    RECORD    YEAR
 MAXIMUM TEMPERATURE (F)   28        46      2011
 MINIMUM TEMPERATURE (F)   12       -33      1987


SUNRISE AND SUNSET
DECEMBER  4 2016......SUNRISE   958 AM AKST  SUNSET   436 PM AKST
DECEMBER  5 2016......SUNRISE  1000 AM AKST  SUNSET   435 PM AKST

CIVIL TWILIGHT
DECEMBER 4 2016         START    907 AM GMT     END    528 PM GMT
DECEMBER 5 2016         START    908 AM GMT     END    528 PM GMT



-  INDICATES NEGATIVE NUMBERS.
R  INDICATES RECORD WAS SET OR TIED.
MM INDICATES DATA IS MISSING.
T  INDICATES TRACE AMOUNT.




$$
&&
------------------------------------------------------
AMOUNT OF DAYLIGHT TODAY  (HOUR:MIN)........ 6:38
GAIN/LOSS SINCE YESTERDAY (HOUR:MIN:SEC)....-0:02:35

$$
