739
CDAK48 PAFC 291316 RRA
CLIAKN

CLIMATE REPORT
NATIONAL WEATHER SERVICE ANCHORAGE, AK
514 AM AKDT WED MAR 29 2017


...................................

...THE KING SALMON CLIMATE SUMMARY FOR MARCH 28 2017...

CLIMATE NORMAL PERIOD 1981 TO 2010
CLIMATE RECORD PERIOD 1917 TO 2017


WEATHER ITEM   OBSERVED TIME   RECORD YEAR NORMAL DEPARTURE LAST
                VALUE   (LST)  VALUE       VALUE  FROM      YEAR
                                                  NORMAL
..................................................................
TEMPERATURE (F)
 YESTERDAY
  MAXIMUM         28    531 PM  56    1934  36     -8       50
  MINIMUM          4    735 AM -18    1953  18    -14       31
  AVERAGE         16                        27    -11       41

PRECIPITATION (IN)
  YESTERDAY        0.00          0.57 1936   0.03  -0.03     0.00
  MONTH TO DATE    0.00                      0.63  -0.63     1.19
  SINCE MAR 1      0.00                      0.63  -0.63     1.19
  SINCE JAN 1      1.20                      2.41  -1.21     2.63

SNOWFALL (IN)
  YESTERDAY        0.0          MM      MM   0.1   -0.1      0.0
  MONTH TO DATE    0.0                       5.8   -5.8      0.0
  SINCE MAR 1      0.0                       5.8   -5.8      0.0
  SINCE JUL 1     22.7                      41.3  -18.6     13.1
  SNOW DEPTH       0

DEGREE DAYS
 HEATING
  YESTERDAY       49                        38     11       24
  MONTH TO DATE 1508                      1153    355      881
  SINCE MAR 1   1508                      1153    355      881
  SINCE JUL 1   8641                      8773   -132     6572

 COOLING
  YESTERDAY        0                         0      0        0
  MONTH TO DATE    0                         0      0        0
  SINCE MAR 1      0                         0      0        0
  SINCE JAN 1      0                         0      0        0
..................................................................


WIND (MPH)
  RESULTANT WIND SPEED   9   RESULTANT WIND DIRECTION   N (350)
  HIGHEST WIND SPEED    18   HIGHEST WIND DIRECTION     N (340)
  HIGHEST GUST SPEED    28   HIGHEST GUST DIRECTION    NW (330)
  AVERAGE WIND SPEED     8.5



WEATHER CONDITIONS
 THE FOLLOWING WEATHER WAS RECORDED YESTERDAY.
  NO SIGNIFICANT WEATHER WAS OBSERVED.


RELATIVE HUMIDITY (PERCENT)
 HIGHEST    91
 LOWEST     42
 AVERAGE    67

..........................................................


THE KING SALMON CLIMATE NORMALS FOR TODAY
                         NORMAL    RECORD    YEAR
 MAXIMUM TEMPERATURE (F)   36        53      2015
 MINIMUM TEMPERATURE (F)   19       -18      1951


SUNRISE AND SUNSET
MARCH 29 2017.........SUNRISE   801 AM AKDT  SUNSET   903 PM AKDT
MARCH 30 2017.........SUNRISE   758 AM AKDT  SUNSET   905 PM AKDT

CIVIL TWILIGHT
MARCH 29 2017           START    721 AM GMT     END    944 PM GMT
MARCH 30 2017           START    718 AM GMT     END    947 PM GMT



-  INDICATES NEGATIVE NUMBERS.
R  INDICATES RECORD WAS SET OR TIED.
MM INDICATES DATA IS MISSING.
T  INDICATES TRACE AMOUNT.




$$
&&
------------------------------------------------------
AMOUNT OF DAYLIGHT TODAY  (HOUR:MIN)........13:02
GAIN/LOSS SINCE YESTERDAY (HOUR:MIN:SEC)....+0:05:11

$$
