659
CDUS45 KBOU 090725
CLIAKO


CLIMATE REPORT
NATIONAL WEATHER SERVICE DENVER/BOULDER CO
1225 AM MST TUE FEB 9 2016


...................................

...THE AKRON CO CLIMATE SUMMARY FOR FEBRUARY 8 2016...

CLIMATE NORMAL PERIOD 1981 TO 2010
CLIMATE RECORD PERIOD 9999 TO 9999


WEATHER ITEM   OBSERVED TIME   RECORD YEAR NORMAL DEPARTURE LAST
                VALUE   (LST)  VALUE       VALUE  FROM      YEAR
                                                  NORMAL
..................................................................
TEMPERATURE (F)
 YESTERDAY
  MAXIMUM         39    427 PM  71    1954  41     -2
  MINIMUM         16    701 AM -10    1989  18     -2
  AVERAGE         28                        30     -2

PRECIPITATION (IN)
  YESTERDAY        0.00          0.21 1942   0.01  -0.01     0.00
  MONTH TO DATE    T                         0.11  -0.11     0.01
  SINCE DEC 1      0.11                      0.81  -0.70     0.44
  SINCE JAN 1      0.09                      0.41  -0.32     0.20

DEGREE DAYS
 HEATING
  YESTERDAY       37
  MONTH TO DATE  340

 COOLING
  YESTERDAY        0
  MONTH TO DATE    0
..................................................................


WIND (MPH)
  HIGHEST WIND SPEED    28   HIGHEST WIND DIRECTION    NW (320)
  HIGHEST GUST SPEED    36   HIGHEST GUST DIRECTION    NW (320)




RELATIVE HUMIDITY (PERCENT)
 HIGHEST    88
 LOWEST     59
 AVERAGE    74

..........................................................


THE AKRON CO CLIMATE NORMALS FOR TODAY
                         NORMAL    RECORD    YEAR
 MAXIMUM TEMPERATURE (F)   42        73      1976
 MINIMUM TEMPERATURE (F)   18       -11      1982


SUNRISE AND SUNSET
FEBRUARY  9 2016......SUNRISE   654 AM MST   SUNSET   521 PM MST
FEBRUARY 10 2016......SUNRISE   653 AM MST   SUNSET   522 PM MST


-  INDICATES NEGATIVE NUMBERS.
R  INDICATES RECORD WAS SET OR TIED.
MM INDICATES DATA IS MISSING.
T  INDICATES TRACE AMOUNT.




$$
