000
CDUS45 KBOU 200725
CLIAKO


CLIMATE REPORT
NATIONAL WEATHER SERVICE BOULDER, CO
125 AM MDT SAT SEP 20 2014


...................................

...THE AKRON CO CLIMATE SUMMARY FOR SEPTEMBER 19 2014...

CLIMATE NORMAL PERIOD 1981 TO 2010
CLIMATE RECORD PERIOD 9999 TO 9999


WEATHER ITEM   OBSERVED TIME   RECORD YEAR NORMAL DEPARTURE LAST
                VALUE   (LST)  VALUE       VALUE  FROM      YEAR
                                                  NORMAL
..................................................................
TEMPERATURE (F)
 YESTERDAY
  MAXIMUM         90    248 PM  94    1980  75     15
  MINIMUM         64   1159 PM  27    1971  48     16
  AVERAGE         77                        62     15

PRECIPITATION (IN)
  YESTERDAY        0.01          0.66 1976   0.03  -0.02     0.01
  MONTH TO DATE    0.32                      0.76  -0.44     2.23
  SINCE SEP 1      0.32                      0.76  -0.44     2.23
  SINCE JAN 1     15.92                     14.25   1.67    13.65

DEGREE DAYS
 HEATING
  YESTERDAY        0
  MONTH TO DATE   89

 COOLING
  YESTERDAY       12
  MONTH TO DATE   55
..................................................................


WIND (MPH)
  HIGHEST WIND SPEED    22   HIGHEST WIND DIRECTION    NE (40)
  HIGHEST GUST SPEED    34   HIGHEST GUST DIRECTION     N (10)




RELATIVE HUMIDITY (PERCENT)
 HIGHEST    67
 LOWEST     19
 AVERAGE    43

..........................................................


THE AKRON CO CLIMATE NORMALS FOR TODAY
                         NORMAL    RECORD    YEAR
 MAXIMUM TEMPERATURE (F)   75        96      2010
 MINIMUM TEMPERATURE (F)   47        24      1983


SUNRISE AND SUNSET
SEPTEMBER 20 2014.....SUNRISE   638 AM MDT   SUNSET   653 PM MDT
SEPTEMBER 21 2014.....SUNRISE   639 AM MDT   SUNSET   652 PM MDT


-  INDICATES NEGATIVE NUMBERS.
R  INDICATES RECORD WAS SET OR TIED.
MM INDICATES DATA IS MISSING.
T  INDICATES TRACE AMOUNT.




$$
