000
CDUS45 KBOU 271226
CLIAKO


CLIMATE REPORT
NATIONAL WEATHER SERVICE BOULDER, CO
626 AM MDT MON JUL 27 2015


...................................

...THE AKRON CO CLIMATE SUMMARY FOR JULY 26 2015...

CLIMATE NORMAL PERIOD 1981 TO 2010
CLIMATE RECORD PERIOD 9999 TO 9999


WEATHER ITEM   OBSERVED TIME   RECORD YEAR NORMAL DEPARTURE LAST
                VALUE   (LST)  VALUE       VALUE  FROM      YEAR
                                                  NORMAL
..................................................................
TEMPERATURE (F)
 YESTERDAY
  MAXIMUM         MM        MM  99    1995  88     MM
  MINIMUM         MM        MM  52    1971  60     MM
  AVERAGE         MM                        74     MM

PRECIPITATION (IN)
  YESTERDAY        0.30          5.50   MM   0.09   0.21     0.00
  MONTH TO DATE    1.82                      2.11  -0.29     1.12
  SINCE JUN 1      2.87                      4.57  -1.70     4.94
  SINCE JAN 1     10.88                     10.75   0.13     9.64

DEGREE DAYS
 HEATING
  YESTERDAY       MM
  MONTH TO DATE    4

 COOLING
  YESTERDAY       MM
  MONTH TO DATE  202
..................................................................


WIND (MPH)
  HIGHEST WIND SPEED    13   HIGHEST WIND DIRECTION    SE (140)
  HIGHEST GUST SPEED    22   HIGHEST GUST DIRECTION    SE (130)




RELATIVE HUMIDITY (PERCENT)
 HIGHEST    97
 LOWEST     28
 AVERAGE    63

..........................................................


THE AKRON CO CLIMATE NORMALS FOR TODAY
                         NORMAL    RECORD    YEAR
 MAXIMUM TEMPERATURE (F)   88        99      1952
 MINIMUM TEMPERATURE (F)   60        50      1988


SUNRISE AND SUNSET
JULY 27 2015..........SUNRISE   546 AM MDT   SUNSET   812 PM MDT
JULY 28 2015..........SUNRISE   547 AM MDT   SUNSET   811 PM MDT


-  INDICATES NEGATIVE NUMBERS.
R  INDICATES RECORD WAS SET OR TIED.
MM INDICATES DATA IS MISSING.
T  INDICATES TRACE AMOUNT.




$$
