000
CDUS45 KBOU 290725
CLIAKO


CLIMATE REPORT
NATIONAL WEATHER SERVICE DENVER/BOULDER CO
125 AM MDT WED MAR 29 2017


...................................

...THE AKRON CO CLIMATE SUMMARY FOR MARCH 28 2017...

CLIMATE NORMAL PERIOD 1981 TO 2010
CLIMATE RECORD PERIOD 9999 TO 9999


WEATHER ITEM   OBSERVED TIME   RECORD YEAR NORMAL DEPARTURE LAST
                VALUE   (LST)  VALUE       VALUE  FROM      YEAR
                                                  NORMAL
..................................................................
TEMPERATURE (F)
 YESTERDAY
  MAXIMUM         48    126 AM  85    1963  55     -7
  MINIMUM         36   1109 PM  -1    1975  29      7
  AVERAGE         42                        42      0

PRECIPITATION (IN)
  YESTERDAY        0.31          1.31 1981   0.04   0.27     0.00
  MONTH TO DATE    1.39                      0.76   0.63     0.22
  SINCE MAR 1      1.39                      0.76   0.63     0.22
  SINCE JAN 1      1.50                      1.50   0.00     0.33

DEGREE DAYS
 HEATING
  YESTERDAY       23
  MONTH TO DATE  503

 COOLING
  YESTERDAY        0
  MONTH TO DATE    0
..................................................................


WIND (MPH)
  HIGHEST WIND SPEED    24   HIGHEST WIND DIRECTION    SE (130)
  HIGHEST GUST SPEED    30   HIGHEST GUST DIRECTION    SE (130)




RELATIVE HUMIDITY (PERCENT)
 HIGHEST    96
 LOWEST     65
 AVERAGE    81

..........................................................


THE AKRON CO CLIMATE NORMALS FOR TODAY
                         NORMAL    RECORD    YEAR
 MAXIMUM TEMPERATURE (F)   56        83      1943
 MINIMUM TEMPERATURE (F)   29         0      1975


SUNRISE AND SUNSET
MARCH 29 2017.........SUNRISE   641 AM MDT   SUNSET   715 PM MDT
MARCH 30 2017.........SUNRISE   640 AM MDT   SUNSET   716 PM MDT


-  INDICATES NEGATIVE NUMBERS.
R  INDICATES RECORD WAS SET OR TIED.
MM INDICATES DATA IS MISSING.
T  INDICATES TRACE AMOUNT.




$$
