000
CDUS45 KBOU 190750
CLIAKO


CLIMATE REPORT
NATIONAL WEATHER SERVICE DENVER/BOULDER CO
1250 AM MST FRI JAN 19 2018


...................................

...THE AKRON CO CLIMATE SUMMARY FOR JANUARY 18 2018...

CLIMATE NORMAL PERIOD 1981 TO 2010
CLIMATE RECORD PERIOD 9999 TO 9999


WEATHER ITEM   OBSERVED TIME   RECORD YEAR NORMAL DEPARTURE LAST
                VALUE   (LST)  VALUE       VALUE  FROM      YEAR
                                                  NORMAL
..................................................................
TEMPERATURE (F)
 YESTERDAY
  MAXIMUM         59    207 PM  63    1975  40     19
  MINIMUM         21    241 AM -19    1943  17      4
  AVERAGE         40                        29     11

PRECIPITATION (IN)
  YESTERDAY        0.00          0.44 1988   0.01  -0.01     0.00
  MONTH TO DATE    0.18                      0.15   0.03     0.11
  SINCE DEC 1      0.20                      0.55  -0.35     0.25
  SINCE JAN 1      0.18                      0.15   0.03     0.11

SNOWFALL (IN)
  YESTERDAY        0.0
  SNOW DEPTH       0

DEGREE DAYS
 HEATING
  YESTERDAY       25
  MONTH TO DATE  613

 COOLING
  YESTERDAY        0
  MONTH TO DATE    0
..................................................................


WIND (MPH)
  HIGHEST WIND SPEED    17   HIGHEST WIND DIRECTION    SW (240)
  HIGHEST GUST SPEED    21   HIGHEST GUST DIRECTION     W (250)




RELATIVE HUMIDITY (PERCENT)
 HIGHEST    71
 LOWEST     22
 AVERAGE    47

..........................................................


THE AKRON CO CLIMATE NORMALS FOR TODAY
                         NORMAL    RECORD    YEAR
 MAXIMUM TEMPERATURE (F)   40        62      2014
 MINIMUM TEMPERATURE (F)   17       -18      1943


SUNRISE AND SUNSET
JANUARY 19 2018.......SUNRISE   711 AM MST   SUNSET   456 PM MST
JANUARY 20 2018.......SUNRISE   711 AM MST   SUNSET   457 PM MST


-  INDICATES NEGATIVE NUMBERS.
R  INDICATES RECORD WAS SET OR TIED.
MM INDICATES DATA IS MISSING.
T  INDICATES TRACE AMOUNT.




$$
