000
CDUS45 KBOU 240725
CLIAKO


CLIMATE REPORT
NATIONAL WEATHER SERVICE DENVER/BOULDER CO
125 AM MDT SUN SEP 24 2017


...................................

...THE AKRON CO CLIMATE SUMMARY FOR SEPTEMBER 23 2017...

CLIMATE NORMAL PERIOD 1981 TO 2010
CLIMATE RECORD PERIOD 9999 TO 9999


WEATHER ITEM   OBSERVED TIME   RECORD YEAR NORMAL DEPARTURE LAST
                VALUE   (LST)  VALUE       VALUE  FROM      YEAR
                                                  NORMAL
..................................................................
TEMPERATURE (F)
 YESTERDAY
  MAXIMUM         52    354 PM  92    1958  74    -22
  MINIMUM         43    324 AM  30    1946  46     -3
  AVERAGE         48                        60    -12

PRECIPITATION (IN)
  YESTERDAY        0.98          2.45 1940   0.03   0.95     0.06
  MONTH TO DATE    1.14                      0.90   0.24     1.37
  SINCE SEP 1      1.14                      0.90   0.24     1.37
  SINCE JAN 1     12.93                     14.39  -1.46    16.10

DEGREE DAYS
 HEATING
  YESTERDAY       17
  MONTH TO DATE   42

 COOLING
  YESTERDAY        0
  MONTH TO DATE  126
..................................................................


WIND (MPH)
  HIGHEST WIND SPEED    25   HIGHEST WIND DIRECTION     N (360)
  HIGHEST GUST SPEED    31   HIGHEST GUST DIRECTION     N (360)




RELATIVE HUMIDITY (PERCENT)
 HIGHEST   100
 LOWEST     71
 AVERAGE    86

..........................................................


THE AKRON CO CLIMATE NORMALS FOR TODAY
                         NORMAL    RECORD    YEAR
 MAXIMUM TEMPERATURE (F)   73        91      1966
 MINIMUM TEMPERATURE (F)   45        27      1985


SUNRISE AND SUNSET
SEPTEMBER 24 2017.....SUNRISE   643 AM MDT   SUNSET   646 PM MDT
SEPTEMBER 25 2017.....SUNRISE   644 AM MDT   SUNSET   644 PM MDT


-  INDICATES NEGATIVE NUMBERS.
R  INDICATES RECORD WAS SET OR TIED.
MM INDICATES DATA IS MISSING.
T  INDICATES TRACE AMOUNT.




$$
