000
CDUS45 KBOU 170737
CLIAKO


CLIMATE REPORT
NATIONAL WEATHER SERVICE DENVER/BOULDER CO
1234 AM MST FRI NOV 17 2017


...................................

...THE AKRON CO CLIMATE SUMMARY FOR NOVEMBER 16 2017...

CLIMATE NORMAL PERIOD 1981 TO 2010
CLIMATE RECORD PERIOD 9999 TO 9999


WEATHER ITEM   OBSERVED TIME   RECORD YEAR NORMAL DEPARTURE LAST
                VALUE   (LST)  VALUE       VALUE  FROM      YEAR
                                                  NORMAL
..................................................................
TEMPERATURE (F)
 YESTERDAY
  MAXIMUM         74    222 PM  82    1914  50     24
  MINIMUM         25    323 AM -11    1955  25      0
  AVERAGE         50                        37     13

PRECIPITATION (IN)
  YESTERDAY        0.00          0.59 1991   0.02  -0.02     0.00
  MONTH TO DATE    T                         0.32  -0.32     0.00
  SINCE SEP 1      1.81                      2.59  -0.78     1.83
  SINCE JAN 1     13.60                     16.08  -2.48    16.56

SNOWFALL (IN)
  YESTERDAY        0.0
  SNOW DEPTH       0

DEGREE DAYS
 HEATING
  YESTERDAY       15
  MONTH TO DATE  382

 COOLING
  YESTERDAY        0
  MONTH TO DATE    0
..................................................................


WIND (MPH)
  HIGHEST WIND SPEED    20   HIGHEST WIND DIRECTION    SW (230)
  HIGHEST GUST SPEED    27   HIGHEST GUST DIRECTION    SW (230)




RELATIVE HUMIDITY (PERCENT)
 HIGHEST    81
 LOWEST     11
 AVERAGE    46

..........................................................


THE AKRON CO CLIMATE NORMALS FOR TODAY
                         NORMAL    RECORD    YEAR
 MAXIMUM TEMPERATURE (F)   49        74      1999
 MINIMUM TEMPERATURE (F)   25         3      1955


SUNRISE AND SUNSET
NOVEMBER 17 2017......SUNRISE   641 AM MST   SUNSET   434 PM MST
NOVEMBER 18 2017......SUNRISE   642 AM MST   SUNSET   434 PM MST


-  INDICATES NEGATIVE NUMBERS.
R  INDICATES RECORD WAS SET OR TIED.
MM INDICATES DATA IS MISSING.
T  INDICATES TRACE AMOUNT.




$$
