000
CDUS45 KBOU 170725
CLIAKO


CLIMATE REPORT
NATIONAL WEATHER SERVICE BOULDER, CO
1225 AM MST WED DEC 17 2014


...................................

...THE AKRON CO CLIMATE SUMMARY FOR DECEMBER 16 2014...

CLIMATE NORMAL PERIOD 1981 TO 2010
CLIMATE RECORD PERIOD 9999 TO 9999


WEATHER ITEM   OBSERVED TIME   RECORD YEAR NORMAL DEPARTURE LAST
                VALUE   (LST)  VALUE       VALUE  FROM      YEAR
                                                  NORMAL
..................................................................
TEMPERATURE (F)
 YESTERDAY
  MAXIMUM         32    109 PM  68    1962  39     -7
  MINIMUM          9   1229 AM  -6    1964  16     -7
  AVERAGE         21                        28     -7

PRECIPITATION (IN)
  YESTERDAY        T             0.18 1993   0.01  -0.01     0.00
  MONTH TO DATE    0.20                      0.24  -0.04     0.02
  SINCE DEC 1      0.20                      0.24  -0.04     0.02
  SINCE JAN 1     18.31                     16.58   1.73    16.98

DEGREE DAYS
 HEATING
  YESTERDAY       44
  MONTH TO DATE  455

 COOLING
  YESTERDAY        0
  MONTH TO DATE    0
..................................................................


WIND (MPH)
  HIGHEST WIND SPEED    20   HIGHEST WIND DIRECTION    SE (130)
  HIGHEST GUST SPEED    22   HIGHEST GUST DIRECTION    SE (120)




RELATIVE HUMIDITY (PERCENT)
 HIGHEST   100
 LOWEST     63
 AVERAGE    82

..........................................................


THE AKRON CO CLIMATE NORMALS FOR TODAY
                         NORMAL    RECORD    YEAR
 MAXIMUM TEMPERATURE (F)   39        69      1980
 MINIMUM TEMPERATURE (F)   16       -17      1964


SUNRISE AND SUNSET
DECEMBER 17 2014......SUNRISE   709 AM MST   SUNSET   429 PM MST
DECEMBER 18 2014......SUNRISE   710 AM MST   SUNSET   429 PM MST


-  INDICATES NEGATIVE NUMBERS.
R  INDICATES RECORD WAS SET OR TIED.
MM INDICATES DATA IS MISSING.
T  INDICATES TRACE AMOUNT.




$$
