000
CDUS41 KALY 220623
CLIALB


CLIMATE REPORT
NATIONAL WEATHER SERVICE ALBANY NY
222 AM EDT SUN OCT 22 2017


...................................

...THE ALBANY NY CLIMATE SUMMARY FOR OCTOBER 21 2017...

CLIMATE NORMAL PERIOD 1981 TO 2010
CLIMATE RECORD PERIOD 1874 TO 2017


WEATHER ITEM   OBSERVED TIME   RECORD YEAR NORMAL DEPARTURE LAST
                VALUE   (LST)  VALUE       VALUE  FROM      YEAR
                                                  NORMAL
..................................................................
TEMPERATURE (F)
 YESTERDAY
  MAXIMUM         74    207 PM  81    1979  58     16       73
  MINIMUM         40    631 AM  17    1972  38      2       51
  AVERAGE         57                        48      9       62

PRECIPITATION (IN)
  YESTERDAY        0.00          2.65 1995   0.12  -0.12     0.06
  MONTH TO DATE    0.92                      2.54  -1.62     0.70
  SINCE SEP 1      3.65                      5.84  -2.19     2.88
  SINCE JAN 1     35.45                     31.99   3.46    26.33

SNOWFALL (IN)
  YESTERDAY        0.0           0.2  1926   0.0    0.0      0.0
  MONTH TO DATE    0.0                       0.2   -0.2      0.0
  SINCE SEP 1      0.0                       0.2   -0.2      0.0
  SINCE JUL 1      0.0                       0.2   -0.2      0.0
  SNOW DEPTH       0

DEGREE DAYS
 HEATING
  YESTERDAY        8                        17     -9        3
  MONTH TO DATE  146                       289   -143      172
  SINCE SEP 1    239                       433   -194      238
  SINCE JUL 1    258                       456   -198      239

 COOLING
  YESTERDAY        0                         0      0        0
  MONTH TO DATE   15                         0     15        6
  SINCE SEP 1    135                        51     84      114
  SINCE JAN 1    710                       594    116      902
..................................................................


WIND (MPH)
  HIGHEST WIND SPEED     7   HIGHEST WIND DIRECTION     S (200)
  HIGHEST GUST SPEED    10   HIGHEST GUST DIRECTION     S (170)
  AVERAGE WIND SPEED     1.0


SKY COVER
  AVERAGE SKY COVER 0.4



RELATIVE HUMIDITY (PERCENT)
 HIGHEST    86
 LOWEST     33
 AVERAGE    60

..........................................................


THE ALBANY NY CLIMATE NORMALS FOR TODAY
                         NORMAL    RECORD    YEAR
 MAXIMUM TEMPERATURE (F)   57        86      1979
 MINIMUM TEMPERATURE (F)   38        20      1959


SUNRISE AND SUNSET
OCTOBER 22 2017.......SUNRISE   717 AM EDT   SUNSET   602 PM EDT
OCTOBER 23 2017.......SUNRISE   718 AM EDT   SUNSET   600 PM EDT


-  INDICATES NEGATIVE NUMBERS.
R  INDICATES RECORD WAS SET OR TIED.
MM INDICATES DATA IS MISSING.
T  INDICATES TRACE AMOUNT.




$$
