000
CDUS41 KALY 292106
CLIALB


CLIMATE REPORT
NATIONAL WEATHER SERVICE ALBANY NY
505 PM EDT SUN MAR 29 2015


...................................

...THE ALBANY NY CLIMATE SUMMARY FOR MARCH 29 2015...
VALID TODAY AS OF 0400 PM LOCAL TIME.

CLIMATE NORMAL PERIOD 1981 TO 2010
CLIMATE RECORD PERIOD 1874 TO 2015


WEATHER ITEM   OBSERVED TIME   RECORD YEAR NORMAL DEPARTURE LAST
                VALUE   (LST)  VALUE       VALUE  FROM      YEAR
                                                  NORMAL
..................................................................
TEMPERATURE (F)
 TODAY
  MAXIMUM         43    339 PM  85    1946  50     -7       53
  MINIMUM         11    611 AM   0    1923  31    -20       36
  AVERAGE         27                        40    -13       45

PRECIPITATION (IN)
  TODAY            0.00          1.37 1993   0.11  -0.11     0.43
  MONTH TO DATE    1.25                      3.00  -1.75     2.06
  SINCE MAR 1      1.25                      3.00  -1.75     2.06
  SINCE JAN 1      5.57                      7.79  -2.22     7.85

SNOWFALL (IN)
  TODAY            0.0           5.6  1984   0.2   -0.2      0.0
  MONTH TO DATE    5.2                       9.8   -4.6      5.9
  SINCE MAR 1      5.2                       9.8   -4.6      5.9
  SINCE JUL 1     75.8                      56.3   19.5     71.1
  SNOW DEPTH       0

DEGREE DAYS
 HEATING
  TODAY           38                        25     13       20
  MONTH TO DATE 1032                       880    152     1095
  SINCE MAR 1   1032                       880    152     1095
  SINCE JUL 1   6162                      5824    338     6212

 COOLING
  TODAY            0                         0      0        0
  MONTH TO DATE    0                         0      0        0
  SINCE MAR 1      0                         0      0        0
  SINCE JAN 1      0                         0      0        0
..................................................................


WIND (MPH)
  HIGHEST WIND SPEED    15   HIGHEST WIND DIRECTION     W (270)
  HIGHEST GUST SPEED    20   HIGHEST GUST DIRECTION    NW (310)
  AVERAGE WIND SPEED     5.0


SKY COVER
  AVERAGE SKY COVER 0.1



RELATIVE HUMIDITY (PERCENT)
 HIGHEST    76           600 AM
 LOWEST     22           300 PM
 AVERAGE    49

..........................................................


THE ALBANY NY CLIMATE NORMALS FOR TOMORROW
                         NORMAL    RECORD    YEAR
 MAXIMUM TEMPERATURE (F)   51        86      1986
 MINIMUM TEMPERATURE (F)   31         7      1970


SUNRISE AND SUNSET
MARCH 29 2015.........SUNRISE   643 AM EDT   SUNSET   718 PM EDT
MARCH 30 2015.........SUNRISE   641 AM EDT   SUNSET   719 PM EDT


-  INDICATES NEGATIVE NUMBERS.
R  INDICATES RECORD WAS SET OR TIED.
MM INDICATES DATA IS MISSING.
T  INDICATES TRACE AMOUNT.




$$
