000
CDUS41 KALY 190623
CLIALB


CLIMATE REPORT
NATIONAL WEATHER SERVICE ALBANY NY
122 AM EST THU JAN 19 2017


...................................

...THE ALBANY NY CLIMATE SUMMARY FOR JANUARY 18 2017...

CLIMATE NORMAL PERIOD 1981 TO 2010
CLIMATE RECORD PERIOD 1874 TO 2017


WEATHER ITEM   OBSERVED TIME   RECORD YEAR NORMAL DEPARTURE LAST
                VALUE   (LST)  VALUE       VALUE  FROM      YEAR
                                                  NORMAL
..................................................................
TEMPERATURE (F)
 YESTERDAY
  MAXIMUM         37   1026 PM  59    1973  30      7       28
  MINIMUM         33    905 AM -19    1957  14     19       15
  AVERAGE         35                        22     13       22

PRECIPITATION (IN)
  YESTERDAY        0.09          1.72 2006   0.09   0.00     0.02
  MONTH TO DATE    1.60                      1.50   0.10     1.24
  SINCE DEC 1      3.35                      4.43  -1.08     4.91
  SINCE JAN 1      1.60                      1.50   0.10     1.24

SNOWFALL (IN)
  YESTERDAY        0.1           7.9  1891   0.6   -0.5      1.1
  MONTH TO DATE    1.0                      10.6   -9.6      3.3
  SINCE DEC 1     13.1                      24.3  -11.2      5.5
  SINCE JUL 1     15.4                      27.4  -12.0      5.5
  SNOW DEPTH       0

DEGREE DAYS
 HEATING
  YESTERDAY       30                        43    -13       43
  MONTH TO DATE  671                       765    -94      665
  SINCE DEC 1   1738                      1896   -158     1375
  SINCE JUL 1   2894                      3300   -406     2458

 COOLING
  YESTERDAY        0                         0      0        0
  MONTH TO DATE    0                         0      0        0
  SINCE DEC 1      0                         0      0        0
  SINCE JAN 1      0                         0      0        0
..................................................................


WIND (MPH)
  HIGHEST WIND SPEED     7   HIGHEST WIND DIRECTION     S (170)
  HIGHEST GUST SPEED    11   HIGHEST GUST DIRECTION    SW (220)
  AVERAGE WIND SPEED     2.7


SKY COVER
  AVERAGE SKY COVER 1.0



RELATIVE HUMIDITY (PERCENT)
 HIGHEST    92
 LOWEST     85
 AVERAGE    89

..........................................................


THE ALBANY NY CLIMATE NORMALS FOR TODAY
                         NORMAL    RECORD    YEAR
 MAXIMUM TEMPERATURE (F)   30        60      1966
 MINIMUM TEMPERATURE (F)   14       -28      1971


SUNRISE AND SUNSET
JANUARY 19 2017.......SUNRISE   721 AM EST   SUNSET   452 PM EST
JANUARY 20 2017.......SUNRISE   720 AM EST   SUNSET   453 PM EST


-  INDICATES NEGATIVE NUMBERS.
R  INDICATES RECORD WAS SET OR TIED.
MM INDICATES DATA IS MISSING.
T  INDICATES TRACE AMOUNT.




$$
