000
CDUS43 KDMX 272239
CLIALO

CLIMATE REPORT
NATIONAL WEATHER SERVICE DES MOINES IA
537 PM CDT WED AUG 27 2014


...................................

...THE WATERLOO IA CLIMATE SUMMARY FOR AUGUST 27 2014...
VALID TODAY AS OF 0500 PM LOCAL TIME.

CLIMATE NORMAL PERIOD 1981 TO 2010
CLIMATE RECORD PERIOD 1895 TO 2014


WEATHER ITEM   OBSERVED TIME   RECORD YEAR NORMAL DEPARTURE LAST
                VALUE   (LST)  VALUE       VALUE  FROM      YEAR
                                                  NORMAL
..................................................................
TEMPERATURE (F)
 TODAY
  MAXIMUM         77    205 PM  96    1955  81     -4       94
  MINIMUM         59    536 AM  41    1971  59      0       74
                                      1916
  AVERAGE         68                        70     -2       84

PRECIPITATION (IN)
  TODAY            0.00          3.60 1928   0.13  -0.13     0.00
  MONTH TO DATE    1.20                      3.78  -2.58     1.84
  SINCE JUN 1     11.97                     13.67  -1.70    10.55
  SINCE JAN 1     26.00                     25.79   0.21    34.13

SNOWFALL (IN)
  TODAY            0.0          MM      MM   0.0    0.0      0.0
  MONTH TO DATE    0.0                       0.0    0.0      0.0
  SINCE JUN 1      0.0                       0.0    0.0      0.0
  SINCE JUL 1      0.0                       0.0    0.0      0.0
  SNOW DEPTH       0

DEGREE DAYS
 HEATING
  TODAY            0                         1     -1        0
  MONTH TO DATE    0                        10    -10        6
  SINCE JUN 1     24                        40    -16       58
  SINCE JUL 1     17                        14      3       20

 COOLING
  TODAY            3                         6     -3       19
  MONTH TO DATE  195                       188      7      156
  SINCE JUN 1    514                       636   -122      579
  SINCE JAN 1    581                       692   -111      632
..................................................................


WIND (MPH)
  HIGHEST WIND SPEED    10   HIGHEST WIND DIRECTION    NE (40)
  HIGHEST GUST SPEED    12   HIGHEST GUST DIRECTION     E (110)
  AVERAGE WIND SPEED     4.7


SKY COVER
  POSSIBLE SUNSHINE  MM
  AVERAGE SKY COVER 0.2


WEATHER CONDITIONS
 THE FOLLOWING WEATHER WAS RECORDED TODAY.
  NO SIGNIFICANT WEATHER WAS OBSERVED.


RELATIVE HUMIDITY (PERCENT)
 HIGHEST    90           200 AM
 LOWEST     53          1100 AM
 AVERAGE    72

..........................................................


THE WATERLOO IA CLIMATE NORMALS FOR TOMORROW
                         NORMAL    RECORD    YEAR
 MAXIMUM TEMPERATURE (F)   81        98      1926
 MINIMUM TEMPERATURE (F)   58        39      1935


SUNRISE AND SUNSET
AUGUST 27 2014........SUNRISE   629 AM CDT   SUNSET   752 PM CDT
AUGUST 28 2014........SUNRISE   630 AM CDT   SUNSET   750 PM CDT


-  INDICATES NEGATIVE NUMBERS.
R  INDICATES RECORD WAS SET OR TIED.
MM INDICATES DATA IS MISSING.
T  INDICATES TRACE AMOUNT.




$$
