053
CDUS43 KDMX 120630
CLIALO

CLIMATE REPORT
NATIONAL WEATHER SERVICE DES MOINES IA
1227 AM CST FRI FEB 12 2016

...................................

...THE WATERLOO IA CLIMATE SUMMARY FOR FEBRUARY 11 2016...

CLIMATE NORMAL PERIOD 1981 TO 2010
CLIMATE RECORD PERIOD 1895 TO 2016


WEATHER ITEM   OBSERVED TIME   RECORD YEAR NORMAL DEPARTURE LAST
                VALUE   (LST)  VALUE       VALUE  FROM      YEAR
                                                  NORMAL
..................................................................
TEMPERATURE (F)
 YESTERDAY
  MAXIMUM         18   1252 PM  58    1999  31    -13       35
  MINIMUM         -4    644 AM -25    2014  13    -17        6
  AVERAGE          7                        22    -15       21

PRECIPITATION (IN)
  YESTERDAY        0.00          0.44 1953   0.03  -0.03      T
  MONTH TO DATE    0.67                      0.33   0.34     0.58
  SINCE DEC 1      7.37                      2.36   5.01     3.22
  SINCE JAN 1      1.45                      1.16   0.29     1.58

SNOWFALL (IN)
  YESTERDAY        0.0           3.8  1965   0.3   -0.3       T
  MONTH TO DATE    8.7                       3.3    5.4      6.7
  SINCE DEC 1     26.2                      21.4    4.8     17.9
  SINCE JUL 1     38.9                      24.8   14.1     23.3
  SNOW DEPTH       4

DEGREE DAYS
 HEATING
  YESTERDAY       58                        43     15       44
  MONTH TO DATE  495                       488      7      534
  SINCE DEC 1   2877                      3259   -382     3040
  SINCE JUL 1   4092                      4742   -650     4789

 COOLING
  YESTERDAY        0                         0      0        0
  MONTH TO DATE    0                         0      0        0
  SINCE DEC 1      0                         0      0        0
  SINCE JAN 1      0                         0      0        0
..................................................................


WIND (MPH)
  HIGHEST WIND SPEED    10   HIGHEST WIND DIRECTION     N (360)
  HIGHEST GUST SPEED    11   HIGHEST GUST DIRECTION     S (190)
  AVERAGE WIND SPEED     3.1


SKY COVER
  POSSIBLE SUNSHINE  MM
  AVERAGE SKY COVER 0.2


WEATHER CONDITIONS
 THE FOLLOWING WEATHER WAS RECORDED YESTERDAY.
  NO SIGNIFICANT WEATHER WAS OBSERVED.


RELATIVE HUMIDITY (PERCENT)
 HIGHEST    86           600 AM
 LOWEST     49           100 PM
 AVERAGE    68

..........................................................


THE WATERLOO IA CLIMATE NORMALS FOR TODAY
                         NORMAL    RECORD    YEAR
 MAXIMUM TEMPERATURE (F)   31        63      1990
 MINIMUM TEMPERATURE (F)   13       -22      1986


SUNRISE AND SUNSET
FEBRUARY 12 2016......SUNRISE   711 AM CST   SUNSET   537 PM CST
FEBRUARY 13 2016......SUNRISE   710 AM CST   SUNSET   538 PM CST


-  INDICATES NEGATIVE NUMBERS.
R  INDICATES RECORD WAS SET OR TIED.
MM INDICATES DATA IS MISSING.
T  INDICATES TRACE AMOUNT.

$$

REV
