000
CDUS43 KDMX 030639
CLIALO

CLIMATE REPORT
NATIONAL WEATHER SERVICE DES MOINES IA
1239 AM CST SAT DEC 3 2016

...................................

...THE WATERLOO IA CLIMATE SUMMARY FOR DECEMBER 2 2016...

CLIMATE NORMAL PERIOD 1981 TO 2010
CLIMATE RECORD PERIOD 1895 TO 2016


WEATHER ITEM   OBSERVED TIME   RECORD YEAR NORMAL DEPARTURE LAST
                VALUE   (LST)  VALUE       VALUE  FROM      YEAR
                                                  NORMAL
..................................................................
TEMPERATURE (F)
 YESTERDAY
  MAXIMUM         35   1152 AM  65    1973  36     -1       35
  MINIMUM         31   1159 PM -16    1985  18     13       25
  AVERAGE         33                        27      6       30

PRECIPITATION (IN)
  YESTERDAY        0.00          0.55 1945   0.05  -0.05     0.00
  MONTH TO DATE    0.00                      0.10  -0.10     0.06
  SINCE DEC 1      0.00                      0.10  -0.10     0.06
  SINCE JAN 1     39.97                     33.50   6.47    33.11

SNOWFALL (IN)
  YESTERDAY        0.0           2.4  1978   0.3   -0.3      0.0
  MONTH TO DATE    0.0                       0.6   -0.6      0.2
  SINCE DEC 1      0.0                       0.6   -0.6      0.2
  SINCE JUL 1      T                         4.0   -4.0     12.9
  SNOW DEPTH       0

DEGREE DAYS
 HEATING
  YESTERDAY       32                        38     -6       35
  MONTH TO DATE   61                        75    -14       66
  SINCE DEC 1     61                        75    -14       66
  SINCE JUL 1   1050                      1558   -508     1281

 COOLING
  YESTERDAY        0                         0      0        0
  MONTH TO DATE    0                         0      0        0
  SINCE DEC 1      0                         0      0        0
  SINCE JAN 1    869                       799     70      746
..................................................................


WIND (MPH)
  HIGHEST WIND SPEED    17   HIGHEST WIND DIRECTION    NW (310)
  HIGHEST GUST SPEED    22   HIGHEST GUST DIRECTION     W (280)
  AVERAGE WIND SPEED     8.4


SKY COVER
  POSSIBLE SUNSHINE  MM
  AVERAGE SKY COVER 1.0


WEATHER CONDITIONS
 THE FOLLOWING WEATHER WAS RECORDED YESTERDAY.
  NO SIGNIFICANT WEATHER WAS OBSERVED.


RELATIVE HUMIDITY (PERCENT)
 HIGHEST    96          1200 AM
 LOWEST     66           600 PM
 AVERAGE    81

..........................................................


THE WATERLOO IA CLIMATE NORMALS FOR TODAY
                         NORMAL    RECORD    YEAR
 MAXIMUM TEMPERATURE (F)   36        67      2012
 MINIMUM TEMPERATURE (F)   18       -18      1919


SUNRISE AND SUNSET
DECEMBER  3 2016......SUNRISE   722 AM CST   SUNSET   437 PM CST
DECEMBER  4 2016......SUNRISE   723 AM CST   SUNSET   437 PM CST


-  INDICATES NEGATIVE NUMBERS.
R  INDICATES RECORD WAS SET OR TIED.
MM INDICATES DATA IS MISSING.
T  INDICATES TRACE AMOUNT.

$$

SMALL
