000
CDUS43 KDMX 230629 RRA
CLIALO

CLIMATE REPORT
NATIONAL WEATHER SERVICE DES MOINES IA
127 AM CDT MON OCT 23 2017


...................................

...THE WATERLOO IA CLIMATE SUMMARY FOR OCTOBER 22 2017...

CLIMATE NORMAL PERIOD 1981 TO 2010
CLIMATE RECORD PERIOD 1895 TO 2017


WEATHER ITEM   OBSERVED TIME   RECORD YEAR NORMAL DEPARTURE LAST
                VALUE   (LST)  VALUE       VALUE  FROM      YEAR
                                                  NORMAL
..................................................................
TEMPERATURE (F)
 YESTERDAY
  MAXIMUM         57    324 PM  87    1899  59     -2       71
  MINIMUM         44   1159 PM  14    1976  37      7       38
  AVERAGE         51                        48      3       55

PRECIPITATION (IN)
  YESTERDAY        0.09          2.17 1996   0.08   0.01     0.00
  MONTH TO DATE    5.44                      1.81   3.63     0.38
  SINCE SEP 1      6.23                      4.44   1.79     7.70
  SINCE JAN 1     28.91                     30.72  -1.81    36.39

SNOWFALL (IN)
  YESTERDAY        0.0           T    1996   0.0    0.0      0.0
  MONTH TO DATE    0.0                       0.1   -0.1      0.0
  SINCE SEP 1      0.0                       0.1   -0.1      0.0
  SINCE JUL 1      0.0                       0.1   -0.1      0.0
  SNOW DEPTH       0

DEGREE DAYS
 HEATING
  YESTERDAY       14                        17     -3       10
  MONTH TO DATE  167                       296   -129      187
  SINCE SEP 1    246                       434   -188      230
  SINCE JUL 1    263                       454   -191      235

 COOLING
  YESTERDAY        0                         0      0        0
  MONTH TO DATE   10                         8      2       12
  SINCE SEP 1    129                        86     43      116
  SINCE JAN 1    720                       798    -78      869
..................................................................


WIND (MPH)
  HIGHEST WIND SPEED    12   HIGHEST WIND DIRECTION    NW (310)
  HIGHEST GUST SPEED    16   HIGHEST GUST DIRECTION    NW (310)
  AVERAGE WIND SPEED     5.5


SKY COVER
  POSSIBLE SUNSHINE  MM
  AVERAGE SKY COVER 0.4


WEATHER CONDITIONS
 THE FOLLOWING WEATHER WAS RECORDED YESTERDAY.
  LIGHT RAIN


RELATIVE HUMIDITY (PERCENT)
 HIGHEST    93           200 AM
 LOWEST     57           200 PM
 AVERAGE    75

..........................................................


THE WATERLOO IA CLIMATE NORMALS FOR TODAY
                         NORMAL    RECORD    YEAR
 MAXIMUM TEMPERATURE (F)   59        86      1899
 MINIMUM TEMPERATURE (F)   37        17      1936
                                             1895


SUNRISE AND SUNSET
OCTOBER 23 2017.......SUNRISE   733 AM CDT   SUNSET   615 PM CDT
OCTOBER 24 2017.......SUNRISE   734 AM CDT   SUNSET   613 PM CDT


-  INDICATES NEGATIVE NUMBERS.
R  INDICATES RECORD WAS SET OR TIED.
MM INDICATES DATA IS MISSING.
T  INDICATES TRACE AMOUNT.




$$
