000
CDUS43 KDMX 222330 RRA
CLIALO

CLIMATE REPORT
NATIONAL WEATHER SERVICE DES MOINES IA
529 PM CST MON JAN 22 2018


...................................

...THE WATERLOO IA CLIMATE SUMMARY FOR JANUARY 22 2018...
VALID TODAY AS OF 0500 PM LOCAL TIME.

CLIMATE NORMAL PERIOD 1981 TO 2010
CLIMATE RECORD PERIOD 1895 TO 2018


WEATHER ITEM   OBSERVED TIME   RECORD YEAR NORMAL DEPARTURE LAST
                VALUE   (LST)  VALUE       VALUE  FROM      YEAR
                                                  NORMAL
..................................................................
TEMPERATURE (F)
 TODAY
  MAXIMUM         38    213 PM  60    2002  27     11       38
  MINIMUM         35    459 PM -33    1930   9     26       30
  AVERAGE         37                        18     19       34

PRECIPITATION (IN)
  TODAY            1.99R         0.49 1982   0.02   1.97     0.00
  MONTH TO DATE    2.22                      0.57   1.65     2.38
  SINCE DEC 1      2.68                      1.77   0.91     4.25
  SINCE JAN 1      2.22                      0.57   1.65     2.38

SNOWFALL (IN)
  TODAY            0.0           4.4  1952   0.3   -0.3      0.0
  MONTH TO DATE    2.1                       5.6   -3.5      0.6
  SINCE DEC 1      9.8                      15.5   -5.7     11.1
  SINCE JUL 1      9.8                      18.9   -9.1     11.1
  SNOW DEPTH       0

DEGREE DAYS
 HEATING
  TODAY           28                        47    -19       31
  MONTH TO DATE 1123                      1030     93      946
  SINCE DEC 1   2453                      2358     95     2269
  SINCE JUL 1   3844                      3841      3     3258

 COOLING
  TODAY            0                         0      0        0
  MONTH TO DATE    0                         0      0        0
  SINCE DEC 1      0                         0      0        0
  SINCE JAN 1      0                         0      0        0
..................................................................


WIND (MPH)
  HIGHEST WIND SPEED    24   HIGHEST WIND DIRECTION     E (70)
  HIGHEST GUST SPEED    32   HIGHEST GUST DIRECTION     E (70)
  AVERAGE WIND SPEED    14.2


SKY COVER
  POSSIBLE SUNSHINE  MM
  AVERAGE SKY COVER 1.0


WEATHER CONDITIONS
 THE FOLLOWING WEATHER WAS RECORDED TODAY.
  THUNDERSTORM
  HEAVY RAIN
  RAIN
  LIGHT RAIN
  FOG


RELATIVE HUMIDITY (PERCENT)
 HIGHEST   100           700 AM
 LOWEST     92          1200 AM
 AVERAGE    96

..........................................................


THE WATERLOO IA CLIMATE NORMALS FOR TOMORROW
                         NORMAL    RECORD    YEAR
 MAXIMUM TEMPERATURE (F)   28        52      1981
 MINIMUM TEMPERATURE (F)    9       -27      1936


SUNRISE AND SUNSET
JANUARY 22 2018.......SUNRISE   732 AM CST   SUNSET   510 PM CST
JANUARY 23 2018.......SUNRISE   732 AM CST   SUNSET   512 PM CST


-  INDICATES NEGATIVE NUMBERS.
R  INDICATES RECORD WAS SET OR TIED.
MM INDICATES DATA IS MISSING.
T  INDICATES TRACE AMOUNT.




$$
