000
CDUS43 KDMX 260654
CLIALO

CLIMATE REPORT
NATIONAL WEATHER SERVICE DES MOINES IA
1253 AM CST MON JAN 26 2015


...................................

...THE WATERLOO IA CLIMATE SUMMARY FOR JANUARY 25 2015...

CLIMATE NORMAL PERIOD 1981 TO 2010
CLIMATE RECORD PERIOD 1895 TO 2015


WEATHER ITEM   OBSERVED TIME   RECORD YEAR NORMAL DEPARTURE LAST
                VALUE   (LST)  VALUE       VALUE  FROM      YEAR
                                                  NORMAL
..................................................................
TEMPERATURE (F)
 YESTERDAY
  MAXIMUM         35    409 AM  61    2002  28      7       35
  MINIMUM         28   1159 PM -29    1936   9     19        9
  AVERAGE         32                        19     13       22

PRECIPITATION (IN)
  YESTERDAY        0.08          0.26 1958   0.03   0.05     0.04
  MONTH TO DATE    0.63                      0.66  -0.03     0.46
  SINCE DEC 1      2.27                      1.86   0.41     1.40
  SINCE JAN 1      0.63                      0.66  -0.03     0.46

SNOWFALL (IN)
  YESTERDAY        0.8           6.5  1895   0.2    0.6      0.4
  MONTH TO DATE    8.5                       6.4    2.1      4.8
  SINCE DEC 1      9.0                      16.3   -7.3     22.7
  SINCE JUL 1     14.4                      19.7   -5.3     28.6
  SNOW DEPTH       0

DEGREE DAYS
 HEATING
  YESTERDAY       33                        46    -13       43
  MONTH TO DATE 1152                      1170    -18     1342
  SINCE DEC 1   2292                      2498   -206     2890
  SINCE JUL 1   4041                      3981     60     4496

 COOLING
  YESTERDAY        0                         0      0        0
  MONTH TO DATE    0                         0      0        0
  SINCE DEC 1      0                         0      0        0
  SINCE JAN 1      0                         0      0        0
..................................................................


WIND (MPH)
  HIGHEST WIND SPEED    22   HIGHEST WIND DIRECTION    NE (50)
  HIGHEST GUST SPEED    28   HIGHEST GUST DIRECTION    NE (50)
  AVERAGE WIND SPEED    10.4


SKY COVER
  POSSIBLE SUNSHINE  MM
  AVERAGE SKY COVER 1.0


WEATHER CONDITIONS
 THE FOLLOWING WEATHER WAS RECORDED YESTERDAY.
  LIGHT SNOW
  FOG


RELATIVE HUMIDITY (PERCENT)
 HIGHEST   100           300 AM
 LOWEST     78           100 PM
 AVERAGE    89

..........................................................


THE WATERLOO IA CLIMATE NORMALS FOR TODAY
                         NORMAL    RECORD    YEAR
 MAXIMUM TEMPERATURE (F)   28        65      2002
 MINIMUM TEMPERATURE (F)   10       -25      1930


SUNRISE AND SUNSET
JANUARY 26 2015.......SUNRISE   729 AM CST   SUNSET   515 PM CST
JANUARY 27 2015.......SUNRISE   729 AM CST   SUNSET   516 PM CST


-  INDICATES NEGATIVE NUMBERS.
R  INDICATES RECORD WAS SET OR TIED.
MM INDICATES DATA IS MISSING.
T  INDICATES TRACE AMOUNT.

$$
