000
CDUS43 KDMX 312232 RRA
CLIALO

CLIMATE REPORT
NATIONAL WEATHER SERVICE DES MOINES IA
531 PM CDT THU JUL 31 2014


...................................

...THE WATERLOO IA CLIMATE SUMMARY FOR JULY 31 2014...
VALID TODAY AS OF 0500 PM LOCAL TIME.

CLIMATE NORMAL PERIOD 1981 TO 2010
CLIMATE RECORD PERIOD 1895 TO 2014


WEATHER ITEM   OBSERVED TIME   RECORD YEAR NORMAL DEPARTURE LAST
                VALUE   (LST)  VALUE       VALUE  FROM      YEAR
                                                  NORMAL
..................................................................
TEMPERATURE (F)
 TODAY
  MAXIMUM         82    336 PM 105    1988  84     -2       81
  MINIMUM         54    533 AM  43    1971  62     -8       59
  AVERAGE         68                        73     -5       70

PRECIPITATION (IN)
  TODAY            0.00          2.45 1956   0.14  -0.14     0.00
  MONTH TO DATE    1.14                      4.91  -3.77     4.03
  SINCE JUN 1     10.77                      9.89   0.88     8.71
  SINCE JAN 1     24.80                     22.01   2.79    32.29

SNOWFALL (IN)
  TODAY            0.0          MM      MM   0.0    0.0      0.0
  MONTH TO DATE    0.0                       0.0    0.0      0.0
  SINCE JUN 1      0.0                       0.0    0.0      0.0
  SINCE JUL 1      0.0                       0.0    0.0      0.0
  SNOW DEPTH       0

DEGREE DAYS
 HEATING
  TODAY            0                         0      0        0
  MONTH TO DATE   17                         0     17       14
  SINCE JUN 1     24                        30     -6       52
  SINCE JUL 1     17                         4     13       14

 COOLING
  TODAY            3                         8     -5        5
  MONTH TO DATE  148                       271   -123      255
  SINCE JUN 1    319                       448   -129      423
  SINCE JAN 1    386                       504   -118      476
..................................................................


WIND (MPH)
  HIGHEST WIND SPEED    16   HIGHEST WIND DIRECTION    NW (300)
  HIGHEST GUST SPEED    21   HIGHEST GUST DIRECTION     W (270)
  AVERAGE WIND SPEED     4.7


SKY COVER
  POSSIBLE SUNSHINE  MM
  AVERAGE SKY COVER 0.1


WEATHER CONDITIONS
 THE FOLLOWING WEATHER WAS RECORDED TODAY.
  FOG


RELATIVE HUMIDITY (PERCENT)
 HIGHEST   100           500 AM
 LOWEST     39           200 PM
 AVERAGE    70

..........................................................


THE WATERLOO IA CLIMATE NORMALS FOR TOMORROW
                         NORMAL    RECORD    YEAR
 MAXIMUM TEMPERATURE (F)   83       102      1917
 MINIMUM TEMPERATURE (F)   62        46      1920


SUNRISE AND SUNSET
JULY 31 2014..........SUNRISE   601 AM CDT   SUNSET   831 PM CDT
AUGUST  1 2014........SUNRISE   602 AM CDT   SUNSET   830 PM CDT


-  INDICATES NEGATIVE NUMBERS.
R  INDICATES RECORD WAS SET OR TIED.
MM INDICATES DATA IS MISSING.
T  INDICATES TRACE AMOUNT.




$$
