000
CDUS43 KDMX 040630 RRA
CLIALO

CLIMATE REPORT
NATIONAL WEATHER SERVICE DES MOINES IA
127 AM CDT FRI SEP 4 2015


...................................

...THE WATERLOO IA CLIMATE SUMMARY FOR SEPTEMBER 3 2015...

CLIMATE NORMAL PERIOD 1981 TO 2010
CLIMATE RECORD PERIOD 1895 TO 2015


WEATHER ITEM   OBSERVED TIME   RECORD YEAR NORMAL DEPARTURE LAST
                VALUE   (LST)  VALUE       VALUE  FROM      YEAR
                                                  NORMAL
..................................................................
TEMPERATURE (F)
 YESTERDAY
  MAXIMUM         91    255 PM 101    1939  80     11       84
  MINIMUM         68    523 AM  36    1974  56     12       55
  AVERAGE         80                        68     12       70

PRECIPITATION (IN)
  YESTERDAY        0.00          1.90 1949   0.09  -0.09      T
  MONTH TO DATE    T                         0.30  -0.30     0.22
  SINCE SEP 1      T                         0.30  -0.30     0.22
  SINCE JAN 1     25.24                     26.58  -1.34    27.51

SNOWFALL (IN)
  YESTERDAY        0.0          MM      MM   0.0    0.0      0.0
  MONTH TO DATE    0.0                       0.0    0.0      0.0
  SINCE SEP 1      0.0                       0.0    0.0      0.0
  SINCE JUL 1      0.0                       0.0    0.0      0.0
  SNOW DEPTH       0

DEGREE DAYS
 HEATING
  YESTERDAY        0                         2     -2        0
  MONTH TO DATE    0                         4     -4        0
  SINCE SEP 1      0                         4     -4        0
  SINCE JUL 1     31                        24      7       17

 COOLING
  YESTERDAY       15                         5     10        5
  MONTH TO DATE   41                        15     26       14
  SINCE SEP 1     41                        15     26       14
  SINCE JAN 1    616                       727   -111      621
..................................................................


WIND (MPH)
  HIGHEST WIND SPEED    14   HIGHEST WIND DIRECTION     S (170)
  HIGHEST GUST SPEED    17   HIGHEST GUST DIRECTION     S (170)
  AVERAGE WIND SPEED     6.4


SKY COVER
  POSSIBLE SUNSHINE  MM
  AVERAGE SKY COVER 0.2


WEATHER CONDITIONS
 THE FOLLOWING WEATHER WAS RECORDED YESTERDAY.
  THUNDERSTORM
  FOG


RELATIVE HUMIDITY (PERCENT)
 HIGHEST    97           200 AM
 LOWEST     56           100 PM
 AVERAGE    77

..........................................................


THE WATERLOO IA CLIMATE NORMALS FOR TODAY
                         NORMAL    RECORD    YEAR
 MAXIMUM TEMPERATURE (F)   80       101      1925
 MINIMUM TEMPERATURE (F)   56        34      1974


SUNRISE AND SUNSET
SEPTEMBER  4 2015.....SUNRISE   637 AM CDT   SUNSET   739 PM CDT
SEPTEMBER  5 2015.....SUNRISE   639 AM CDT   SUNSET   737 PM CDT


-  INDICATES NEGATIVE NUMBERS.
R  INDICATES RECORD WAS SET OR TIED.
MM INDICATES DATA IS MISSING.
T  INDICATES TRACE AMOUNT.




$$
