000
CDUS45 KPUB 020025
CLIALS


CLIMATE REPORT
NATIONAL WEATHER SERVICE PUEBLO
625 PM MDT MON JUN 1 2015


...................................

...THE ALAMOSA CO CLIMATE SUMMARY FOR JUNE 1 2015...
VALID TODAY AS OF 0500 PM LOCAL TIME.

CLIMATE NORMAL PERIOD 1981 TO 2010
CLIMATE RECORD PERIOD 1932 TO 2015


WEATHER ITEM   OBSERVED TIME   RECORD YEAR NORMAL DEPARTURE LAST
                VALUE   (LST)  VALUE       VALUE  FROM      YEAR
                                                  NORMAL
..................................................................
TEMPERATURE (F)
 TODAY
  MAXIMUM         80    227 PM  90    2002  74      6       80
  MINIMUM         39    454 AM  26    1988  37      2       42
  AVERAGE         60                        56      4       61

PRECIPITATION (IN)
  TODAY            T             0.16 1973   0.02  -0.02     0.00
                                      1948
  MONTH TO DATE    T                         0.02  -0.02     0.00
  SINCE JUN 1      T                         0.02  -0.02     0.00
  SINCE JAN 1      3.94                      2.24   1.70     1.81

SNOWFALL (IN)
  TODAY            0.0           0.0  2002   0.0    0.0      0.0
  MONTH TO DATE    0.0                       0.0    0.0      0.0
  SINCE JUN 1      0.0                       0.0    0.0      0.0
  SINCE JUL 1     23.8                      27.6   -3.8     39.8
  SNOW DEPTH       0

DEGREE DAYS
 HEATING
  TODAY            5                         9     -4        4
  MONTH TO DATE    5                         9     -4        4
  SINCE JUN 1      5                         9     -4        4
  SINCE JUL 1   7386                      8435  -1049     8550

 COOLING
  TODAY            0                         0      0        0
  MONTH TO DATE    0                         0      0        0
  SINCE JUN 1      0                         0      0        0
  SINCE JAN 1      0                         0      0        0
..................................................................


WIND (MPH)
  HIGHEST WIND SPEED    28   HIGHEST WIND DIRECTION    NW (330)
  HIGHEST GUST SPEED    37   HIGHEST GUST DIRECTION     N (350)
  AVERAGE WIND SPEED     6.8


SKY COVER
  POSSIBLE SUNSHINE  MM
  AVERAGE SKY COVER 0.1


WEATHER CONDITIONS
 THE FOLLOWING WEATHER WAS RECORDED TODAY.
  LIGHT RAIN


RELATIVE HUMIDITY (PERCENT)
 HIGHEST    85           500 AM
 LOWEST     16           100 PM
 AVERAGE    51

..........................................................


THE ALAMOSA CO CLIMATE NORMALS FOR TOMORROW
                         NORMAL    RECORD    YEAR
 MAXIMUM TEMPERATURE (F)   75        84      2014
                                             2008
                                             2002
 MINIMUM TEMPERATURE (F)   37        24      1990


SUNRISE AND SUNSET
JUNE  1 2015..........SUNRISE   544 AM MDT   SUNSET   819 PM MDT
JUNE  2 2015..........SUNRISE   544 AM MDT   SUNSET   819 PM MDT


-  INDICATES NEGATIVE NUMBERS.
R  INDICATES RECORD WAS SET OR TIED.
MM INDICATES DATA IS MISSING.
T  INDICATES TRACE AMOUNT.




$$
