000
CDUS45 KPUB 261127
CLIALS


CLIMATE REPORT
NATIONAL WEATHER SERVICE PUEBLO
427 AM MST WED NOV 26 2014


...................................

...THE ALAMOSA CO CLIMATE SUMMARY FOR NOVEMBER 25 2014...

CLIMATE NORMAL PERIOD 1981 TO 2010
CLIMATE RECORD PERIOD 1932 TO 2014


WEATHER ITEM   OBSERVED TIME   RECORD YEAR NORMAL DEPARTURE LAST
                VALUE   (LST)  VALUE       VALUE  FROM      YEAR
                                                  NORMAL
..................................................................
TEMPERATURE (F)
 YESTERDAY
  MAXIMUM         36    231 PM  63    1970  42     -6       36
  MINIMUM          1    320 AM -21    1952   8     -7        7
  AVERAGE         19                        25     -6       22

PRECIPITATION (IN)
  YESTERDAY        0.00          0.37 2013   0.01  -0.01     0.37
  MONTH TO DATE    0.34                      0.36  -0.02     1.63
  SINCE SEP 1      1.45                      1.95  -0.50     5.14
  SINCE JAN 1      5.33                      6.90  -1.57    10.01

SNOWFALL (IN)
  YESTERDAY        0.0           5.5  2013   0.1   -0.1      5.5
  MONTH TO DATE    1.6                       3.0   -1.4     18.1
  SINCE SEP 1      1.6                       5.1   -3.5     21.6
  SINCE JUL 1      1.6                       5.1   -3.5     21.6
  SNOW DEPTH       0

DEGREE DAYS
 HEATING
  YESTERDAY       46                        40      6       43
  MONTH TO DATE  831                       856    -25      795
  SINCE SEP 1   1566                      1837   -271     1719
  SINCE JUL 1   1687                      1966   -279     1794

 COOLING
  YESTERDAY        0                         0      0        0
  MONTH TO DATE    0                         0      0        0
  SINCE SEP 1      0                         0      0       14
  SINCE JAN 1     60                        51      9      113
..................................................................


WIND (MPH)
  HIGHEST WIND SPEED    12   HIGHEST WIND DIRECTION    SE (150)
  HIGHEST GUST SPEED    14   HIGHEST GUST DIRECTION    SE (130)
  AVERAGE WIND SPEED     5.1


SKY COVER
  POSSIBLE SUNSHINE  MM
  AVERAGE SKY COVER 0.1


WEATHER CONDITIONS
 THE FOLLOWING WEATHER WAS RECORDED YESTERDAY.
  NO SIGNIFICANT WEATHER WAS OBSERVED.


RELATIVE HUMIDITY (PERCENT)
 HIGHEST    79           100 AM
 LOWEST     25           200 PM
 AVERAGE    52

..........................................................


THE ALAMOSA CO CLIMATE NORMALS FOR TODAY
                         NORMAL    RECORD    YEAR
 MAXIMUM TEMPERATURE (F)   41        62      1977
 MINIMUM TEMPERATURE (F)    7       -25      1952


SUNRISE AND SUNSET
NOVEMBER 26 2014......SUNRISE   654 AM MST   SUNSET   447 PM MST
NOVEMBER 27 2014......SUNRISE   655 AM MST   SUNSET   447 PM MST


-  INDICATES NEGATIVE NUMBERS.
R  INDICATES RECORD WAS SET OR TIED.
MM INDICATES DATA IS MISSING.
T  INDICATES TRACE AMOUNT.




$$
