000
CDUS45 KPUB 241045
CLIALS


CLIMATE REPORT
NATIONAL WEATHER SERVICE PUEBLO
444 AM MDT SAT JUN 24 2017


...................................

...THE ALAMOSA CO CLIMATE SUMMARY FOR JUNE 23 2017...

CLIMATE NORMAL PERIOD 1981 TO 2010
CLIMATE RECORD PERIOD 1932 TO 2017


WEATHER ITEM   OBSERVED TIME   RECORD YEAR NORMAL DEPARTURE LAST
                VALUE   (LST)  VALUE       VALUE  FROM      YEAR
                                                  NORMAL
..................................................................
TEMPERATURE (F)
 YESTERDAY
  MAXIMUM         88    510 PM  92    2012  81      7       87
  MINIMUM         45    517 AM  32    2010  43      2       47
                                      1964
  AVERAGE         67                        62      5       67

PRECIPITATION (IN)
  YESTERDAY        0.00          0.41 1932   0.02  -0.02      T
  MONTH TO DATE    0.19                      0.35  -0.16      T
  SINCE JUN 1      0.19                      0.35  -0.16      T
  SINCE JAN 1      4.44                      2.57   1.87     4.37

SNOWFALL (IN)
  YESTERDAY        0.0           0.0  2002   0.0    0.0      0.0
  MONTH TO DATE    0.0                       0.0    0.0      0.0
  SINCE JUN 1      0.0                       0.0    0.0      0.0
  SINCE JUL 1     42.2                      27.6   14.6     43.0
  SNOW DEPTH       0

DEGREE DAYS
 HEATING
  YESTERDAY        0                         4     -4        0
  MONTH TO DATE   77                       148    -71       52
  SINCE JUN 1     77                       148    -71       52
  SINCE JUL 1   7686                      8574   -888     7864

 COOLING
  YESTERDAY        2                         0      2        2
  MONTH TO DATE   17                         0     17       21
  SINCE JUN 1     17                         0     17       21
  SINCE JAN 1     17                         0     17       21
..................................................................


WIND (MPH)
  HIGHEST WIND SPEED    22   HIGHEST WIND DIRECTION     N (10)
  HIGHEST GUST SPEED    29   HIGHEST GUST DIRECTION     N (10)
  AVERAGE WIND SPEED     8.0


SKY COVER
  POSSIBLE SUNSHINE  MM
  AVERAGE SKY COVER 0.0


WEATHER CONDITIONS
 THE FOLLOWING WEATHER WAS RECORDED YESTERDAY.
  NO SIGNIFICANT WEATHER WAS OBSERVED.


RELATIVE HUMIDITY (PERCENT)
 HIGHEST    86           300 AM
 LOWEST     10           600 PM
 AVERAGE    48

..........................................................


THE ALAMOSA CO CLIMATE NORMALS FOR TODAY
                         NORMAL    RECORD    YEAR
 MAXIMUM TEMPERATURE (F)   81        93      2012
 MINIMUM TEMPERATURE (F)   43        32      1906


SUNRISE AND SUNSET
JUNE 24 2017..........SUNRISE   544 AM MDT   SUNSET   828 PM MDT
JUNE 25 2017..........SUNRISE   544 AM MDT   SUNSET   828 PM MDT


-  INDICATES NEGATIVE NUMBERS.
R  INDICATES RECORD WAS SET OR TIED.
MM INDICATES DATA IS MISSING.
T  INDICATES TRACE AMOUNT.




$$
