000
CDUS45 KPUB 011056
CLIALS


CLIMATE REPORT
NATIONAL WEATHER SERVICE PUEBLO
456 AM MDT SAT AUG 1 2015


...................................

...THE ALAMOSA CO CLIMATE SUMMARY FOR JULY 31 2015...

CLIMATE NORMAL PERIOD 1981 TO 2010
CLIMATE RECORD PERIOD 1932 TO 2015


WEATHER ITEM   OBSERVED TIME   RECORD YEAR NORMAL DEPARTURE LAST
                VALUE   (LST)  VALUE       VALUE  FROM      YEAR
                                                  NORMAL
..................................................................
TEMPERATURE (F)
 YESTERDAY
  MAXIMUM         80    142 PM  90    2008  81     -1       73
                                      2002
  MINIMUM         54    559 AM  38    2004  48      6       53
  AVERAGE         67                        64      3       63

PRECIPITATION (IN)
  YESTERDAY        0.05          0.83 1968   0.04   0.01     0.02
  MONTH TO DATE    1.34                      0.97   0.37     1.52
  SINCE JUN 1      2.53                      1.46   1.07     1.54
  SINCE JAN 1      6.47                      3.68   2.79     3.35

SNOWFALL (IN)
  YESTERDAY        0.0           0.0  2002   0.0    0.0      0.0
                                      2001
  MONTH TO DATE    0.0                       0.0    0.0      0.0
  SINCE JUN 1      0.0                       0.0    0.0      0.0
  SINCE JUL 1      0.0                       0.0    0.0      0.0
  SNOW DEPTH       0

DEGREE DAYS
 HEATING
  YESTERDAY        0                         1     -1        2
  MONTH TO DATE   44                        40      4       22
  SINCE JUN 1    120                       213    -93      148
  SINCE JUL 1     44                        45     -1       22

 COOLING
  YESTERDAY        2                         1      1        0
  MONTH TO DATE   25                        32     -7       56
  SINCE JUN 1     49                        38     11       57
  SINCE JAN 1     49                        38     11       57
..................................................................


WIND (MPH)
  HIGHEST WIND SPEED    20   HIGHEST WIND DIRECTION     S (190)
  HIGHEST GUST SPEED    29   HIGHEST GUST DIRECTION     S (170)
  AVERAGE WIND SPEED     5.7


SKY COVER
  POSSIBLE SUNSHINE  MM
  AVERAGE SKY COVER 0.2


WEATHER CONDITIONS
 THE FOLLOWING WEATHER WAS RECORDED YESTERDAY.
  THUNDERSTORM
  LIGHT RAIN


RELATIVE HUMIDITY (PERCENT)
 HIGHEST    93           300 AM
 LOWEST     30           200 PM
 AVERAGE    62

..........................................................


THE ALAMOSA CO CLIMATE NORMALS FOR TODAY
                         NORMAL    RECORD    YEAR
 MAXIMUM TEMPERATURE (F)   81        89      2005
 MINIMUM TEMPERATURE (F)   48        37      2009


SUNRISE AND SUNSET
AUGUST  1 2015........SUNRISE   608 AM MDT   SUNSET   812 PM MDT
AUGUST  2 2015........SUNRISE   608 AM MDT   SUNSET   811 PM MDT


-  INDICATES NEGATIVE NUMBERS.
R  INDICATES RECORD WAS SET OR TIED.
MM INDICATES DATA IS MISSING.
T  INDICATES TRACE AMOUNT.




$$
