000
CDUS45 KPUB 211132
CLIALS


CLIMATE REPORT
NATIONAL WEATHER SERVICE PUEBLO
431 AM MST SUN JAN 21 2018


...................................

...THE ALAMOSA CO CLIMATE SUMMARY FOR JANUARY 20 2018...

CLIMATE NORMAL PERIOD 1981 TO 2010
CLIMATE RECORD PERIOD 1932 TO 2018


WEATHER ITEM   OBSERVED TIME   RECORD YEAR NORMAL DEPARTURE LAST
                VALUE   (LST)  VALUE       VALUE  FROM      YEAR
                                                  NORMAL
..................................................................
TEMPERATURE (F)
 YESTERDAY
  MAXIMUM         53    257 PM  62    1971  34     19       33
  MINIMUM          9    736 AM -33    1984  -2     11       14
  AVERAGE         31                        16     15       24

PRECIPITATION (IN)
  YESTERDAY        0.00          0.22 1959   0.01  -0.01     0.00
  MONTH TO DATE    T                         0.16  -0.16     1.27
  SINCE DEC 1      0.14                      0.51  -0.37     2.35
  SINCE JAN 1      T                         0.16  -0.16     1.27

SNOWFALL (IN)
  YESTERDAY        0.0           4.8  1959   0.2   -0.2      0.0
  MONTH TO DATE    0.0                       2.4   -2.4     18.6
  SINCE DEC 1      1.3                       6.9   -5.6     28.8
  SINCE JUL 1      1.7                      12.7  -11.0     29.8
  SNOW DEPTH       0

DEGREE DAYS
 HEATING
  YESTERDAY       34                        49    -15       41
  MONTH TO DATE  796                       980   -184      893
  SINCE DEC 1   2015                      2442   -427     2337
  SINCE JUL 1   3781                      4617   -836     4201

 COOLING
  YESTERDAY        0                         0      0        0
  MONTH TO DATE    0                         0      0        0
  SINCE DEC 1      0                         0      0        0
  SINCE JAN 1      0                         0      0        0
..................................................................


WIND (MPH)
  HIGHEST WIND SPEED    28   HIGHEST WIND DIRECTION    SW (230)
  HIGHEST GUST SPEED    33   HIGHEST GUST DIRECTION    SW (210)
  AVERAGE WIND SPEED    11.1


SKY COVER
  POSSIBLE SUNSHINE  MM
  AVERAGE SKY COVER 0.0


WEATHER CONDITIONS
 THE FOLLOWING WEATHER WAS RECORDED YESTERDAY.
  NO SIGNIFICANT WEATHER WAS OBSERVED.


RELATIVE HUMIDITY (PERCENT)
 HIGHEST    81          1100 PM
 LOWEST     22           100 PM
 AVERAGE    52

..........................................................


THE ALAMOSA CO CLIMATE NORMALS FOR TODAY
                         NORMAL    RECORD    YEAR
 MAXIMUM TEMPERATURE (F)   35        60      1950
 MINIMUM TEMPERATURE (F)   -2       -34      1984


SUNRISE AND SUNSET
JANUARY 21 2018.......SUNRISE   714 AM MST   SUNSET   516 PM MST
JANUARY 22 2018.......SUNRISE   714 AM MST   SUNSET   517 PM MST


-  INDICATES NEGATIVE NUMBERS.
R  INDICATES RECORD WAS SET OR TIED.
MM INDICATES DATA IS MISSING.
T  INDICATES TRACE AMOUNT.




$$
