000
CDUS45 KPUB 061106
CLIALS


CLIMATE REPORT
NATIONAL WEATHER SERVICE PUEBLO
505 AM MDT FRI MAY 6 2016


...................................

...THE ALAMOSA CO CLIMATE SUMMARY FOR MAY 5 2016...

CLIMATE NORMAL PERIOD 1981 TO 2010
CLIMATE RECORD PERIOD 1932 TO 2016


WEATHER ITEM   OBSERVED TIME   RECORD YEAR NORMAL DEPARTURE LAST
                VALUE   (LST)  VALUE       VALUE  FROM      YEAR
                                                  NORMAL
..................................................................
TEMPERATURE (F)
 YESTERDAY
  MAXIMUM         73    433 PM  80    2000  66      7       53
                                      1947
  MINIMUM         33    519 AM  17    1991  31      2       42
  AVERAGE         53                        48      5       48

PRECIPITATION (IN)
  YESTERDAY        0.00          0.58 1978   0.02  -0.02     0.30
  MONTH TO DATE    0.08                      0.10  -0.02     0.32
  SINCE MAR 1      2.35                      1.22   1.13     1.15
  SINCE JAN 1      3.33                      1.74   1.59     2.49

SNOWFALL (IN)
  YESTERDAY        0.0           7.1  1978   0.0    0.0      0.0
  MONTH TO DATE    0.8                       0.3    0.5      0.0
  SINCE MAR 1     24.2                       8.9   15.3      0.7
  SINCE JUL 1     43.0                      27.0   16.0     23.8
  SNOW DEPTH       0

DEGREE DAYS
 HEATING
  YESTERDAY       12                        17     -5       17
  MONTH TO DATE   96                        88      8       69
  SINCE MAR 1   1698                      1759    -61     1494
  SINCE JUL 1   7464                      8088   -624     6986

 COOLING
  YESTERDAY        0                         0      0        0
  MONTH TO DATE    0                         0      0        0
  SINCE MAR 1      0                         0      0        0
  SINCE JAN 1      0                         0      0        0
..................................................................


WIND (MPH)
  HIGHEST WIND SPEED    14   HIGHEST WIND DIRECTION    SE (150)
  HIGHEST GUST SPEED    19   HIGHEST GUST DIRECTION    SE (120)
  AVERAGE WIND SPEED     5.5


SKY COVER
  POSSIBLE SUNSHINE  MM
  AVERAGE SKY COVER 0.1


WEATHER CONDITIONS
 THE FOLLOWING WEATHER WAS RECORDED YESTERDAY.
  NO SIGNIFICANT WEATHER WAS OBSERVED.


RELATIVE HUMIDITY (PERCENT)
 HIGHEST    76           100 AM
 LOWEST     13           300 PM
 AVERAGE    45

..........................................................


THE ALAMOSA CO CLIMATE NORMALS FOR TODAY
                         NORMAL    RECORD    YEAR
 MAXIMUM TEMPERATURE (F)   66        80      2009
 MINIMUM TEMPERATURE (F)   31        17      1991
                                             1950


SUNRISE AND SUNSET
MAY  6 2016...........SUNRISE   602 AM MDT   SUNSET   758 PM MDT
MAY  7 2016...........SUNRISE   601 AM MDT   SUNSET   759 PM MDT


-  INDICATES NEGATIVE NUMBERS.
R  INDICATES RECORD WAS SET OR TIED.
MM INDICATES DATA IS MISSING.
T  INDICATES TRACE AMOUNT.




$$
