371
CDUS45 KPUB 010025
CLIALS


CLIMATE REPORT
NATIONAL WEATHER SERVICE PUEBLO
625 PM MDT SUN APR 30 2017


...................................

...THE ALAMOSA CO CLIMATE SUMMARY FOR APRIL 30 2017...
VALID TODAY AS OF 0500 PM LOCAL TIME.

CLIMATE NORMAL PERIOD 1981 TO 2010
CLIMATE RECORD PERIOD 1932 TO 2017


WEATHER ITEM   OBSERVED TIME   RECORD YEAR NORMAL DEPARTURE LAST
                VALUE   (LST)  VALUE       VALUE  FROM      YEAR
                                                  NORMAL
..................................................................
TEMPERATURE (F)
 TODAY
  MAXIMUM         58    327 PM  79    1981  64     -6       53
  MINIMUM         17    450 AM  10    1975  29    -12       32
  AVERAGE         38                        46     -8       43

PRECIPITATION (IN)
  TODAY            0.00          1.04 1990   0.02  -0.02     0.04
  MONTH TO DATE    0.63                      0.59   0.04     1.75
  SINCE MAR 1      1.36                      1.12   0.24     2.27
  SINCE JAN 1      3.01                      1.64   1.37     3.25

SNOWFALL (IN)
  TODAY            0.0           9.0  1990   0.1   -0.1      0.0
  MONTH TO DATE    4.9                       3.6    1.3     15.2
  SINCE MAR 1      5.6                       8.6   -3.0     23.4
  SINCE JUL 1     41.1                      26.7   14.4     42.2
  SNOW DEPTH       0

DEGREE DAYS
 HEATING
  TODAY           27                        19      8       22
  MONTH TO DATE  636                       695    -59      685
  SINCE MAR 1   1375                      1671   -296     1602
  SINCE JUL 1   7164                      8000   -836     7368

 COOLING
  TODAY            0                         0      0        0
  MONTH TO DATE    0                         0      0        0
  SINCE MAR 1      0                         0      0        0
  SINCE JAN 1      0                         0      0        0
..................................................................


WIND (MPH)
  HIGHEST WIND SPEED    29   HIGHEST WIND DIRECTION    NW (320)
  HIGHEST GUST SPEED    38   HIGHEST GUST DIRECTION    NW (320)
  AVERAGE WIND SPEED    12.3


SKY COVER
  POSSIBLE SUNSHINE  MM
  AVERAGE SKY COVER 0.1


WEATHER CONDITIONS
 THE FOLLOWING WEATHER WAS RECORDED TODAY.
  NO SIGNIFICANT WEATHER WAS OBSERVED.


RELATIVE HUMIDITY (PERCENT)
 HIGHEST   100          1200 AM
 LOWEST     12           200 PM
 AVERAGE    56

..........................................................


THE ALAMOSA CO CLIMATE NORMALS FOR TOMORROW
                         NORMAL    RECORD    YEAR
 MAXIMUM TEMPERATURE (F)   64        78      2001
 MINIMUM TEMPERATURE (F)   29        11      1967


SUNRISE AND SUNSET
APRIL 30 2017.........SUNRISE   609 AM MDT   SUNSET   753 PM MDT
MAY  1 2017...........SUNRISE   608 AM MDT   SUNSET   754 PM MDT


-  INDICATES NEGATIVE NUMBERS.
R  INDICATES RECORD WAS SET OR TIED.
MM INDICATES DATA IS MISSING.
T  INDICATES TRACE AMOUNT.




$$
