000
CDUS45 KPUB 110033
CLIALS


CLIMATE REPORT
NATIONAL WEATHER SERVICE PUEBLO
633 PM MDT THU JUL 10 2014


...................................

...THE ALAMOSA CO CLIMATE SUMMARY FOR JULY 10 2014...
VALID TODAY AS OF 0500 PM LOCAL TIME.

CLIMATE NORMAL PERIOD 1981 TO 2010
CLIMATE RECORD PERIOD 1932 TO 2014


WEATHER ITEM   OBSERVED TIME   RECORD YEAR NORMAL DEPARTURE LAST
                VALUE   (LST)  VALUE       VALUE  FROM      YEAR
                                                  NORMAL
..................................................................
TEMPERATURE (F)
 TODAY
  MAXIMUM         85    340 PM  91    2003  83      2       86
  MINIMUM         46    525 AM  37    1982  47     -1       47
  AVERAGE         66                        65      1       67

PRECIPITATION (IN)
  TODAY            0.00          0.40 1933   0.03  -0.03     0.00
  MONTH TO DATE    T                         0.27  -0.27     0.16
  SINCE JUN 1      0.02                      0.76  -0.74     0.70
  SINCE JAN 1      1.83                      2.98  -1.15     1.76

SNOWFALL (IN)
  TODAY            0.0           0.0  2002   0.0    0.0      0.0
                                      2001
  MONTH TO DATE    0.0                       0.0    0.0      0.0
  SINCE JUN 1      0.0                       0.0    0.0      0.0
  SINCE JUL 1      0.0                       0.0    0.0      0.0
  SNOW DEPTH       0

DEGREE DAYS
 HEATING
  TODAY            0                         1     -1        0
  MONTH TO DATE    7                        19    -12        8
  SINCE JUN 1    133                       187    -54      110
  SINCE JUL 1      7                        19    -12        8

 COOLING
  TODAY            1                         1      0        2
  MONTH TO DATE    9                        10     -1       15
  SINCE JUN 1     10                        16     -6       31
  SINCE JAN 1     10                        16     -6       31
..................................................................


WIND (MPH)
  HIGHEST WIND SPEED    23   HIGHEST WIND DIRECTION     E (90)
  HIGHEST GUST SPEED    29   HIGHEST GUST DIRECTION     E (80)
  AVERAGE WIND SPEED     5.7


SKY COVER
  POSSIBLE SUNSHINE  MM
  AVERAGE SKY COVER 0.0


WEATHER CONDITIONS
 THE FOLLOWING WEATHER WAS RECORDED TODAY.
  THUNDERSTORM


RELATIVE HUMIDITY (PERCENT)
 HIGHEST    82           400 AM
 LOWEST     23           400 PM
 AVERAGE    53

..........................................................


THE ALAMOSA CO CLIMATE NORMALS FOR TOMORROW
                         NORMAL    RECORD    YEAR
 MAXIMUM TEMPERATURE (F)   83        92      2003
 MINIMUM TEMPERATURE (F)   47        37      1986


SUNRISE AND SUNSET
JULY 10 2014..........SUNRISE   551 AM MDT   SUNSET   826 PM MDT
JULY 11 2014..........SUNRISE   552 AM MDT   SUNSET   826 PM MDT


-  INDICATES NEGATIVE NUMBERS.
R  INDICATES RECORD WAS SET OR TIED.
MM INDICATES DATA IS MISSING.
T  INDICATES TRACE AMOUNT.




$$
