000
CDUS44 KAMA 032147
CLIAMA


CLIMATE REPORT
NATIONAL WEATHER SERVICE AMARILLO TX
445 PM CDT FRI JUL 3 2015


...................................

...THE AMARILLO CLIMATE SUMMARY FOR JULY 3 2015...
VALID TODAY AS OF 0400 PM LOCAL TIME.

CLIMATE NORMAL PERIOD 1981 TO 2010
CLIMATE RECORD PERIOD 1892 TO 2015


WEATHER ITEM   OBSERVED TIME   RECORD YEAR NORMAL DEPARTURE LAST
                VALUE   (LST)  VALUE       VALUE  FROM      YEAR
                                                  NORMAL
..................................................................
TEMPERATURE (F)
 TODAY
  MAXIMUM         88    329 PM 103    1994  91     -3       82
  MINIMUM         65    613 AM  55    1924  65      0       60
                                      1904
  AVERAGE         77                        78     -1       71

PRECIPITATION (IN)
  TODAY            0.06          2.33 1924   0.09  -0.03     0.00
  MONTH TO DATE    0.07                      0.27  -0.20     0.04
  SINCE JUN 1      3.96                      3.43   0.53     5.44
  SINCE JAN 1     18.51                      9.79   8.72    10.15

SNOWFALL (IN)
  TODAY            0.0           0.0    MM   0.0    0.0      0.0
  MONTH TO DATE    0.0                       0.0    0.0      0.0
  SINCE JUN 1      0.0                       0.0    0.0      0.0
  SINCE JUL 1      0.0                       0.0    0.0      0.0
  SNOW DEPTH       0

DEGREE DAYS
 HEATING
  TODAY            0                         0      0        0
  MONTH TO DATE    0                         0      0        0
  SINCE JUN 1      0                         7     -7        4
  SINCE JUL 1      0                         0      0        0

 COOLING
  TODAY           12                        13     -1        6
  MONTH TO DATE   40                        39      1       18
  SINCE JUN 1    349                       327     22      336
  SINCE JAN 1    398                       452    -54      533
..................................................................


WIND (MPH)
  RESULTANT WIND SPEED   3   RESULTANT WIND DIRECTION  NW (320)
  HIGHEST WIND SPEED    14   HIGHEST WIND DIRECTION     E (90)
  HIGHEST GUST SPEED    19   HIGHEST GUST DIRECTION    NW (320)
  AVERAGE WIND SPEED     7.4


SKY COVER
  AVERAGE SKY COVER 0.2


WEATHER CONDITIONS
 THE FOLLOWING WEATHER WAS RECORDED TODAY.
  THUNDERSTORM


RELATIVE HUMIDITY (PERCENT)
 HIGHEST    87           200 AM
 LOWEST     36           300 PM
 AVERAGE    62

..........................................................


THE AMARILLO CLIMATE NORMALS FOR TOMORROW
                         NORMAL    RECORD    YEAR
 MAXIMUM TEMPERATURE (F)   91       102      1980
                                             1973
                                             1953
 MINIMUM TEMPERATURE (F)   65        52      1903


SUNRISE AND SUNSET
JULY  3 2015..........SUNRISE   637 AM CDT   SUNSET   905 PM CDT
JULY  4 2015..........SUNRISE   637 AM CDT   SUNSET   905 PM CDT


-  INDICATES NEGATIVE NUMBERS.
R  INDICATES RECORD WAS SET OR TIED.
MM INDICATES DATA IS MISSING.
T  INDICATES TRACE AMOUNT.

$$
