000
CDUS44 KAMA 240728
CLIAMA


CLIMATE REPORT
NATIONAL WEATHER SERVICE AMARILLO TX
126 AM CST FRI NOV 24 2017


...................................

...THE AMARILLO CLIMATE SUMMARY FOR NOVEMBER 23 2017...

CLIMATE NORMAL PERIOD 1981 TO 2010
CLIMATE RECORD PERIOD 1892 TO 2017


WEATHER ITEM   OBSERVED TIME   RECORD YEAR NORMAL DEPARTURE LAST
                VALUE   (LST)  VALUE       VALUE  FROM      YEAR
                                                  NORMAL
..................................................................
TEMPERATURE (F)
 YESTERDAY
  MAXIMUM         75    306 PM  79    1965  56     19       59
  MINIMUM         45   1018 PM   3    1957  29     16       34
  AVERAGE         60                        43     17       47

PRECIPITATION (IN)
  YESTERDAY        0.00          0.65 2004   0.02  -0.02     0.00
                                      1940
  MONTH TO DATE    T                         0.66  -0.66     1.10
  SINCE SEP 1      5.60                      4.24   1.36     2.05
  SINCE JAN 1     26.48                     19.51   6.97    16.93

SNOWFALL (IN)
  YESTERDAY        0.0           1.1  2013   0.1   -0.1      0.0
  MONTH TO DATE    T                         1.7   -1.7      0.0
  SINCE SEP 1      T                         1.9   -1.9      0.0
  SINCE JUL 1      T                         1.9   -1.9       T
  SNOW DEPTH       0

DEGREE DAYS
 HEATING
  YESTERDAY        5                        22    -17       18
  MONTH TO DATE  272                       396   -124      244
  SINCE SEP 1    540                       675   -135      330
  SINCE JUL 1    540                       676   -136      330

 COOLING
  YESTERDAY        0                         0      0        0
  MONTH TO DATE    8                         0      8        3
  SINCE SEP 1    240                       206     34      320
  SINCE JAN 1   1487                      1398     89     1694
..................................................................


WIND (MPH)
  RESULTANT WIND SPEED   6   RESULTANT WIND DIRECTION   W (290)
  HIGHEST WIND SPEED    16   HIGHEST WIND DIRECTION    NW (310)
  HIGHEST GUST SPEED    21   HIGHEST GUST DIRECTION    NW (320)
  AVERAGE WIND SPEED     8.7


SKY COVER
  AVERAGE SKY COVER 0.0


WEATHER CONDITIONS
 THE FOLLOWING WEATHER WAS RECORDED YESTERDAY.
  NO SIGNIFICANT WEATHER WAS OBSERVED.


RELATIVE HUMIDITY (PERCENT)
 HIGHEST    65          1000 PM
 LOWEST     27           200 PM
 AVERAGE    46

..........................................................


THE AMARILLO CLIMATE NORMALS FOR TODAY
                         NORMAL    RECORD    YEAR
 MAXIMUM TEMPERATURE (F)   56        78      1981
 MINIMUM TEMPERATURE (F)   29        11      2003
                                             1950


SUNRISE AND SUNSET
NOVEMBER 24 2017......SUNRISE   731 AM CST   SUNSET   536 PM CST
NOVEMBER 25 2017......SUNRISE   732 AM CST   SUNSET   536 PM CST


-  INDICATES NEGATIVE NUMBERS.
R  INDICATES RECORD WAS SET OR TIED.
MM INDICATES DATA IS MISSING.
T  INDICATES TRACE AMOUNT.




$$
