000
CDUS44 KAMA 282129
CLIAMA


CLIMATE REPORT
NATIONAL WEATHER SERVICE AMARILLO TX
427 PM CDT SUN MAY 28 2017


...................................

...THE AMARILLO CLIMATE SUMMARY FOR MAY 28 2017...
VALID TODAY AS OF 0400 PM LOCAL TIME.

CLIMATE NORMAL PERIOD 1981 TO 2010
CLIMATE RECORD PERIOD 1892 TO 2017


WEATHER ITEM   OBSERVED TIME   RECORD YEAR NORMAL DEPARTURE LAST
                VALUE   (LST)  VALUE       VALUE  FROM      YEAR
                                                  NORMAL
..................................................................
TEMPERATURE (F)
 TODAY
  MAXIMUM         77    259 PM 100    2011  83     -6       83
  MINIMUM         50    608 AM  39    1992  56     -6       47
  AVERAGE         64                        69     -5       65

PRECIPITATION (IN)
  TODAY            0.00          1.64 1911   0.10  -0.10     0.00
  MONTH TO DATE    1.14                      1.97  -0.83     0.81
  SINCE MAR 1      4.46                      4.76  -0.30     4.41
  SINCE JAN 1      8.14                      6.04   2.10     5.10

SNOWFALL (IN)
  TODAY            0.0           T    2013   0.0    0.0      0.0
                                      1949
  MONTH TO DATE    0.0                       0.2   -0.2       T
  SINCE MAR 1      2.0                       3.8   -1.8      1.3
  SINCE JUL 1     10.0                      17.8   -7.8     13.4
  SNOW DEPTH       0

DEGREE DAYS
 HEATING
  TODAY            1                         1      0        0
  MONTH TO DATE   94                        80     14      126
  SINCE MAR 1    679                       891   -212      720
  SINCE JUL 1   3237                      4168   -931     3461

 COOLING
  TODAY            0                         5     -5        0
  MONTH TO DATE   66                        86    -20       71
  SINCE MAR 1    115                       107      8       81
  SINCE JAN 1    120                       107     13       82
..................................................................


WIND (MPH)
  RESULTANT WIND SPEED  13   RESULTANT WIND DIRECTION   N (360)
  HIGHEST WIND SPEED    21   HIGHEST WIND DIRECTION     N (20)
  HIGHEST GUST SPEED    27   HIGHEST GUST DIRECTION     N (10)
  AVERAGE WIND SPEED    13.7


SKY COVER
  AVERAGE SKY COVER 0.0


WEATHER CONDITIONS
 THE FOLLOWING WEATHER WAS RECORDED TODAY.
  NO SIGNIFICANT WEATHER WAS OBSERVED.


RELATIVE HUMIDITY (PERCENT)
 HIGHEST    83          1200 AM
 LOWEST     25           100 PM
 AVERAGE    54

..........................................................


THE AMARILLO CLIMATE NORMALS FOR TOMORROW
                         NORMAL    RECORD    YEAR
 MAXIMUM TEMPERATURE (F)   83       104      2011
 MINIMUM TEMPERATURE (F)   56        36      1947


SUNRISE AND SUNSET
MAY 28 2017...........SUNRISE   635 AM CDT   SUNSET   854 PM CDT
MAY 29 2017...........SUNRISE   634 AM CDT   SUNSET   854 PM CDT


-  INDICATES NEGATIVE NUMBERS.
R  INDICATES RECORD WAS SET OR TIED.
MM INDICATES DATA IS MISSING.
T  INDICATES TRACE AMOUNT.




$$
