000
CDUS44 KAMA 241532
CLIAMA


CLIMATE REPORT
NATIONAL WEATHER SERVICE AMARILLO TX
930 AM CST FRI FEB 24 2017


...................................

...THE AMARILLO CLIMATE SUMMARY FOR FEBRUARY 24 2017...
VALID AS OF 0900 AM LOCAL TIME.

CLIMATE NORMAL PERIOD 1981 TO 2010
CLIMATE RECORD PERIOD 1892 TO 2017


WEATHER ITEM   OBSERVED TIME   RECORD YEAR NORMAL DEPARTURE LAST
                VALUE   (LST)  VALUE       VALUE  FROM      YEAR
                                                  NORMAL
..................................................................
TEMPERATURE (F)
 TODAY
  MINIMUM         24    729 AM   3    1965  28     -4       24

PRECIPITATION (IN)
  TODAY            0.00          0.78 1938   0.02  -0.02     0.00
  MONTH TO DATE    0.51                      0.48   0.03     0.50
  SINCE DEC 1      3.95                      1.91   2.04     1.47
  SINCE JAN 1      3.68                      1.20   2.48     0.69

SNOWFALL (IN)
  TODAY            0.0           7.8  1938   0.1   -0.1      0.0
  MONTH TO DATE    1.1                       2.7   -1.6      3.2
  SINCE DEC 1      8.0                      11.1   -3.1     10.8
  SINCE JUL 1      8.0                      13.8   -5.8     12.1
  SNOW DEPTH       0

..................................................................


WIND (MPH)
  RESULTANT WIND SPEED  17   RESULTANT WIND DIRECTION   N (350)
  HIGHEST WIND SPEED    26   HIGHEST WIND DIRECTION     N (350)
  HIGHEST GUST SPEED    32   HIGHEST GUST DIRECTION     N (360)
  AVERAGE WIND SPEED    17.4


SKY COVER
  AVERAGE SKY COVER 0.3


WEATHER CONDITIONS
 THE FOLLOWING WEATHER WAS RECORDED TODAY.
  NO SIGNIFICANT WEATHER WAS OBSERVED.


RELATIVE HUMIDITY (PERCENT)
 HIGHEST    89          1200 AM
 LOWEST     75           800 AM
 AVERAGE    82

..........................................................


THE AMARILLO CLIMATE NORMALS FOR TOMORROW
                         NORMAL    RECORD    YEAR
 MAXIMUM TEMPERATURE (F)   57        84      1904
 MINIMUM TEMPERATURE (F)   29         2      1960


SUNRISE AND SUNSET
FEBRUARY 24 2017......SUNRISE   722 AM CST   SUNSET   638 PM CST
FEBRUARY 25 2017......SUNRISE   721 AM CST   SUNSET   639 PM CST


-  INDICATES NEGATIVE NUMBERS.
R  INDICATES RECORD WAS SET OR TIED.
MM INDICATES DATA IS MISSING.
T  INDICATES TRACE AMOUNT.




$$
