000
CDUS44 KAMA 222135
CLIAMA


CLIMATE REPORT
NATIONAL WEATHER SERVICE AMARILLO TX
434 PM CDT WED MAR 22 2017


...................................

...THE AMARILLO CLIMATE SUMMARY FOR MARCH 22 2017...
VALID TODAY AS OF 0400 PM LOCAL TIME.

CLIMATE NORMAL PERIOD 1981 TO 2010
CLIMATE RECORD PERIOD 1892 TO 2017


WEATHER ITEM   OBSERVED TIME   RECORD YEAR NORMAL DEPARTURE LAST
                VALUE   (LST)  VALUE       VALUE  FROM      YEAR
                                                  NORMAL
..................................................................
TEMPERATURE (F)
 TODAY
  MAXIMUM         70    334 PM  87    1907  64      6       85
  MINIMUM         37    702 AM  12    1955  35      2       49
  AVERAGE         54                        50      4       67

PRECIPITATION (IN)
  TODAY            0.00          1.84 2000   0.05  -0.05     0.00
  MONTH TO DATE    T                         0.94  -0.94     0.02
  SINCE MAR 1      T                         0.94  -0.94     0.02
  SINCE JAN 1      3.68                      2.22   1.46     0.71

SNOWFALL (IN)
  TODAY            0.0           4.3  1924   0.1   -0.1      0.0
  MONTH TO DATE    0.0                       2.1   -2.1      0.0
  SINCE MAR 1      0.0                       2.1   -2.1      0.0
  SINCE JUL 1      8.0                      16.1   -8.1     12.1
  SNOW DEPTH       0

DEGREE DAYS
 HEATING
  TODAY           11                        16     -5        0
  MONTH TO DATE  243                       404   -161      258
  SINCE MAR 1    243                       404   -161      258
  SINCE JUL 1   2801                      3681   -880     2999

 COOLING
  TODAY            0                         0      0        2
  MONTH TO DATE   10                         0     10        2
  SINCE MAR 1     10                         0     10        2
  SINCE JAN 1     15                         0     15        3
..................................................................


WIND (MPH)
  RESULTANT WIND SPEED   7   RESULTANT WIND DIRECTION   E (80)
  HIGHEST WIND SPEED    20   HIGHEST WIND DIRECTION     E (70)
  HIGHEST GUST SPEED    22   HIGHEST GUST DIRECTION     E (80)
  AVERAGE WIND SPEED     9.8


SKY COVER
  AVERAGE SKY COVER 0.5


WEATHER CONDITIONS
 THE FOLLOWING WEATHER WAS RECORDED TODAY.
  FOG


RELATIVE HUMIDITY (PERCENT)
 HIGHEST    92           600 AM
 LOWEST     52           200 PM
 AVERAGE    72

..........................................................


THE AMARILLO CLIMATE NORMALS FOR TOMORROW
                         NORMAL    RECORD    YEAR
 MAXIMUM TEMPERATURE (F)   65        83      2002
                                             1910
 MINIMUM TEMPERATURE (F)   35        11      1898


SUNRISE AND SUNSET
MARCH 22 2017.........SUNRISE   747 AM CDT   SUNSET   800 PM CDT
MARCH 23 2017.........SUNRISE   746 AM CDT   SUNSET   801 PM CDT


-  INDICATES NEGATIVE NUMBERS.
R  INDICATES RECORD WAS SET OR TIED.
MM INDICATES DATA IS MISSING.
T  INDICATES TRACE AMOUNT.




$$
