000
CDUS42 KJAX 270531
CLIAMG


CLIMATE REPORT
NATIONAL WEATHER SERVICE JACKSONVILLE FL
1231 AM EST SAT DEC 27 2014


...................................

...THE ALMA CLIMATE SUMMARY FOR DECEMBER 26 2014...

CLIMATE NORMAL PERIOD 1981 TO 2010
CLIMATE RECORD PERIOD 1948 TO 2014


WEATHER ITEM   OBSERVED TIME   RECORD YEAR NORMAL DEPARTURE LAST
                VALUE   (LST)  VALUE       VALUE  FROM      YEAR
                                                  NORMAL
..................................................................
TEMPERATURE (F)
 YESTERDAY
  MAXIMUM         64    224 PM  79    1987  62      2       50
  MINIMUM         34    728 AM  11    1983  40     -6       44
  AVERAGE         49                        51     -2       47

PRECIPITATION (IN)
  YESTERDAY        0.00          1.69 2004   0.12  -0.12      T
  MONTH TO DATE    4.27                      2.72   1.55     1.96
  SINCE DEC 1      4.27                      2.72   1.55     1.96
  SINCE JAN 1     42.12                     46.08  -3.96    51.60

SNOWFALL (IN)
  YESTERDAY        0.0           0.0    MM   0.0    0.0      0.0
  MONTH TO DATE    0.0                       0.1   -0.1      0.0
  SINCE DEC 1      0.0                       0.1   -0.1      0.0
  SINCE JUL 1      0.0                       0.1   -0.1      0.0
  SNOW DEPTH       0

DEGREE DAYS
 HEATING
  YESTERDAY       16                        14      2       18
  MONTH TO DATE  283                       321    -38      230
  SINCE DEC 1    283                       321    -38      230
  SINCE JUL 1    681                       565    116      505

 COOLING
  YESTERDAY        0                         0      0        0
  MONTH TO DATE    0                         7     -7       30
  SINCE DEC 1      0                         7     -7       30
  SINCE JAN 1   2439                      2472    -33     2350
..................................................................


WIND (MPH)
  HIGHEST WIND SPEED     7   HIGHEST WIND DIRECTION    NE (50)
  HIGHEST GUST SPEED    12   HIGHEST GUST DIRECTION     E (100)
  AVERAGE WIND SPEED     1.3


SKY COVER
  POSSIBLE SUNSHINE  MM
  AVERAGE SKY COVER 0.0


WEATHER CONDITIONS
 THE FOLLOWING WEATHER WAS RECORDED YESTERDAY.
  FOG


RELATIVE HUMIDITY (PERCENT)
 HIGHEST   100          1200 AM
 LOWEST     43           200 PM
 AVERAGE    72

..........................................................


THE ALMA CLIMATE NORMALS FOR TODAY
                         NORMAL    RECORD    YEAR
 MAXIMUM TEMPERATURE (F)   61        80      1987
 MINIMUM TEMPERATURE (F)   40        21      2001


SUNRISE AND SUNSET
DECEMBER 27 2014......SUNRISE   728 AM EST   SUNSET   534 PM EST
DECEMBER 28 2014......SUNRISE   728 AM EST   SUNSET   535 PM EST


-  INDICATES NEGATIVE NUMBERS.
R  INDICATES RECORD WAS SET OR TIED.
MM INDICATES DATA IS MISSING.
T  INDICATES TRACE AMOUNT.




$$
