000
CDUS42 KJAX 250537
CLIAMG


CLIMATE REPORT
NATIONAL WEATHER SERVICE JACKSONVILLE FL
136 AM EDT MON MAY 25 2015


...................................

...THE ALMA CLIMATE SUMMARY FOR MAY 24 2015...

CLIMATE NORMAL PERIOD 1981 TO 2010
CLIMATE RECORD PERIOD 1948 TO 2015


WEATHER ITEM   OBSERVED TIME   RECORD YEAR NORMAL DEPARTURE LAST
                VALUE   (LST)  VALUE       VALUE  FROM      YEAR
                                                  NORMAL
..................................................................
TEMPERATURE (F)
 YESTERDAY
  MAXIMUM         87        MM  99    1960  87      0       91
  MINIMUM         64        MM  47    1954  64      0       67
  AVERAGE         76                        76      0       79

PRECIPITATION (IN)
  YESTERDAY        0.00          1.89 2009   0.10  -0.10     0.00
  MONTH TO DATE    0.61                      1.74  -1.13     2.10
  SINCE MAR 1      6.77                      9.30  -2.53    12.98
  SINCE JAN 1     12.60                     17.36  -4.76    16.50

SNOWFALL (IN)
  YESTERDAY        0.0           0.0    MM   0.0    0.0      0.0
  MONTH TO DATE    0.0                       0.0    0.0      0.0
  SINCE MAR 1      0.0                       0.0    0.0      0.0
  SINCE JUL 1      0.0                       0.1   -0.1       T
  SNOW DEPTH       0

DEGREE DAYS
 HEATING
  YESTERDAY        0                         0      0        0
  MONTH TO DATE    4                         3      1        3
  SINCE MAR 1    145                       255   -110      340
  SINCE JUL 1   1820                      1656    164     1807

 COOLING
  YESTERDAY       11                        11      0       14
  MONTH TO DATE  212                       193     19      190
  SINCE MAR 1    436                       331    105      284
  SINCE JAN 1    439                       347     92      292
..................................................................


WIND (MPH)
  HIGHEST WIND SPEED    13   HIGHEST WIND DIRECTION     E (100)
  HIGHEST GUST SPEED    21   HIGHEST GUST DIRECTION     E (100)
  AVERAGE WIND SPEED     6.3


SKY COVER
  POSSIBLE SUNSHINE  MM
  AVERAGE SKY COVER 0.3


WEATHER CONDITIONS
 THE FOLLOWING WEATHER WAS RECORDED YESTERDAY.
  FOG


RELATIVE HUMIDITY (PERCENT)
 HIGHEST    93           500 AM
 LOWEST     43           200 PM
 AVERAGE    68

..........................................................


THE ALMA CLIMATE NORMALS FOR TODAY
                         NORMAL    RECORD    YEAR
 MAXIMUM TEMPERATURE (F)   88        99      1962
 MINIMUM TEMPERATURE (F)   65        48      1954


SUNRISE AND SUNSET
MAY 25 2015...........SUNRISE   628 AM EDT   SUNSET   826 PM EDT
MAY 26 2015...........SUNRISE   628 AM EDT   SUNSET   826 PM EDT


-  INDICATES NEGATIVE NUMBERS.
R  INDICATES RECORD WAS SET OR TIED.
MM INDICATES DATA IS MISSING.
T  INDICATES TRACE AMOUNT.




$$
