000
CDUS42 KJAX 100531
CLIAMG


CLIMATE REPORT
NATIONAL WEATHER SERVICE JACKSONVILLE FL
1230 AM EST WED FEB 10 2016


...................................

...THE ALMA CLIMATE SUMMARY FOR FEBRUARY 9 2016...

CLIMATE NORMAL PERIOD 1981 TO 2010
CLIMATE RECORD PERIOD 1948 TO 2016


WEATHER ITEM   OBSERVED TIME   RECORD YEAR NORMAL DEPARTURE LAST
                VALUE   (LST)  VALUE       VALUE  FROM      YEAR
                                                  NORMAL
..................................................................
TEMPERATURE (F)
 YESTERDAY
  MAXIMUM         50    407 PM  83    1957  64    -14       70
  MINIMUM         33   1159 PM  21    1995  42     -9       41
  AVERAGE         42                        53    -11       56

PRECIPITATION (IN)
  YESTERDAY        0.00          2.06 1973   0.13  -0.13     0.39
  MONTH TO DATE    3.36                      1.22   2.14     1.05
  SINCE DEC 1      9.92                      8.77   1.15     7.68
  SINCE JAN 1      7.95                      5.48   2.47     3.26

SNOWFALL (IN)
  YESTERDAY        0.0           0.0    MM   0.0    0.0      0.0
  MONTH TO DATE    0.0                       0.0    0.0      0.0
  SINCE DEC 1      0.0                       0.1   -0.1      0.0
  SINCE JUL 1      0.0                       0.1   -0.1      0.0
  SNOW DEPTH       0

DEGREE DAYS
 HEATING
  YESTERDAY       23                        12     11        9
  MONTH TO DATE  112                       114     -2      139
  SINCE DEC 1    753                       959   -206      939
  SINCE JUL 1    871                      1203   -332     1337

 COOLING
  YESTERDAY        0                         0      0        0
  MONTH TO DATE    9                         0      9        0
  SINCE DEC 1    106                        16     90        4
  SINCE JAN 1      9                         5      4        3
..................................................................


WIND (MPH)
  HIGHEST WIND SPEED    25   HIGHEST WIND DIRECTION     W (270)
  HIGHEST GUST SPEED    36   HIGHEST GUST DIRECTION    SW (240)
  AVERAGE WIND SPEED    10.7


SKY COVER
  POSSIBLE SUNSHINE  MM
  AVERAGE SKY COVER 0.3


WEATHER CONDITIONS
 THE FOLLOWING WEATHER WAS RECORDED YESTERDAY.
  NO SIGNIFICANT WEATHER WAS OBSERVED.


RELATIVE HUMIDITY (PERCENT)
 HIGHEST    70          1200 AM
 LOWEST     31           500 PM
 AVERAGE    51

..........................................................


THE ALMA CLIMATE NORMALS FOR TODAY
                         NORMAL    RECORD    YEAR
 MAXIMUM TEMPERATURE (F)   65        82      1994
 MINIMUM TEMPERATURE (F)   42        21      1971


SUNRISE AND SUNSET
FEBRUARY 10 2016......SUNRISE   716 AM EST   SUNSET   612 PM EST
FEBRUARY 11 2016......SUNRISE   716 AM EST   SUNSET   613 PM EST


-  INDICATES NEGATIVE NUMBERS.
R  INDICATES RECORD WAS SET OR TIED.
MM INDICATES DATA IS MISSING.
T  INDICATES TRACE AMOUNT.




$$
