000
CDUS42 KJAX 210627
CLIAMG


CLIMATE REPORT
NATIONAL WEATHER SERVICE JACKSONVILLE FL
125 AM EST TUE NOV 21 2017


...................................

...THE ALMA CLIMATE SUMMARY FOR NOVEMBER 20 2017...

CLIMATE NORMAL PERIOD 1981 TO 2010
CLIMATE RECORD PERIOD 1948 TO 2017


WEATHER ITEM   OBSERVED TIME   RECORD YEAR NORMAL DEPARTURE LAST
                VALUE   (LST)  VALUE       VALUE  FROM      YEAR
                                                  NORMAL
..................................................................
TEMPERATURE (F)
 YESTERDAY
  MAXIMUM         68    314 PM  82    2011  70     -2       64
                                      1950
  MINIMUM         34    614 AM  23    2014  47    -13       34
  AVERAGE         51                        59     -8       49

PRECIPITATION (IN)
  YESTERDAY        0.00          0.98 1983   0.09  -0.09     0.00
  MONTH TO DATE    0.68                      1.62  -0.94     0.00
  SINCE SEP 1     10.36                      8.29   2.07     7.49
  SINCE JAN 1     38.76                     42.50  -3.74    39.49

SNOWFALL (IN)
  YESTERDAY        0.0           0.0    MM   0.0    0.0      0.0
  MONTH TO DATE    0.0                       0.0    0.0      0.0
  SINCE SEP 1      0.0                       0.0    0.0      0.0
  SINCE JUL 1      0.0                       0.0    0.0      0.0
  SNOW DEPTH       0

DEGREE DAYS
 HEATING
  YESTERDAY       14                         7      7       16
  MONTH TO DATE  104                       108     -4      111
  SINCE SEP 1    155                       158     -3      127
  SINCE JUL 1    155                       158     -3      127

 COOLING
  YESTERDAY        0                         1     -1        0
  MONTH TO DATE   32                        32      0       22
  SINCE SEP 1    682                       550    132      603
  SINCE JAN 1   2853                      2457    396     2684
..................................................................


WIND (MPH)
  HIGHEST WIND SPEED    10   HIGHEST WIND DIRECTION     E (100)
  HIGHEST GUST SPEED    16   HIGHEST GUST DIRECTION     E (90)
  AVERAGE WIND SPEED     3.9


SKY COVER
  POSSIBLE SUNSHINE  MM
  AVERAGE SKY COVER 0.2


WEATHER CONDITIONS
 THE FOLLOWING WEATHER WAS RECORDED YESTERDAY.
  NO SIGNIFICANT WEATHER WAS OBSERVED.


RELATIVE HUMIDITY (PERCENT)
 HIGHEST    92          1200 AM
 LOWEST     39          1200 PM
 AVERAGE    66

..........................................................


THE ALMA CLIMATE NORMALS FOR TODAY
                         NORMAL    RECORD    YEAR
 MAXIMUM TEMPERATURE (F)   70        83      2011
 MINIMUM TEMPERATURE (F)   47        26      1968


SUNRISE AND SUNSET
NOVEMBER 21 2017......SUNRISE   703 AM EST   SUNSET   528 PM EST
NOVEMBER 22 2017......SUNRISE   704 AM EST   SUNSET   528 PM EST


-  INDICATES NEGATIVE NUMBERS.
R  INDICATES RECORD WAS SET OR TIED.
MM INDICATES DATA IS MISSING.
T  INDICATES TRACE AMOUNT.




$$
