000
CDUS42 KJAX 280526
CLIAMG


CLIMATE REPORT
NATIONAL WEATHER SERVICE JACKSONVILLE FL
126 AM EDT WED JUN 28 2017


...................................

...THE ALMA CLIMATE SUMMARY FOR JUNE 27 2017...

CLIMATE NORMAL PERIOD 1981 TO 2010
CLIMATE RECORD PERIOD 1948 TO 2017


WEATHER ITEM   OBSERVED TIME   RECORD YEAR NORMAL DEPARTURE LAST
                VALUE   (LST)  VALUE       VALUE  FROM      YEAR
                                                  NORMAL
..................................................................
TEMPERATURE (F)
 YESTERDAY
  MAXIMUM         89    453 PM 103    1952  92     -3       93
  MINIMUM         70   1159 PM  63    2012  71     -1       71
  AVERAGE         80                        81     -1       82

PRECIPITATION (IN)
  YESTERDAY        0.06          1.82 1998   0.19  -0.13     0.00
  MONTH TO DATE    3.07                      4.85  -1.78     4.20
  SINCE JUN 1      3.07                      4.85  -1.78     4.20
  SINCE JAN 1     17.72                     22.94  -5.22    22.98

SNOWFALL (IN)
  YESTERDAY        0.0           0.0    MM   0.0    0.0      0.0
  MONTH TO DATE    0.0                       0.0    0.0      0.0
  SINCE JUN 1      0.0                       0.0    0.0      0.0
  SINCE JUL 1      0.0                       0.1   -0.1      0.0
  SNOW DEPTH       0

DEGREE DAYS
 HEATING
  YESTERDAY        0                         0      0        0
  MONTH TO DATE    0                         0      0        0
  SINCE JUN 1      0                         0      0        0
  SINCE JUL 1   1083                      1659   -576     1274

 COOLING
  YESTERDAY       15                        16     -1       17
  MONTH TO DATE  398                       394      4      426
  SINCE JUN 1    398                       394      4      426
  SINCE JAN 1    997                       824    173      877
..................................................................


WIND (MPH)
  HIGHEST WIND SPEED    14   HIGHEST WIND DIRECTION     E (110)
  HIGHEST GUST SPEED    19   HIGHEST GUST DIRECTION     N (350)
  AVERAGE WIND SPEED     2.4


SKY COVER
  POSSIBLE SUNSHINE  MM
  AVERAGE SKY COVER 0.5


WEATHER CONDITIONS
 THE FOLLOWING WEATHER WAS RECORDED YESTERDAY.
  THUNDERSTORM
  HEAVY RAIN
  LIGHT RAIN
  FOG
  FOG W/VISIBILITY <= 1/4 MILE


RELATIVE HUMIDITY (PERCENT)
 HIGHEST   100           600 AM
 LOWEST     50           500 PM
 AVERAGE    75

..........................................................


THE ALMA CLIMATE NORMALS FOR TODAY
                         NORMAL    RECORD    YEAR
 MAXIMUM TEMPERATURE (F)   92       103      1978
 MINIMUM TEMPERATURE (F)   71        59      1968


SUNRISE AND SUNSET
JUNE 28 2017..........SUNRISE   628 AM EDT   SUNSET   839 PM EDT
JUNE 29 2017..........SUNRISE   628 AM EDT   SUNSET   839 PM EDT


-  INDICATES NEGATIVE NUMBERS.
R  INDICATES RECORD WAS SET OR TIED.
MM INDICATES DATA IS MISSING.
T  INDICATES TRACE AMOUNT.




$$
