000
CDUS42 KJAX 092231
CLIAMG


CLIMATE REPORT
NATIONAL WEATHER SERVICE JACKSONVILLE FL
530 PM EST FRI DEC 9 2016


...................................

...THE ALMA CLIMATE SUMMARY FOR DECEMBER 9 2016...
VALID TODAY AS OF 0500 PM LOCAL TIME.

CLIMATE NORMAL PERIOD 1981 TO 2010
CLIMATE RECORD PERIOD 1948 TO 2016


WEATHER ITEM   OBSERVED TIME   RECORD YEAR NORMAL DEPARTURE LAST
                VALUE   (LST)  VALUE       VALUE  FROM      YEAR
                                                  NORMAL
..................................................................
TEMPERATURE (F)
 TODAY
  MAXIMUM         53    347 PM  81    1978  65    -12       70
  MINIMUM         37    818 AM  23    2006  43     -6       42
  AVERAGE         45                        54     -9       56

PRECIPITATION (IN)
  TODAY            0.00          1.06 2009   0.10  -0.10     0.00
  MONTH TO DATE    3.77                      0.87   2.90     0.37
  SINCE DEC 1      3.77                      0.87   2.90     0.37
  SINCE JAN 1     43.54                     44.23  -0.69    40.01

SNOWFALL (IN)
  TODAY            0.0           0.0    MM   0.0    0.0      0.0
  MONTH TO DATE    0.0                       0.0    0.0      0.0
  SINCE DEC 1      0.0                       0.0    0.0      0.0
  SINCE JUL 1      0.0                       0.0    0.0      0.0
  SNOW DEPTH       0

DEGREE DAYS
 HEATING
  TODAY           20                        12      8        9
  MONTH TO DATE   80                        97    -17       64
  SINCE DEC 1     80                        97    -17       64
  SINCE JUL 1    268                       341    -73      182

 COOLING
  TODAY            0                         0      0        0
  MONTH TO DATE    4                         7     -3        0
  SINCE DEC 1      4                         7     -3        0
  SINCE JAN 1   2704                      2472    232     2705
..................................................................


WIND (MPH)
  HIGHEST WIND SPEED    13   HIGHEST WIND DIRECTION     N (340)
  HIGHEST GUST SPEED    17   HIGHEST GUST DIRECTION     N (360)
  AVERAGE WIND SPEED     7.2


SKY COVER
  POSSIBLE SUNSHINE  MM
  AVERAGE SKY COVER 0.0


WEATHER CONDITIONS
 THE FOLLOWING WEATHER WAS RECORDED TODAY.
  NO SIGNIFICANT WEATHER WAS OBSERVED.


RELATIVE HUMIDITY (PERCENT)
 HIGHEST    59           700 AM
 LOWEST     26           300 PM
 AVERAGE    43

..........................................................


THE ALMA CLIMATE NORMALS FOR TOMORROW
                         NORMAL    RECORD    YEAR
 MAXIMUM TEMPERATURE (F)   64        82      1972
 MINIMUM TEMPERATURE (F)   43        23      1968


SUNRISE AND SUNSET
DECEMBER  9 2016......SUNRISE   718 AM EST   SUNSET   527 PM EST
DECEMBER 10 2016......SUNRISE   719 AM EST   SUNSET   527 PM EST


-  INDICATES NEGATIVE NUMBERS.
R  INDICATES RECORD WAS SET OR TIED.
MM INDICATES DATA IS MISSING.
T  INDICATES TRACE AMOUNT.




$$
