993
CDUS44 KBMX 200841
CLIANB


CLIMATE REPORT
NATIONAL WEATHER SERVICE BIRMINGHAM, AL
240 AM CST TUE FEB 20 2018


...................................

...THE ANNISTON CLIMATE SUMMARY FOR FEBRUARY 19 2018...

CLIMATE NORMAL PERIOD 1981 TO 2010
CLIMATE RECORD PERIOD 1903 TO 2018


WEATHER ITEM   OBSERVED TIME   RECORD YEAR NORMAL DEPARTURE LAST
                VALUE   (LST)  VALUE       VALUE  FROM      YEAR
                                                  NORMAL
..................................................................
TEMPERATURE (F)
 YESTERDAY
  MAXIMUM         78R   306 PM  76    2011  59     19       73
                                      1971
  MINIMUM         58    144 AM   9    1905  37     21       49
  AVERAGE         68                        48     20       61

PRECIPITATION (IN)
  YESTERDAY        0.00          2.92 1991   0.18  -0.18     0.00
  MONTH TO DATE    6.34                      3.39   2.95     1.98
  SINCE DEC 1     11.68                     12.03  -0.35    12.17
  SINCE JAN 1      8.23                      7.91   0.32     9.53

SNOWFALL (IN)
  YESTERDAY        0.0                       0.0             0.0
  MONTH TO DATE    0.0                       0.3             0.0
  SINCE DEC 1      0.0                       1.0             0.0
  SINCE JUL 1      0.0                       1.0             0.0

DEGREE DAYS
 HEATING
  YESTERDAY        0
  MONTH TO DATE  209
  SINCE DEC 1   1563
  SINCE JUL 1   2019
..................................................................


WIND (MPH)
  HIGHEST WIND SPEED    18   HIGHEST WIND DIRECTION     S (190)
  HIGHEST GUST SPEED    26   HIGHEST GUST DIRECTION     S (190)
  AVERAGE WIND SPEED     7.7


SKY COVER
  AVERAGE SKY COVER 0.7


WEATHER CONDITIONS
 THE FOLLOWING WEATHER WAS RECORDED YESTERDAY.
  NO SIGNIFICANT WEATHER WAS OBSERVED.


RELATIVE HUMIDITY (PERCENT)
 HIGHEST    97
 LOWEST     43
 AVERAGE    70

..........................................................


THE ANNISTON CLIMATE NORMALS FOR TODAY
                         NORMAL    RECORD    YEAR
 MAXIMUM TEMPERATURE (F)   59        78      1986
                                             1951
 MINIMUM TEMPERATURE (F)   37        16      1958


SUNRISE AND SUNSET
FEBRUARY 20 2018......SUNRISE   622 AM CST   SUNSET   532 PM CST
FEBRUARY 21 2018......SUNRISE   621 AM CST   SUNSET   533 PM CST


-  INDICATES NEGATIVE NUMBERS.
R  INDICATES RECORD WAS SET OR TIED.
MM INDICATES DATA IS MISSING.
T  INDICATES TRACE AMOUNT.




$$
