000
CDUS44 KBMX 070746
CLIANB


CLIMATE REPORT
NATIONAL WEATHER SERVICE BIRMINGHAM, AL
244 AM CDT TUE JUL 7 2015


...................................

...THE ANNISTON CLIMATE SUMMARY FOR JULY 6 2015...

CLIMATE NORMAL PERIOD 1981 TO 2010
CLIMATE RECORD PERIOD 1903 TO 2015


WEATHER ITEM   OBSERVED TIME   RECORD YEAR NORMAL DEPARTURE LAST
                VALUE   (LST)  VALUE       VALUE  FROM      YEAR
                                                  NORMAL
..................................................................
TEMPERATURE (F)
 YESTERDAY
  MAXIMUM         86    347 PM 101    1954  90     -4       88
  MINIMUM         72   1159 PM  55    1970  70      2       68
  AVERAGE         79                        80     -1       78

PRECIPITATION (IN)
  YESTERDAY        0.13          3.00 2013   0.14  -0.01     0.00
  MONTH TO DATE    3.14                      0.89   2.25     0.01
  SINCE JUN 1      5.77                      4.97   0.80     5.12
  SINCE JAN 1     30.29                     27.90   2.39    28.64

..................................................................


WIND (MPH)
  HIGHEST WIND SPEED    14   HIGHEST WIND DIRECTION    SW (230)
  HIGHEST GUST SPEED    18   HIGHEST GUST DIRECTION    SW (230)
  AVERAGE WIND SPEED     5.2


SKY COVER
  AVERAGE SKY COVER 0.4


WEATHER CONDITIONS
 THE FOLLOWING WEATHER WAS RECORDED YESTERDAY.
  HEAVY RAIN
  RAIN
  LIGHT RAIN
  FOG


RELATIVE HUMIDITY (PERCENT)
 HIGHEST    93
 LOWEST     58
 AVERAGE    76

..........................................................


THE ANNISTON CLIMATE NORMALS FOR TODAY
                         NORMAL    RECORD    YEAR
 MAXIMUM TEMPERATURE (F)   90       102      1977
 MINIMUM TEMPERATURE (F)   70        59      1970


SUNRISE AND SUNSET
JULY  7 2015..........SUNRISE   540 AM CDT   SUNSET   757 PM CDT
JULY  8 2015..........SUNRISE   540 AM CDT   SUNSET   757 PM CDT


-  INDICATES NEGATIVE NUMBERS.
R  INDICATES RECORD WAS SET OR TIED.
MM INDICATES DATA IS MISSING.
T  INDICATES TRACE AMOUNT.




$$
