000
CDUS44 KBMX 232212
CLIANB


CLIMATE REPORT
NATIONAL WEATHER SERVICE BIRMINGHAM, AL
412 PM CST SUN NOV 23 2014


...................................

...THE ANNISTON CLIMATE SUMMARY FOR NOVEMBER 23 2014...
VALID AS OF 0400 PM LOCAL TIME.

CLIMATE NORMAL PERIOD 1981 TO 2010
CLIMATE RECORD PERIOD 1903 TO 2014


WEATHER ITEM   OBSERVED TIME   RECORD YEAR NORMAL DEPARTURE LAST
                VALUE   (LST)  VALUE       VALUE  FROM      YEAR
                                                  NORMAL
..................................................................
TEMPERATURE (F)
 TODAY
  MAXIMUM         59    259 PM  78    1973  63     -4       62
  MINIMUM         53    439 AM  18    1956  40     13       39
  AVERAGE         56

PRECIPITATION (IN)
  TODAY            0.54          2.62 1983   0.16   0.38     0.00
  MONTH TO DATE    5.30                      3.43   1.87     1.09
  SINCE SEP 1     10.62                      9.48   1.14     6.68
  SINCE JAN 1     43.26                     44.40  -1.14    64.46

DEGREE DAYS
 HEATING
  TODAY            9
  MONTH TO DATE  407
  SINCE SEP 1    518
  SINCE JUL 1    518
..................................................................


WIND (MPH)
  HIGHEST WIND SPEED    17   HIGHEST WIND DIRECTION    NE (60)
  HIGHEST GUST SPEED    23   HIGHEST GUST DIRECTION    NE (60)
  AVERAGE WIND SPEED     9.6


SKY COVER
  AVERAGE SKY COVER 0.7


WEATHER CONDITIONS
 THE FOLLOWING WEATHER WAS RECORDED TODAY.
  HEAVY RAIN
  RAIN
  LIGHT RAIN
  FOG


RELATIVE HUMIDITY (PERCENT)
 HIGHEST    93
 LOWEST     86
 AVERAGE    90

..........................................................


THE ANNISTON CLIMATE NORMALS FOR TOMORROW
                         NORMAL    RECORD    YEAR
 MAXIMUM TEMPERATURE (F)   62        76      2001
 MINIMUM TEMPERATURE (F)   40        13      1950


SUNRISE AND SUNSET
NOVEMBER 23 2014......SUNRISE   622 AM CST   SUNSET   437 PM CST
NOVEMBER 24 2014......SUNRISE   623 AM CST   SUNSET   437 PM CST


-  INDICATES NEGATIVE NUMBERS.
R  INDICATES RECORD WAS SET OR TIED.
MM INDICATES DATA IS MISSING.
T  INDICATES TRACE AMOUNT.




$$
