000
CDUS44 KBMX 040749
CLIANB


CLIMATE REPORT
NATIONAL WEATHER SERVICE BIRMINGHAM, AL
148 AM CST WED MAR 4 2015


...................................

...THE ANNISTON CLIMATE SUMMARY FOR MARCH 3 2015...

CLIMATE NORMAL PERIOD 1981 TO 2010
CLIMATE RECORD PERIOD 1903 TO 2015


WEATHER ITEM   OBSERVED TIME   RECORD YEAR NORMAL DEPARTURE LAST
                VALUE   (LST)  VALUE       VALUE  FROM      YEAR
                                                  NORMAL
..................................................................
TEMPERATURE (F)
 YESTERDAY
  MAXIMUM         67   1132 PM  81    1983  63      4       64
                                      1951
  MINIMUM         51    538 AM  13    1980  40     11       31
  AVERAGE         59                        51      8       48

PRECIPITATION (IN)
  YESTERDAY        0.08          4.79 1979   0.17  -0.09     0.33
  MONTH TO DATE    0.37                      0.53  -0.16     0.33
  SINCE MAR 1      0.37                      0.53  -0.16     0.33
  SINCE JAN 1      8.53                     10.13  -1.60     7.49

SNOWFALL (IN)
  YESTERDAY        0.0                       0.1             0.0
  MONTH TO DATE    0.0                       0.1             0.0
  SINCE MAR 1      0.0                       0.1             0.0
  SINCE JUL 1      0.0                       1.2             2.3

DEGREE DAYS
 HEATING
  YESTERDAY        6
  MONTH TO DATE   33
  SINCE MAR 1     33
  SINCE JUL 1   2554
..................................................................


WIND (MPH)
  HIGHEST WIND SPEED    12   HIGHEST WIND DIRECTION     S (190)
  HIGHEST GUST SPEED    18   HIGHEST GUST DIRECTION     S (190)
  AVERAGE WIND SPEED     5.1


SKY COVER
  AVERAGE SKY COVER 0.9


WEATHER CONDITIONS
 THE FOLLOWING WEATHER WAS RECORDED YESTERDAY.
  LIGHT RAIN
  FOG
  FOG W/VISIBILITY <= 1/4 MILE


RELATIVE HUMIDITY (PERCENT)
 HIGHEST   100
 LOWEST     81
 AVERAGE    91

..........................................................


THE ANNISTON CLIMATE NORMALS FOR TODAY
                         NORMAL    RECORD    YEAR
 MAXIMUM TEMPERATURE (F)   63        85      1976
 MINIMUM TEMPERATURE (F)   40        19      2002


SUNRISE AND SUNSET
MARCH  4 2015.........SUNRISE   608 AM CST   SUNSET   542 PM CST
MARCH  5 2015.........SUNRISE   607 AM CST   SUNSET   543 PM CST


-  INDICATES NEGATIVE NUMBERS.
R  INDICATES RECORD WAS SET OR TIED.
MM INDICATES DATA IS MISSING.
T  INDICATES TRACE AMOUNT.




$$
