000
CDUS44 KBMX 270735
CLIANB


CLIMATE REPORT
NATIONAL WEATHER SERVICE BIRMINGHAM, AL
234 AM CDT WED JUL 27 2016


...................................

...THE ANNISTON CLIMATE SUMMARY FOR JULY 26 2016...

CLIMATE NORMAL PERIOD 1981 TO 2010
CLIMATE RECORD PERIOD 1903 TO 2016


WEATHER ITEM   OBSERVED TIME   RECORD YEAR NORMAL DEPARTURE LAST
                VALUE   (LST)  VALUE       VALUE  FROM      YEAR
                                                  NORMAL
..................................................................
TEMPERATURE (F)
 YESTERDAY
  MAXIMUM         94    304 PM 100    1952  90      4       94
  MINIMUM         74    531 AM  56    1904  70      4       73
  AVERAGE         84                        80      4       84

PRECIPITATION (IN)
  YESTERDAY        0.00          1.28 1994   0.14  -0.14      T
  MONTH TO DATE    2.74                      3.90  -1.16     4.03
  SINCE JUN 1      4.30                      7.98  -3.68     6.66
  SINCE JAN 1     24.02                     30.91  -6.89    31.18

..................................................................


WIND (MPH)
  HIGHEST WIND SPEED    13   HIGHEST WIND DIRECTION     S (200)
  HIGHEST GUST SPEED    17   HIGHEST GUST DIRECTION     S (160)
  AVERAGE WIND SPEED     3.9


SKY COVER
  AVERAGE SKY COVER 0.2


WEATHER CONDITIONS
 THE FOLLOWING WEATHER WAS RECORDED YESTERDAY.
  NO SIGNIFICANT WEATHER WAS OBSERVED.


RELATIVE HUMIDITY (PERCENT)
 HIGHEST    94
 LOWEST     41
 AVERAGE    68

..........................................................


THE ANNISTON CLIMATE NORMALS FOR TODAY
                         NORMAL    RECORD    YEAR
 MAXIMUM TEMPERATURE (F)   90       100      1993
                                             1952
 MINIMUM TEMPERATURE (F)   70        57      1905


SUNRISE AND SUNSET
JULY 27 2016..........SUNRISE   553 AM CDT   SUNSET   747 PM CDT
JULY 28 2016..........SUNRISE   553 AM CDT   SUNSET   746 PM CDT


-  INDICATES NEGATIVE NUMBERS.
R  INDICATES RECORD WAS SET OR TIED.
MM INDICATES DATA IS MISSING.
T  INDICATES TRACE AMOUNT.




$$
