000
CDUS44 KBMX 250950
CLIANB


CLIMATE REPORT
NATIONAL WEATHER SERVICE BIRMINGHAM, AL
449 AM CDT FRI JUL 25 2014


...................................

...THE ANNISTON CLIMATE SUMMARY FOR JULY 24 2014...

CLIMATE NORMAL PERIOD 1981 TO 2010
CLIMATE RECORD PERIOD 1903 TO 2014


WEATHER ITEM   OBSERVED TIME   RECORD YEAR NORMAL DEPARTURE LAST
                VALUE   (LST)  VALUE       VALUE  FROM      YEAR
                                                  NORMAL
..................................................................
TEMPERATURE (F)
 YESTERDAY
  MAXIMUM         88    505 PM 104    1952  90     -2       86
  MINIMUM         69    120 AM  58    1904  70     -1       70
  AVERAGE         79                        80     -1       78

PRECIPITATION (IN)
  YESTERDAY        0.14          4.83 1950   0.15  -0.01     0.03
  MONTH TO DATE    0.47                      3.61  -3.14    10.65
  SINCE JUN 1      5.58                      7.69  -2.11    17.34
  SINCE JAN 1     29.10                     30.62  -1.52    50.27

..................................................................


WIND (MPH)
  HIGHEST WIND SPEED    17   HIGHEST WIND DIRECTION     W (290)
  HIGHEST GUST SPEED    24   HIGHEST GUST DIRECTION     W (270)
  AVERAGE WIND SPEED     5.0


SKY COVER
  AVERAGE SKY COVER 0.5


WEATHER CONDITIONS
 THE FOLLOWING WEATHER WAS RECORDED YESTERDAY.
  THUNDERSTORM
  LIGHT RAIN
  FOG
  HAZE


RELATIVE HUMIDITY (PERCENT)
 HIGHEST   100
 LOWEST     50
 AVERAGE    75

..........................................................


THE ANNISTON CLIMATE NORMALS FOR TODAY
                         NORMAL    RECORD    YEAR
 MAXIMUM TEMPERATURE (F)   90       104      1952
 MINIMUM TEMPERATURE (F)   70        58      1904


SUNRISE AND SUNSET
JULY 25 2014..........SUNRISE   551 AM CDT   SUNSET   749 PM CDT
JULY 26 2014..........SUNRISE   551 AM CDT   SUNSET   748 PM CDT


-  INDICATES NEGATIVE NUMBERS.
R  INDICATES RECORD WAS SET OR TIED.
MM INDICATES DATA IS MISSING.
T  INDICATES TRACE AMOUNT.




$$
