000
CDAK48 PAFC 012255
CLIANC


CLIMATE REPORT
NATIONAL WEATHER SERVICE ANCHORAGE, AK
155 PM AKST SUN FEB 1 2015


...................................

...THE ANCHORAGE AK CLIMATE SUMMARY FOR FEBRUARY 1 2015...
VALID TODAY AS OF 0100 PM LOCAL TIME.

CLIMATE NORMAL PERIOD 1981 TO 2010
CLIMATE RECORD PERIOD 1952 TO 2015


WEATHER ITEM   OBSERVED RECORD YEAR NORMAL DEPARTURE LAST
                VALUE   VALUE       VALUE  FROM      YEAR
                                           NORMAL
...........................................................
TEMPERATURE (F)
 TODAY
  MAXIMUM         24     46    2007  24      0       22
                               1981
  MINIMUM          5    -16    1993  12     -7       12
  AVERAGE         15                 18              17

PRECIPITATION (IN)
  TODAY            0.00   0.70 1980   0.03  -0.03     0.00
  MONTH TO DATE    0.00               0.03  -0.03     0.00
  SINCE DEC 1      1.04               1.87  -0.83     2.97
  SINCE JAN 1      0.36               0.76  -0.40     1.37

SNOWFALL (IN)
  TODAY            0.0   11.8  1980   0.4   -0.4      0.0
  MONTH TO DATE    0.0                0.4   -0.4      0.0
  SINCE DEC 1     13.4               28.4  -15.0     32.3
  SINCE JUL 1     19.4               49.8  -30.4     43.5
  SNOW DEPTH       7

DEGREE DAYS
 HEATING
  TODAY           50                 47      3       48
  MONTH TO DATE   50                 47      3       48
  SINCE DEC 1   2574               2958   -384     2693
  SINCE JUL 1   5289               6122   -833     5503

 COOLING
  TODAY            0                  0      0        0
  MONTH TO DATE    0                  0      0        0
  SINCE DEC 1      0                  0      0        0
  SINCE JAN 1      0                  0      0        0
...........................................................


WIND (MPH)
  RESULTANT WIND SPEED   3   RESULTANT WIND DIRECTION  SE (150)
  HIGHEST WIND SPEED     6   HIGHEST WIND DIRECTION     S (160)
  HIGHEST GUST SPEED    MM   HIGHEST GUST DIRECTION    MM
  AVERAGE WIND SPEED     2.9


SKY COVER
  POSSIBLE SUNSHINE  MM
  AVERAGE SKY COVER 0.2


WEATHER CONDITIONS
 THE FOLLOWING WEATHER WAS RECORDED TODAY.
  FOG
  FOG W/VISIBILITY <= 1/4 MILE


RELATIVE HUMIDITY (PERCENT)
 HIGHEST    83           300 AM
 LOWEST     62           100 PM
 AVERAGE    73

..........................................................


THE ANCHORAGE AK CLIMATE NORMALS FOR TOMORROW
                         NORMAL    RECORD    YEAR
 MAXIMUM TEMPERATURE (F)   24        47      2007
 MINIMUM TEMPERATURE (F)   12       -22      1993


SUNRISE AND SUNSET
FEBRUARY  1 2015......SUNRISE   920 AM AKST  SUNSET   508 PM AKST
FEBRUARY  2 2015......SUNRISE   918 AM AKST  SUNSET   511 PM AKST


-  INDICATES NEGATIVE NUMBERS.
R  INDICATES RECORD WAS SET OR TIED.
MM INDICATES DATA IS MISSING.
T  INDICATES TRACE AMOUNT.




$$
