000
CDAK48 PAFC 260934
CLIANC

CLIMATE REPORT
NATIONAL WEATHER SERVICE ANCHORAGE, AK
133 AM AKDT MON JUN 26 2017


...................................

...THE ANCHORAGE AK CLIMATE SUMMARY FOR JUNE 25 2017...

CLIMATE NORMAL PERIOD 1981 TO 2010
CLIMATE RECORD PERIOD 1952 TO 2017


WEATHER ITEM   OBSERVED TIME   RECORD YEAR NORMAL DEPARTURE LAST
                VALUE   (LST)  VALUE       VALUE  FROM      YEAR
                                                  NORMAL
..................................................................
TEMPERATURE (F)
 YESTERDAY
  MAXIMUM         67        MM  75    2015  64      3       67
  MINIMUM         52        MM  40    2009  50      2       55
  AVERAGE         60                        57      3       61

PRECIPITATION (IN)
  YESTERDAY        0.00          0.68 2014   0.03  -0.03
  MONTH TO DATE    0.66                      0.78  -0.12
  SINCE JUN 1      0.66                      0.78  -0.12
  SINCE JAN 1      5.49                      4.02   1.47

SNOWFALL (IN)
  YESTERDAY        0.0           0.0    MM   0.0    0.0      0.0
  MONTH TO DATE    0.0                       0.0    0.0      0.0
  SINCE JUN 1      0.0                       0.0    0.0      0.0
  SINCE JUL 1     82.4                      74.5    7.9     38.3
  SNOW DEPTH       0

DEGREE DAYS
 HEATING
  YESTERDAY        5                               -3
  MONTH TO DATE  242                              -13
  SINCE JUN 1    242                              -13
  SINCE JUL 1   9945                             -210

 COOLING
  YESTERDAY        0                                0
  MONTH TO DATE    0                                0
  SINCE JUN 1      0                                0
  SINCE JAN 1      0                                0
..................................................................


WIND (MPH)
  HIGHEST WIND SPEED    13   HIGHEST WIND DIRECTION     W (250)
  HIGHEST GUST SPEED    MM   HIGHEST GUST DIRECTION    MM
  AVERAGE WIND SPEED     7.0




RELATIVE HUMIDITY (PERCENT)
 HIGHEST    96
 LOWEST     52
 AVERAGE    74

..........................................................


THE ANCHORAGE AK CLIMATE NORMALS FOR TODAY
                         NORMAL    RECORD    YEAR
 MAXIMUM TEMPERATURE (F)   64        79      2004
 MINIMUM TEMPERATURE (F)   50        42      1954


SUNRISE AND SUNSET
JUNE 26 2017..........SUNRISE   424 AM AKDT  SUNSET  1142 PM AKDT
JUNE 27 2017..........SUNRISE   425 AM AKDT  SUNSET  1141 PM AKDT

CIVIL TWILIGHT
JUNE 26 2017            START     **.** GMT     END     **.** GMT
JUNE 27 2017            START     **.** GMT     END     **.** GMT



-  INDICATES NEGATIVE NUMBERS.
R  INDICATES RECORD WAS SET OR TIED.
MM INDICATES DATA IS MISSING.
T  INDICATES TRACE AMOUNT.




$$
&&
------------------------------------------------------
AMOUNT OF DAYLIGHT TODAY  (HOUR:MIN)........19:18
GAIN/LOSS SINCE YESTERDAY (HOUR:MIN:SEC)....-0:01:05
