000
CDAK48 PAFC 050007
CLIANC


CLIMATE REPORT
NATIONAL WEATHER SERVICE ANCHORAGE, AK
406 PM AKDT TUE AUG 4 2015


...................................

...THE ANCHORAGE AK CLIMATE SUMMARY FOR AUGUST 4 2015...
VALID TODAY AS OF 0400 PM LOCAL TIME.

CLIMATE NORMAL PERIOD 1981 TO 2010
CLIMATE RECORD PERIOD 1952 TO 2015


WEATHER ITEM   OBSERVED RECORD YEAR NORMAL DEPARTURE LAST
                VALUE   VALUE       VALUE  FROM      YEAR
                                           NORMAL
...........................................................
TEMPERATURE (F)
 TODAY
  MAXIMUM         76R    74    1997  65     11       63
  MINIMUM         57     43    1971  52      5       55
  AVERAGE         67                 59              59

PRECIPITATION (IN)
  TODAY            0.00   0.75 2010   0.09  -0.09     0.13
  MONTH TO DATE    0.00               0.34  -0.34     0.20
  SINCE JUN 1      3.27               3.14   0.13     6.76
  SINCE JAN 1      6.33               6.38  -0.05     9.99

SNOWFALL (IN)
  TODAY            0.0    0.0    MM   0.0    0.0      0.0
  MONTH TO DATE    0.0                0.0    0.0      0.0
  SINCE JUN 1      0.0                0.0    0.0      0.0
  SINCE JUL 1      0.0                0.0    0.0      0.0
  SNOW DEPTH       0

DEGREE DAYS
 HEATING
  TODAY            0                  6     -6        6
  MONTH TO DATE    0                 24    -24       16
  SINCE JUN 1    266                511   -245      498
  SINCE JUL 1     93                218   -125      170

 COOLING
  TODAY            2                  0      2        0
  MONTH TO DATE    6                  0      6        0
  SINCE JUN 1     32                  2     30        3
  SINCE JAN 1     32                  2     30        3
...........................................................


WIND (MPH)
  RESULTANT WIND SPEED   2   RESULTANT WIND DIRECTION  SW (220)
  HIGHEST WIND SPEED    12   HIGHEST WIND DIRECTION     S (200)
  HIGHEST GUST SPEED    MM   HIGHEST GUST DIRECTION    MM
  AVERAGE WIND SPEED     5.1


SKY COVER
  POSSIBLE SUNSHINE  MM
  AVERAGE SKY COVER 0.3


WEATHER CONDITIONS
 THE FOLLOWING WEATHER WAS RECORDED TODAY.
  NO SIGNIFICANT WEATHER WAS OBSERVED.


RELATIVE HUMIDITY (PERCENT)
 HIGHEST    80           400 AM
 LOWEST     49           100 PM
 AVERAGE    65

..........................................................


THE ANCHORAGE AK CLIMATE NORMALS FOR TOMORROW
                         NORMAL    RECORD    YEAR
 MAXIMUM TEMPERATURE (F)   65        76      1968
 MINIMUM TEMPERATURE (F)   52        43      1990


SUNRISE AND SUNSET
AUGUST  4 2015........SUNRISE   540 AM AKDT  SUNSET  1030 PM AKDT
AUGUST  5 2015........SUNRISE   543 AM AKDT  SUNSET  1027 PM AKDT


-  INDICATES NEGATIVE NUMBERS.
R  INDICATES RECORD WAS SET OR TIED.
MM INDICATES DATA IS MISSING.
T  INDICATES TRACE AMOUNT.




$$
