000
CDAK48 PAFC 051314
CLIANC

CLIMATE REPORT
NATIONAL WEATHER SERVICE ANCHORAGE, AK
513 AM AKDT THU MAY 5 2016


...................................

...THE ANCHORAGE AK CLIMATE SUMMARY FOR MAY 4 2016...

CLIMATE NORMAL PERIOD 1981 TO 2010
CLIMATE RECORD PERIOD 1952 TO 2016


WEATHER ITEM   OBSERVED TIME   RECORD YEAR NORMAL DEPARTURE LAST
                VALUE   (LST)  VALUE       VALUE  FROM      YEAR
                                                  NORMAL
..................................................................
TEMPERATURE (F)
 YESTERDAY
  MAXIMUM         53        MM  65    2004  52      1       57
  MINIMUM         40        MM  25    1992  36      4       33
  AVERAGE         47                        44      3       45

PRECIPITATION (IN)
  YESTERDAY        0.00          0.36 2013   0.02  -0.02
  MONTH TO DATE    T                         0.07  -0.07
  SINCE MAR 1      1.25                      1.14   0.11
  SINCE JAN 1      1.83                      2.59  -0.76

SNOWFALL (IN)
  YESTERDAY        0.0           0.9  2013   0.0    0.0      0.0
  MONTH TO DATE    0.0                       0.1   -0.1      0.0
  SINCE MAR 1     10.7                      14.0   -3.3      4.6
  SINCE JUL 1     38.3                      74.3  -36.0     25.1
  SNOW DEPTH       0

DEGREE DAYS
 HEATING
  YESTERDAY       18                               -3
  MONTH TO DATE   78                               -8
  SINCE MAR 1   1687                             -437
  SINCE JUL 1   8023                            -1430

 COOLING
  YESTERDAY        0                                0
  MONTH TO DATE    0                                0
  SINCE MAR 1      0                                0
  SINCE JAN 1      0                                0
..................................................................


WIND (MPH)
  HIGHEST WIND SPEED    17   HIGHEST WIND DIRECTION     S (160)
  HIGHEST GUST SPEED    35   HIGHEST GUST DIRECTION    SE (140)
  AVERAGE WIND SPEED    10.1




RELATIVE HUMIDITY (PERCENT)
 HIGHEST    73
 LOWEST     48
 AVERAGE    61

..........................................................


THE ANCHORAGE AK CLIMATE NORMALS FOR TODAY
                         NORMAL    RECORD    YEAR
 MAXIMUM TEMPERATURE (F)   53        65      2004
                                             1996
 MINIMUM TEMPERATURE (F)   36        27      2001


SUNRISE AND SUNSET
MAY  5 2016...........SUNRISE   538 AM AKDT  SUNSET  1017 PM AKDT
MAY  6 2016...........SUNRISE   535 AM AKDT  SUNSET  1020 PM AKDT

CIVIL TWILIGHT
MAY 5 2016              START   438 AM AKDT     END  1119 PM AKDT
MAY 6 2016              START   434 AM AKDT     END  1122 PM AKDT



-  INDICATES NEGATIVE NUMBERS.
R  INDICATES RECORD WAS SET OR TIED.
MM INDICATES DATA IS MISSING.
T  INDICATES TRACE AMOUNT.




$$
&&
------------------------------------------------------
AMOUNT OF DAYLIGHT TODAY  (HOUR:MIN)........16:39
GAIN/LOSS SINCE YESTERDAY (HOUR:MIN:SEC)....+0:05:26

$$
