000
CDAK48 PAFC 181310
CLIANC

CLIMATE REPORT
NATIONAL WEATHER SERVICE ANCHORAGE, AK
356 AM AKST THU DEC 18 2014


...................................

...THE ANCHORAGE AK CLIMATE SUMMARY FOR DECEMBER 17 2014...

CLIMATE NORMAL PERIOD 1981 TO 2010
CLIMATE RECORD PERIOD 1953 TO 2014


WEATHER ITEM   OBSERVED RECORD YEAR NORMAL DEPARTURE LAST
                VALUE   VALUE       VALUE  FROM      YEAR
                                           NORMAL
...........................................................
TEMPERATURE (F)
 YESTERDAY
  MAXIMUM         36     44    1986  25     11        0
  MINIMUM         22    -23    1980  13      9       -9

  AVERAGE         29                 19     10       -4

PRECIPITATION (IN)
  YESTERDAY        0.01   0.30 2009   0.03  -0.02
                               1994
  MONTH TO DATE    0.33               0.64  -0.31
  SINCE DEC 1      0.33               0.64  -0.31
  SINCE JAN 1     18.24              16.11   2.13

SNOWFALL (IN)
  YESTERDAY        0.0    6.1  1994   0.5   -0.5
  MONTH TO DATE    4.3                9.5   -5.2
  SINCE DEC 1      4.3                9.5   -5.2
  SINCE JUL 1     10.3               30.9  -20.6
  SNOW DEPTH       4

DEGREE DAYS
 HEATING
  YESTERDAY       36                       -10
  MONTH TO DATE  629                      -146
  SINCE DEC 1    629                      -146
  SINCE JUL 1   3344                      -595

 COOLING
  YESTERDAY        0                         0
  MONTH TO DATE    0                         0
  SINCE DEC 1      0                         0
  SINCE JAN 1      3                         1
...........................................................


WIND (MPH)
  HIGHEST WIND SPEED     8   HIGHEST WIND DIRECTION    NE (50)
  HIGHEST GUST SPEED    MM   HIGHEST GUST DIRECTION    MM
  AVERAGE WIND SPEED     2.7




RELATIVE HUMIDITY (PERCENT)
 HIGHEST    96
 LOWEST     72
 AVERAGE    84

..........................................................


THE ANCHORAGE AK CLIMATE NORMALS FOR TODAY
                         NORMAL    RECORD    YEAR
 MAXIMUM TEMPERATURE (F)   25        46      1993
 MINIMUM TEMPERATURE (F)   13       -20      1980


SUNRISE AND SUNSET
DECEMBER 18 2014......SUNRISE  1012 AM AKST  SUNSET   341 PM AKST
DECEMBER 19 2014......SUNRISE  1013 AM AKST  SUNSET   342 PM AKST

CIVIL TWILIGHT
DECEMBER 18 2014        START   911 AM AKST     END   444 PM AKST
DECEMBER 19 2014        START   911 AM AKST     END   444 PM AKST



-  INDICATES NEGATIVE NUMBERS.
R  INDICATES RECORD WAS SET OR TIED.
MM INDICATES DATA IS MISSING.
T  INDICATES TRACE AMOUNT.




$$
&&
------------------------------------------------------
AMOUNT OF DAYLIGHT TODAY  (HOUR:MIN)........ 5:29
GAIN/LOSS SINCE YESTERDAY (HOUR:MIN:SEC)....-0:00:43

-
