000
CDAK48 PAFC 201245
CLIANC


CLIMATE REPORT
NATIONAL WEATHER SERVICE ANCHORAGE, AK
445 AM AKDT FRI OCT 20 2017


...................................

...THE ANCHORAGE AK CLIMATE SUMMARY FOR OCTOBER 19 2017...

CLIMATE NORMAL PERIOD 1981 TO 2010
CLIMATE RECORD PERIOD 1952 TO 2017


WEATHER ITEM   OBSERVED TIME   RECORD YEAR NORMAL DEPARTURE LAST
                VALUE   (LST)  VALUE       VALUE  FROM      YEAR
                                                  NORMAL
..................................................................
TEMPERATURE (F)
 YESTERDAY
  MAXIMUM         35        MM  56    1957  39     -4       42
  MINIMUM         23        MM   2    1996  28     -5       29
  AVERAGE         29                        33     -4       36

PRECIPITATION (IN)
  YESTERDAY        0.00          0.88 1954   0.06  -0.06
  MONTH TO DATE    1.85                      1.45   0.40
  SINCE SEP 1      4.31                      4.44  -0.13
  SINCE JAN 1     16.25                     13.73   2.52

SNOWFALL (IN)
  YESTERDAY        0.0           8.6  1954   0.3   -0.3      0.0
  MONTH TO DATE    0.0                       3.9   -3.9       T
  SINCE SEP 1      0.0                       4.3   -4.3       T
  SINCE JUL 1      0.0                       4.3   -4.3       T
  SNOW DEPTH       0

DEGREE DAYS
 HEATING
  YESTERDAY       36                                4
  MONTH TO DATE  439                              -73
  SINCE SEP 1    836                             -170
  SINCE JUL 1   1204                             -252

 COOLING
  YESTERDAY        0                                0
  MONTH TO DATE    0                                0
  SINCE SEP 1      0                                0
  SINCE JAN 1      3                                1
..................................................................


WIND (MPH)
  HIGHEST WIND SPEED    18   HIGHEST WIND DIRECTION    NW (330)
  HIGHEST GUST SPEED    28   HIGHEST GUST DIRECTION    NW (320)
  AVERAGE WIND SPEED    11.6




RELATIVE HUMIDITY (PERCENT)
 HIGHEST    50
 LOWEST     32
 AVERAGE    41

..........................................................


THE ANCHORAGE AK CLIMATE NORMALS FOR TODAY
                         NORMAL    RECORD    YEAR
 MAXIMUM TEMPERATURE (F)   38        52      2013
 MINIMUM TEMPERATURE (F)   27         8      1996


SUNRISE AND SUNSET
OCTOBER 20 2017.......SUNRISE   857 AM AKDT  SUNSET   632 PM AKDT
OCTOBER 21 2017.......SUNRISE   859 AM AKDT  SUNSET   629 PM AKDT


-  INDICATES NEGATIVE NUMBERS.
R  INDICATES RECORD WAS SET OR TIED.
MM INDICATES DATA IS MISSING.
T  INDICATES TRACE AMOUNT.




$$
