000
CDUS43 KAPX 250526
CLIANJ


CLIMATE REPORT
NATIONAL WEATHER SERVICE GAYLORD MI
126 AM EDT THU MAY 25 2017


...................................

...THE SAULT STE MARIE MI CLIMATE SUMMARY FOR MAY 24 2017...

CLIMATE NORMAL PERIOD 1981 TO 2010
CLIMATE RECORD PERIOD 1888 TO 2017


WEATHER ITEM   OBSERVED TIME   RECORD YEAR NORMAL DEPARTURE LAST
                VALUE   (LST)  VALUE       VALUE  FROM      YEAR
                                                  NORMAL
..................................................................
TEMPERATURE (F)
 YESTERDAY
  MAXIMUM         62    525 PM  87    1980  65     -3       82
                                      1975
  MINIMUM         50    805 AM  27    1956  43      7       49
                                      1925
  AVERAGE         56                        54      2       66

PRECIPITATION (IN)
  YESTERDAY        0.06          1.74 1946   0.09  -0.03     0.14
  MONTH TO DATE    2.52                      1.95   0.57     0.69
  SINCE MAR 1      7.14                      6.29   0.85     5.77
  SINCE JAN 1     13.10                      9.82   3.28     9.48

DEGREE DAYS
 HEATING
  YESTERDAY        9                        11     -2        0
  MONTH TO DATE  359                       342     17      337
  SINCE MAR 1   2209                      2285    -76     2191
  SINCE JUL 1   7083                      8411  -1328     7332

 COOLING
  YESTERDAY        0                         0      0        1
  MONTH TO DATE    1                         0      1        1
  SINCE MAR 1      1                         0      1        1
  SINCE JAN 1      1                         0      1        1
..................................................................


WIND (MPH)
  HIGHEST WIND SPEED    10   HIGHEST WIND DIRECTION    NE (60)
  HIGHEST GUST SPEED    15   HIGHEST GUST DIRECTION    NE (50)
  AVERAGE WIND SPEED     5.9




RELATIVE HUMIDITY (PERCENT)
 HIGHEST    89
 LOWEST     67
 AVERAGE    78

..........................................................


THE SAULT STE MARIE MI CLIMATE NORMALS FOR TODAY
                         NORMAL    RECORD    YEAR
 MAXIMUM TEMPERATURE (F)   66        86      2010
 MINIMUM TEMPERATURE (F)   43        28      1969


SUNRISE AND SUNSET
MAY 25 2017...........SUNRISE   553 AM EDT   SUNSET   916 PM EDT
MAY 26 2017...........SUNRISE   552 AM EDT   SUNSET   917 PM EDT


-  INDICATES NEGATIVE NUMBERS.
R  INDICATES RECORD WAS SET OR TIED.
MM INDICATES DATA IS MISSING.
T  INDICATES TRACE AMOUNT.




$$
