000
CDUS43 KAPX 290529
CLIANJ


CLIMATE REPORT
NATIONAL WEATHER SERVICE GAYLORD MI
128 AM EDT FRI APR 29 2016


...................................

...THE SAULT STE MARIE MI CLIMATE SUMMARY FOR APRIL 28 2016...

CLIMATE NORMAL PERIOD 1981 TO 2010
CLIMATE RECORD PERIOD 1888 TO 2016


WEATHER ITEM   OBSERVED TIME   RECORD YEAR NORMAL DEPARTURE LAST
                VALUE   (LST)  VALUE       VALUE  FROM      YEAR
                                                  NORMAL
..................................................................
TEMPERATURE (F)
 YESTERDAY
  MAXIMUM         54    444 PM  77    1970  56     -2       57
                                      1900
  MINIMUM         32    140 AM  20    1909  36     -4       35
  AVERAGE         43                        46     -3       46

PRECIPITATION (IN)
  YESTERDAY        0.00          2.12 1914   0.07  -0.07     0.00
  MONTH TO DATE    2.43                      2.24   0.19     1.74
  SINCE MAR 1      5.08                      4.19   0.89     3.16
  SINCE JAN 1      8.79                      7.72   1.07     6.53

SNOWFALL (IN)
  YESTERDAY        0.0           2.2  1907   0.1   -0.1      0.0
  MONTH TO DATE   17.6                       6.6   11.0      2.6
  SINCE OCT 1     91.9                     120.2  -28.3    168.4
  SINCE JUL 1     91.9                     120.2  -28.3    168.4
  SNOW DEPTH       0

DEGREE DAYS
 HEATING
  YESTERDAY       22                        19      3       19
  MONTH TO DATE  812                       704    108      759
  SINCE MAR 1   1820                      1904    -84     2083
  SINCE JUL 1   6961                      8030  -1069     8862

 COOLING
  YESTERDAY        0                         0      0        0
  MONTH TO DATE    0                         0      0        0
  SINCE MAR 1      0                         0      0        0
  SINCE JAN 1      0                         0      0        0
..................................................................


WIND (MPH)
  HIGHEST WIND SPEED    10   HIGHEST WIND DIRECTION    SW (230)
  HIGHEST GUST SPEED    15   HIGHEST GUST DIRECTION    SE (140)
  AVERAGE WIND SPEED     4.3




RELATIVE HUMIDITY (PERCENT)
 HIGHEST    76
 LOWEST     32
 AVERAGE    54

..........................................................


THE SAULT STE MARIE MI CLIMATE NORMALS FOR TODAY
                         NORMAL    RECORD    YEAR
 MAXIMUM TEMPERATURE (F)   57        77      1952
                                             1941
 MINIMUM TEMPERATURE (F)   36        22      1958


SUNRISE AND SUNSET
APRIL 29 2016.........SUNRISE   626 AM EDT   SUNSET   845 PM EDT
APRIL 30 2016.........SUNRISE   624 AM EDT   SUNSET   846 PM EDT


-  INDICATES NEGATIVE NUMBERS.
R  INDICATES RECORD WAS SET OR TIED.
MM INDICATES DATA IS MISSING.
T  INDICATES TRACE AMOUNT.




$$
