000
CDUS43 KAPX 290527
CLIANJ


CLIMATE REPORT
NATIONAL WEATHER SERVICE GAYLORD MI
126 AM EDT FRI JUL 29 2016


...................................

...THE SAULT STE MARIE MI CLIMATE SUMMARY FOR JULY 28 2016...

CLIMATE NORMAL PERIOD 1981 TO 2010
CLIMATE RECORD PERIOD 1888 TO 2016


WEATHER ITEM   OBSERVED TIME   RECORD YEAR NORMAL DEPARTURE LAST
                VALUE   (LST)  VALUE       VALUE  FROM      YEAR
                                                  NORMAL
..................................................................
TEMPERATURE (F)
 YESTERDAY
  MAXIMUM         80    154 PM  95    2015  77      3       95
  MINIMUM         61    959 PM  39    1978  55      6       63
  AVERAGE         71                        66      5       79

PRECIPITATION (IN)
  YESTERDAY        T             1.46 1940   0.10  -0.10     0.00
  MONTH TO DATE    3.33                      2.55   0.78     3.05
  SINCE JUN 1      5.21                      5.25  -0.04     5.78
  SINCE JAN 1     15.76                     15.69   0.07    14.48

DEGREE DAYS
 HEATING
  YESTERDAY        0                         2     -2        0
  MONTH TO DATE   23                        66    -43       51
  SINCE JUN 1    186                       246    -60      239
  SINCE JUL 1     23                        66    -43       51

 COOLING
  YESTERDAY        6                         3      3       14
  MONTH TO DATE  118                        75     43       82
  SINCE JUN 1    154                       105     49       89
  SINCE JAN 1    165                       110     55       91
..................................................................


WIND (MPH)
  HIGHEST WIND SPEED    14   HIGHEST WIND DIRECTION    NW (310)
  HIGHEST GUST SPEED    19   HIGHEST GUST DIRECTION    NW (300)
  AVERAGE WIND SPEED     5.7




RELATIVE HUMIDITY (PERCENT)
 HIGHEST    90
 LOWEST     42
 AVERAGE    66

..........................................................


THE SAULT STE MARIE MI CLIMATE NORMALS FOR TODAY
                         NORMAL    RECORD    YEAR
 MAXIMUM TEMPERATURE (F)   77        96      1916
 MINIMUM TEMPERATURE (F)   56        40      1968


SUNRISE AND SUNSET
JULY 29 2016..........SUNRISE   615 AM EDT   SUNSET   912 PM EDT
JULY 30 2016..........SUNRISE   617 AM EDT   SUNSET   910 PM EDT


-  INDICATES NEGATIVE NUMBERS.
R  INDICATES RECORD WAS SET OR TIED.
MM INDICATES DATA IS MISSING.
T  INDICATES TRACE AMOUNT.




$$
