000
CDUS43 KAPX 252131
CLIANJ


CLIMATE REPORT
NATIONAL WEATHER SERVICE GAYLORD MI
531 PM EDT THU AUG 25 2016


...................................

...THE SAULT STE MARIE MI CLIMATE SUMMARY FOR AUGUST 25 2016...
VALID TODAY AS OF 0500 PM LOCAL TIME.

CLIMATE NORMAL PERIOD 1981 TO 2010
CLIMATE RECORD PERIOD 1888 TO 2016


WEATHER ITEM   OBSERVED TIME   RECORD YEAR NORMAL DEPARTURE LAST
                VALUE   (LST)  VALUE       VALUE  FROM      YEAR
                                                  NORMAL
..................................................................
TEMPERATURE (F)
 TODAY
  MAXIMUM         76    333 PM  90    2012  74      2       56
                                      1948
  MINIMUM         65    717 AM  35    1977  54     11       53
  AVERAGE         71                        64      7       55

PRECIPITATION (IN)
  TODAY            0.00          1.63 2001   0.10  -0.10     0.08
  MONTH TO DATE    3.39                      2.53   0.86     2.47
  SINCE JUN 1      8.60                      8.09   0.51     8.25
  SINCE JAN 1     19.15                     18.53   0.62    16.95

DEGREE DAYS
 HEATING
  TODAY            0                         3     -3       10
  MONTH TO DATE    8                        55    -47       33
  SINCE JUN 1    194                       304   -110      275
  SINCE JUL 1     31                       124    -93       87

 COOLING
  TODAY            6                         2      4        0
  MONTH TO DATE  145                        61     84       82
  SINCE JUN 1    311                       169    142      181
  SINCE JAN 1    322                       174    148      183
..................................................................


WIND (MPH)
  RESULTANT WIND SPEED   5   RESULTANT WIND DIRECTION  NW (300)
  HIGHEST WIND SPEED    13   HIGHEST WIND DIRECTION    NW (320)
  HIGHEST GUST SPEED    19   HIGHEST GUST DIRECTION    NW (330)
  AVERAGE WIND SPEED     5.8


SKY COVER
  POSSIBLE SUNSHINE  MM
  AVERAGE SKY COVER 0.5


WEATHER CONDITIONS
 THE FOLLOWING WEATHER WAS RECORDED TODAY.
  FOG
  FOG W/VISIBILITY <= 1/4 MILE


RELATIVE HUMIDITY (PERCENT)
 HIGHEST   100           100 AM
 LOWEST     54           400 PM
 AVERAGE    77

..........................................................


THE SAULT STE MARIE MI CLIMATE NORMALS FOR TOMORROW
                         NORMAL    RECORD    YEAR
 MAXIMUM TEMPERATURE (F)   73        92      1948
 MINIMUM TEMPERATURE (F)   53        38      1917


SUNRISE AND SUNSET
AUGUST 25 2016........SUNRISE   649 AM EDT   SUNSET   829 PM EDT
AUGUST 26 2016........SUNRISE   650 AM EDT   SUNSET   827 PM EDT


-  INDICATES NEGATIVE NUMBERS.
R  INDICATES RECORD WAS SET OR TIED.
MM INDICATES DATA IS MISSING.
T  INDICATES TRACE AMOUNT.




$$
