000
CDUS43 KAPX 032145
CLIANJ


CLIMATE REPORT
NATIONAL WEATHER SERVICE GAYLORD MI
545 PM EDT MON AUG 3 2015


...................................

...THE SAULT STE MARIE MI CLIMATE SUMMARY FOR AUGUST 3 2015...
VALID TODAY AS OF 0500 PM LOCAL TIME.

CLIMATE NORMAL PERIOD 1981 TO 2010
CLIMATE RECORD PERIOD 1888 TO 2015


WEATHER ITEM   OBSERVED TIME   RECORD YEAR NORMAL DEPARTURE LAST
                VALUE   (LST)  VALUE       VALUE  FROM      YEAR
                                                  NORMAL
..................................................................
TEMPERATURE (F)
 TODAY
  MAXIMUM         68    152 PM  91    1987  76     -8       79
  MINIMUM         58    515 AM  38    1977  56      2       53
  AVERAGE         63                        66     -3       66

PRECIPITATION (IN)
  TODAY            T             5.92 1974   0.10  -0.10     0.01
  MONTH TO DATE    0.09                      0.30  -0.21     0.01
  SINCE JUN 1      5.87                      5.86   0.01     4.41
  SINCE JAN 1     14.57                     16.30  -1.73    16.45

DEGREE DAYS
 HEATING
  TODAY            2                         2      0        0
  MONTH TO DATE    3                         6     -3        2
  SINCE JUN 1    245                       255    -10      222
  SINCE JUL 1     57                        75    -18      113

 COOLING
  TODAY            0                         3     -3        1
  MONTH TO DATE    1                         9     -8        1
  SINCE JUN 1    100                       117    -17       59
  SINCE JAN 1    102                       122    -20       61
..................................................................


WIND (MPH)
  RESULTANT WIND SPEED   9   RESULTANT WIND DIRECTION  NW (300)
  HIGHEST WIND SPEED    16   HIGHEST WIND DIRECTION     W (290)
  HIGHEST GUST SPEED    22   HIGHEST GUST DIRECTION     W (270)
  AVERAGE WIND SPEED     8.7


SKY COVER
  POSSIBLE SUNSHINE  MM
  AVERAGE SKY COVER 0.8


WEATHER CONDITIONS
 THE FOLLOWING WEATHER WAS RECORDED TODAY.
  LIGHT RAIN


RELATIVE HUMIDITY (PERCENT)
 HIGHEST    93           200 AM
 LOWEST     58           200 PM
 AVERAGE    76

..........................................................


THE SAULT STE MARIE MI CLIMATE NORMALS FOR TOMORROW
                         NORMAL    RECORD    YEAR
 MAXIMUM TEMPERATURE (F)   76        91      2012
 MINIMUM TEMPERATURE (F)   56        39      1970


SUNRISE AND SUNSET
AUGUST  3 2015........SUNRISE   621 AM EDT   SUNSET   906 PM EDT
AUGUST  4 2015........SUNRISE   622 AM EDT   SUNSET   904 PM EDT


-  INDICATES NEGATIVE NUMBERS.
R  INDICATES RECORD WAS SET OR TIED.
MM INDICATES DATA IS MISSING.
T  INDICATES TRACE AMOUNT.




$$
