000
CDUS43 KAPX 190530
CLIANJ


CLIMATE REPORT
NATIONAL WEATHER SERVICE GAYLORD MI
1227 AM EST SUN FEB 19 2017


...................................

...THE SAULT STE MARIE MI CLIMATE SUMMARY FOR FEBRUARY 18 2017...

CLIMATE NORMAL PERIOD 1981 TO 2010
CLIMATE RECORD PERIOD 1888 TO 2017


WEATHER ITEM   OBSERVED TIME   RECORD YEAR NORMAL DEPARTURE LAST
                VALUE   (LST)  VALUE       VALUE  FROM      YEAR
                                                  NORMAL
..................................................................
TEMPERATURE (F)
 YESTERDAY
  MAXIMUM         49R   321 PM  46    1997  27     22       29
  MINIMUM         21    824 AM -27    1979  10     11        2
  AVERAGE         35                        18     17       16

PRECIPITATION (IN)
  YESTERDAY        0.00          0.59 1972   0.04  -0.04     0.00
  MONTH TO DATE    2.06                      0.86   1.20     0.88
  SINCE DEC 1      8.97                      5.84   3.13     7.84
  SINCE JAN 1      4.72                      3.05   1.67     2.43

SNOWFALL (IN)
  YESTERDAY        0.0           8.3  1972   0.6   -0.6      0.0
  MONTH TO DATE   32.7                      13.0   19.7     13.7
  SINCE OCT 1    117.7                      94.6   23.1     52.7
  SINCE JUL 1    117.7                      94.6   23.1     52.7
  SNOW DEPTH      22

DEGREE DAYS
 HEATING
  YESTERDAY       30                        47    -17       49
  MONTH TO DATE  774                       871    -97      866
  SINCE DEC 1   3272                      3739   -467     3231
  SINCE JUL 1   4542                      5671  -1129     4722
..................................................................


WIND (MPH)
  HIGHEST WIND SPEED    22   HIGHEST WIND DIRECTION     W (290)
  HIGHEST GUST SPEED    29   HIGHEST GUST DIRECTION     W (280)
  AVERAGE WIND SPEED     8.3




RELATIVE HUMIDITY (PERCENT)
 HIGHEST    92
 LOWEST     58
 AVERAGE    75

..........................................................


THE SAULT STE MARIE MI CLIMATE NORMALS FOR TODAY
                         NORMAL    RECORD    YEAR
 MAXIMUM TEMPERATURE (F)   27        46      1994
 MINIMUM TEMPERATURE (F)   10       -23      1910


SUNRISE AND SUNSET
FEBRUARY 19 2017......SUNRISE   734 AM EST   SUNSET   609 PM EST
FEBRUARY 20 2017......SUNRISE   732 AM EST   SUNSET   611 PM EST


-  INDICATES NEGATIVE NUMBERS.
R  INDICATES RECORD WAS SET OR TIED.
MM INDICATES DATA IS MISSING.
T  INDICATES TRACE AMOUNT.




$$
