000
CDUS43 KAPX 260537
CLIANJ


CLIMATE REPORT
NATIONAL WEATHER SERVICE GAYLORD MI
137 AM EDT TUE MAY 26 2015


...................................

...THE SAULT STE MARIE MI CLIMATE SUMMARY FOR MAY 25 2015...

CLIMATE NORMAL PERIOD 1981 TO 2010
CLIMATE RECORD PERIOD 1888 TO 2015


WEATHER ITEM   OBSERVED TIME   RECORD YEAR NORMAL DEPARTURE LAST
                VALUE   (LST)  VALUE       VALUE  FROM      YEAR
                                                  NORMAL
..................................................................
TEMPERATURE (F)
 YESTERDAY
  MAXIMUM         62    922 PM  86    2010  66     -4       82
  MINIMUM         54    646 AM  28    1969  43     11       49
  AVERAGE         58                        54      4       66

PRECIPITATION (IN)
  YESTERDAY        0.85          1.55 2001   0.08   0.77     0.00
  MONTH TO DATE    1.87                      2.03  -0.16     2.77
  SINCE MAR 1      5.03                      6.37  -1.34     8.68
  SINCE JAN 1      8.40                      9.90  -1.50    12.04

DEGREE DAYS
 HEATING
  YESTERDAY        7                        11     -4        0
  MONTH TO DATE  314                       353    -39      436
  SINCE MAR 1   2437                      2296    141     2820
  SINCE JUL 1   9216                      8422    794     9600

 COOLING
  YESTERDAY        0                         0      0        1
  MONTH TO DATE    0                         0      0        1
  SINCE MAR 1      0                         0      0        1
  SINCE JAN 1      0                         0      0        1
..................................................................


WIND (MPH)
  HIGHEST WIND SPEED    15   HIGHEST WIND DIRECTION    SE (120)
  HIGHEST GUST SPEED    21   HIGHEST GUST DIRECTION     E (110)
  AVERAGE WIND SPEED     7.8




RELATIVE HUMIDITY (PERCENT)
 HIGHEST   100
 LOWEST     67
 AVERAGE    84

..........................................................


THE SAULT STE MARIE MI CLIMATE NORMALS FOR TODAY
                         NORMAL    RECORD    YEAR
 MAXIMUM TEMPERATURE (F)   66        86      2010
 MINIMUM TEMPERATURE (F)   43        24      1969


SUNRISE AND SUNSET
MAY 26 2015...........SUNRISE   553 AM EDT   SUNSET   917 PM EDT
MAY 27 2015...........SUNRISE   552 AM EDT   SUNSET   918 PM EDT


-  INDICATES NEGATIVE NUMBERS.
R  INDICATES RECORD WAS SET OR TIED.
MM INDICATES DATA IS MISSING.
T  INDICATES TRACE AMOUNT.




$$
