000
CDUS43 KAPX 300540
CLIANJ


CLIMATE REPORT
NATIONAL WEATHER SERVICE GAYLORD MI
140 AM EDT MON MAR 30 2015


...................................

...THE SAULT STE MARIE MI CLIMATE SUMMARY FOR MARCH 29 2015...

CLIMATE NORMAL PERIOD 1981 TO 2010
CLIMATE RECORD PERIOD 1888 TO 2015


WEATHER ITEM   OBSERVED TIME   RECORD YEAR NORMAL DEPARTURE LAST
                VALUE   (LST)  VALUE       VALUE  FROM      YEAR
                                                  NORMAL
..................................................................
TEMPERATURE (F)
 YESTERDAY
  MAXIMUM         39    121 PM  60    1993  40     -1       40
                                      1910
  MINIMUM         14    436 AM  -4    1923  23     -9       19
  AVERAGE         27                        32     -5       30

PRECIPITATION (IN)
  YESTERDAY        0.34          0.74 1998   0.07   0.27     0.00
  MONTH TO DATE    1.42                      1.80  -0.38     1.71
  SINCE MAR 1      1.42                      1.80  -0.38     1.71
  SINCE JAN 1      4.79                      5.33  -0.54     5.07

SNOWFALL (IN)
  YESTERDAY        3.2           6.3  1944   0.4    2.8      0.0
  MONTH TO DATE   17.0                      12.8    4.2     18.2
  SINCE OCT 1    165.7                     113.0   52.7    124.3
  SINCE JUL 1    165.7                     113.0   52.7    124.3
  SNOW DEPTH      24

DEGREE DAYS
 HEATING
  YESTERDAY       38                        33      5       35
  MONTH TO DATE 1249                      1135    114     1431
  SINCE MAR 1   1249                      1135    114     1431
  SINCE JUL 1   8028                      7261    767     8211

 COOLING
  YESTERDAY        0                         0      0        0
  MONTH TO DATE    0                         0      0        0
  SINCE MAR 1      0                         0      0        0
  SINCE JAN 1      0                         0      0        0
..................................................................


WIND (MPH)
  HIGHEST WIND SPEED    25   HIGHEST WIND DIRECTION     S (200)
  HIGHEST GUST SPEED    35   HIGHEST GUST DIRECTION    NW (310)
  AVERAGE WIND SPEED    10.2




RELATIVE HUMIDITY (PERCENT)
 HIGHEST    92
 LOWEST     40
 AVERAGE    66

..........................................................


THE SAULT STE MARIE MI CLIMATE NORMALS FOR TODAY
                         NORMAL    RECORD    YEAR
 MAXIMUM TEMPERATURE (F)   41        63      1910
 MINIMUM TEMPERATURE (F)   24         0      1923


SUNRISE AND SUNSET
MARCH 30 2015.........SUNRISE   721 AM EDT   SUNSET   803 PM EDT
MARCH 31 2015.........SUNRISE   719 AM EDT   SUNSET   805 PM EDT


-  INDICATES NEGATIVE NUMBERS.
R  INDICATES RECORD WAS SET OR TIED.
MM INDICATES DATA IS MISSING.
T  INDICATES TRACE AMOUNT.




$$
