000
CDAK47 PAJK 171136
CLIANN
CLIMATE REPORT
NATIONAL WEATHER SERVICE JUNEAU, AK
333 AM AKDT TUE OCT 17 2017


...................................

...THE ANNETTE ISLAND CLIMATE SUMMARY FOR OCTOBER 16 2017...

CLIMATE NORMAL PERIOD 1981 TO 2010
CLIMATE RECORD PERIOD 1941 TO 2017


WEATHER ITEM   OBSERVED RECORD YEAR NORMAL DEPARTURE LAST
                VALUE   VALUE       VALUE  FROM      YEAR
                                           NORMAL
...........................................................
TEMPERATURE (F)
 YESTERDAY
  MAXIMUM         49     68    2015  52     -3       55
  MINIMUM         45     32    1991  42      3       35
  AVERAGE         47                 47      0       45

PRECIPITATION (IN)
  YESTERDAY        0.43   2.78 2010   0.47  -0.04     0.00
  MONTH TO DATE    1.90               6.78  -4.88     0.35
  SINCE JAN 1     72.23              71.48   0.75    72.13

SNOWFALL (IN)
  YESTERDAY        0.0    T    1956   0.0    0.0      0.0
  MONTH TO DATE    0.0                0.0    0.0      0.0
  SINCE JUL 1      0.0                0.0    0.0      0.0
  SNOW DEPTH       0

DEGREE DAYS
 HEATING
  YESTERDAY       18                 18      0       20
  MONTH TO DATE   72                260   -188      234
...........................................................


WIND (MPH)
  HIGHEST WIND SPEED     9   HIGHEST WIND DIRECTION    SE (150)
  HIGHEST GUST SPEED    17   HIGHEST GUST DIRECTION     S (190)
  AVERAGE WIND SPEED     4.6


SKY COVER
  AVERAGE SKY COVER 0.7


WEATHER CONDITIONS
 THE FOLLOWING WEATHER WAS RECORDED YESTERDAY.
  HEAVY RAIN
  RAIN
  LIGHT RAIN
  LIGHT SNOW


..........................................................


THE ANNETTE ISLAND CLIMATE NORMALS FOR TODAY
                         NORMAL    RECORD    YEAR
 MAXIMUM TEMPERATURE (F)   51        61      1958
 MINIMUM TEMPERATURE (F)   42        31      1949


SUNRISE AND SUNSET
OCTOBER 17 2017.......SUNRISE   721 AM AKDT  SUNSET   541 PM AKDT
OCTOBER 18 2017.......SUNRISE   723 AM AKDT  SUNSET   539 PM AKDT


-  INDICATES NEGATIVE NUMBERS.
R  INDICATES RECORD WAS SET OR TIED.
MM INDICATES DATA IS MISSING.
T  INDICATES TRACE AMOUNT.




$$
--------------------------------------------------------------

AMOUNT OF DAYLIGHT TODAY (HOUR:MIN)......... 10 HOURS 21 MINUTES
GAIN/LOSS SINCE YESTERDAY (HOUR:MIN:SEC).... -0:04:22

$$
