000
CDAK47 PANT 200914
CLIANN

CLIMATE REPORT
NATIONAL WEATHER SERVICE ANNETTE, AK
1214 AM AKST THU NOV 20 2014

...................................
...THE ANNETTE WSO AP CLIMATE SUMMARY FOR NOVEMBER 19 2014...

CLIMATE NORMAL PERIOD  1981 TO  2010
CLIMATE RECORD PERIOD  1948 TO  2014

WEATHER ITEM   OBSERVED TIME    RECORD YEAR NORMAL DEPARTURE LAST
               VALUE    (LST)   VALUE       VALUE  FROM      YEAR
                                                   NORMAL
...................................................................
TEMPERATURE
YESTERDAY
 MAXIMUM            50  0307 AM    52  2008     44       6     30
 MINIMUM            45  1000 PM    16  1963     35      10     19
 AVERAGE            48                          39       9     25

PRECIPITATION
(INCHES)
 YESTERDAY        1.16           2.03  1980   0.39    0.77   0.34
 MONTH TO DATE    5.03                        8.07   -3.04   5.56
 SINCE SEP 1     29.10                       31.78   -2.68  21.77
 SINCE JAN 1     91.18                       86.69    4.49  73.37

SNOWFALL
(INCHES)
 YESTERDAY         0.0            5.0  1973    0.1    -0.1    3.5
 MONTH TO DATE     0.0                         1.7    -1.7    5.7
 SINCE SEP 1       0.0                         1.8    -1.8    5.7
 SINCE JUL 1       0.0                         1.8    -1.8    5.7
 SNOW DEPTH (IN)     0                                          1

DEGREE DAYS
 HEATING
  YESTERDAY         17                          26      -9     40
  MONTH TO DATE    435                         459     -24    498
  SINCE SEP 1     1136                        1358    -222   1270
  SINCE JUL 1     1705                        1759     -54   1572

 COOLING
  YESTERDAY          0                           0       0      0
  MONTH TO DATE      0                           0       0      0
  SINCE SEP 1        0                           0       0      0
  SINCE JAN 1       MM                           0      MM     22
...................................................................

WIND (MPH)
 HIGHEST WIND SPEED    18     HIGHEST WIND DIRECTION    130
 HIGHEST GUST SPEED    26     HIGHEST GUST DIRECTION    120
 AVERAGE WIND SPEED   6.8

SKY COVER
  POSSIBLE SUNSHINE    MM          AVERAGE SKY COVER     MM

WEATHER CONDITIONS
 THE FOLLOWING WEATHER WAS RECORDED YESTERDAY.
  FOG
RAIN


RELATIVE HUMIDITY
 HIGHEST RH     MM PERCENT       MM
 LOWEST  RH     MM PERCENT       MM
 AVERAGE RH     MM PERCENT       MM
...................................................................

THE ANNETTE CLIMATE NORMALS FOR TODAY
                           NORMAL    RECORD   YEAR
 MAXIMUM TEMPERATURE (F)     44        57     1949
 MINIMUM TEMPERATURE (F)     35        12     1996

SUNRISE AND SUNSET
 NOV 20 2014..........SUNRISE  7:29 AM      SUNSET  3:35 PM
 NOV 21 2014..........SUNRISE  7:31 AM      SUNSET  3:34 PM

-  INDICATES NEGATIVE NUMBERS.
R  INDICATES RECORD HAS BEEN SET OR TIED.
MM INDICATES DATA IS MISSING.
T  INDICATES TRACE OF PRECIPITATION.

&&
-------------------------------------------------------------------

AMOUNT OF DAYLIGHT TODAY  (HOUR:MIN)........8 HOURS 6 MINUTES
GAIN/LOSS SINCE YESTERDAY (HOUR:MIN:SEC)....-0:03:19

$$
LTB NOV 14
