000
CDAK47 PANT 220930
CLIANN

CLIMATE REPORT
NATIONAL WEATHER SERVICE ANNETTE, AK
130 AM AKDT MON SEP 22 2014

...................................
...THE ANNETTE WSO AP CLIMATE SUMMARY FOR SEPTEMBER 21 2014...

CLIMATE NORMAL PERIOD  1981 TO  2010
CLIMATE RECORD PERIOD  1948 TO  2014

WEATHER ITEM   OBSERVED TIME    RECORD YEAR NORMAL DEPARTURE LAST
               VALUE    (LST)   VALUE       VALUE  FROM      YEAR
                                                   NORMAL
...................................................................
TEMPERATURE
YESTERDAY
 MAXIMUM            65  0719 AM    75  1974     58       7     56
 MINIMUM            51  1159 PM    36  1996     47       4     50
 AVERAGE            58                          53       5     53

PRECIPITATION
(INCHES)
 YESTERDAY        0.50           3.06  1949   0.34    0.16   0.43
 MONTH TO DATE    2.91                        6.55   -3.64   3.25
 SINCE SEP 1      2.91                        6.55   -3.64   3.25
 SINCE JAN 1     64.99                       61.46    3.53  54.85

SNOWFALL
(INCHES)
 YESTERDAY         0.0            0.0  2014    0.0     0.0    0.0
 MONTH TO DATE     0.0                         0.0     0.0    0.0
 SINCE SEP 1       0.0                         0.0     0.0    0.0
 SINCE JUL 1       0.0                         0.0     0.0    0.0
 SNOW DEPTH (IN)     0                                          0

DEGREE DAYS
 HEATING
  YESTERDAY          7                          12      -5     12
  MONTH TO DATE    148                         215     -67    121
  SINCE SEP 1      148                         215     -67    121
  SINCE JUL 1      717                         616     101    423

 COOLING
  YESTERDAY          0                           0       0      0
  MONTH TO DATE      0                           0       0      0
  SINCE SEP 1        0                           0       0      0
  SINCE JAN 1       MM                           0      MM     22
...................................................................

WIND (MPH)
 HIGHEST WIND SPEED    23     HIGHEST WIND DIRECTION    140
 HIGHEST GUST SPEED    35     HIGHEST GUST DIRECTION    150
 AVERAGE WIND SPEED  10.0

SKY COVER
  POSSIBLE SUNSHINE    MM          AVERAGE SKY COVER     MM

WEATHER CONDITIONS
 THE FOLLOWING WEATHER WAS RECORDED YESTERDAY.
  FOG
RAIN


RELATIVE HUMIDITY
 HIGHEST RH     MM PERCENT       MM
 LOWEST  RH     MM PERCENT       MM
 AVERAGE RH     MM PERCENT       MM
...................................................................

THE ANNETTE CLIMATE NORMALS FOR TODAY
                           NORMAL    RECORD   YEAR
 MAXIMUM TEMPERATURE (F)     58        75     1975
 MINIMUM TEMPERATURE (F)     47        37     1958

SUNRISE AND SUNSET
 SEP 22 2014..........SUNRISE  6:33 AM      SUNSET  6:45 PM
 SEP 23 2014..........SUNRISE  6:34 AM      SUNSET  6:43 PM

-  INDICATES NEGATIVE NUMBERS.
R  INDICATES RECORD HAS BEEN SET OR TIED.
MM INDICATES DATA IS MISSING.
T  INDICATES TRACE OF PRECIPITATION.

&&
-------------------------------------------------------------------

AMOUNT OF DAYLIGHT TODAY  (HOUR:MIN)........12 HOURS 12 MINUTES
GAIN/LOSS SINCE YESTERDAY (HOUR:MIN:SEC)....-0:04:26

$$
JH SEP 14
