000
CDAK47 PANT 070000
CLIANN

CLIMATE REPORT
NATIONAL WEATHER SERVICE ANNETTE, AK
300 PM AKST FRI MAR 6 2015

...................................
...THE ANNETTE WSO AP CLIMATE SUMMARY FOR MARCH 6 2015...
VALID TODAY AS OF 2:00 PM LOCAL TIME

CLIMATE NORMAL PERIOD  1981 TO  2010
CLIMATE RECORD PERIOD  1948 TO  2015

WEATHER ITEM   OBSERVED TIME    RECORD YEAR NORMAL DEPARTURE LAST
               VALUE    (LST)   VALUE       VALUE  FROM      YEAR
                                                   NORMAL
...................................................................
TEMPERATURE
TODAY
 MAXIMUM            49  0226 PM    52  1984     44       5     38
 MINIMUM            40  0717 AM    11  1951     34       6     29
 AVERAGE            45                          39       6     34

PRECIPITATION
(INCHES)
 TODAY               T           1.77  1979   0.25   -0.25   0.01
 MONTH TO DATE    2.07                        1.51    0.56   0.01
 SINCE MAR 1      2.07                        1.51    0.56   0.01
 SINCE JAN 1     23.13                       19.55    3.58  12.11

SNOWFALL
(INCHES)
 TODAY             0.0           10.9  1956    0.3    -0.3    0.0
 MONTH TO DATE     0.0                         1.7    -1.7    0.0
 SINCE MAR 1       0.0                         1.7    -1.7    0.0
 SINCE JUL 1      10.2                        28.2   -18.0   25.1
 SNOW DEPTH (IN)     0                                          0

DEGREE DAYS
 HEATING
  TODAY             20                          26      -6     31
  MONTH TO DATE    136                         161     -25    234
  SINCE MAR 1      136                         161     -25    234
  SINCE JUL 1     4220                        4699    -479   4723

 COOLING
  TODAY              0                           0       0      0
  MONTH TO DATE      0                           0       0      0
  SINCE MAR 1        0                           0       0      0
  SINCE JAN 1        0                           0       0      0
...................................................................

WIND (MPH)
 HIGHEST WIND SPEED    10     HIGHEST WIND DIRECTION    150
 HIGHEST GUST SPEED    13     HIGHEST GUST DIRECTION    150
 AVERAGE WIND SPEED    MM

SKY COVER
  POSSIBLE SUNSHINE  MM            AVERAGE SKY COVER MM

WEATHER CONDITIONS
 THE FOLLOWING WEATHER WAS RECORDED TODAY.
RAIN


RELATIVE HUMIDITY
 HIGHEST RH     MM PERCENT       MM
 LOWEST  RH     MM PERCENT       MM
 AVERAGE RH     MM PERCENT       MM
...................................................................

THE ANNETTE CLIMATE NORMALS FOR TOMORROW
                        NORMAL    RECORD   YEAR
 MAXIMUM TEMPERATURE      44        50     2005
 MINIMUM TEMPERATURE      34        15     1987

SUNRISE AND SUNSET
 MAR 6 2015..........SUNRISE  6:25 AM      SUNSET  5:33 PM
 MAR 7 2015..........SUNRISE  6:22 AM      SUNSET  5:35 PM

-  INDICATES NEGATIVE NUMBERS.
R  INDICATES RECORD HAS BEEN SET OR TIED.
MM INDICATES DATA IS MISSING.
T  INDICATES TRACE OF PRECIPITATION.

&&
-------------------------------------------------------------------

AMOUNT OF DAYLIGHT TODAY  (HOUR:MIN)........11 HOURS 8 MINUTES
GAIN/LOSS SINCE YESTERDAY (HOUR:MIN:SEC)....+0:04:29

$$
JH MAR 15
