000
CDAK47 PANT 131400
CLIANN

CLIMATE REPORT
NATIONAL WEATHER SERVICE ANNETTE, AK
600 AM AKDT SUN JUL 13 2014

...................................
...THE ANNETTE WSO AP CLIMATE SUMMARY FOR JULY 12 2014...

CLIMATE NORMAL PERIOD  1981 TO  2010
CLIMATE RECORD PERIOD  1948 TO  2014

WEATHER ITEM   OBSERVED TIME    RECORD YEAR NORMAL DEPARTURE LAST
               VALUE    (LST)   VALUE       VALUE  FROM      YEAR
                                                   NORMAL
...................................................................
TEMPERATURE
YESTERDAY
 MAXIMUM            77  1140 AM    86  1952     64      13     56
 MINIMUM            51  0202 AM    45  2012     53      -2     52
 AVERAGE            64                          58       6     54

PRECIPITATION
(INCHES)
 YESTERDAY        0.00           2.19  1959   0.15   -0.15   0.15
 MONTH TO DATE    1.15                        1.75   -0.60   1.81
 SINCE JUN 1      8.90                        6.63    2.27   5.79
 SINCE JAN 1     49.70                       45.05    4.65  45.10

SNOWFALL
(INCHES)
 YESTERDAY         0.0            0.0  2014    0.0     0.0    0.0
 MONTH TO DATE     0.0                         0.0     0.0    0.0
 SINCE JUN 1       0.0                         0.0     0.0    0.0
 SINCE JUL 1       0.0                         0.0     0.0    0.0
 SNOW DEPTH (IN)     0                                          0

DEGREE DAYS
 HEATING
  YESTERDAY          1                           7      -6     11
  MONTH TO DATE     80                          91     -11     78
  SINCE JUN 1      407                         389      18    298
  SINCE JUL 1       80                          91     -11     78

 COOLING
  YESTERDAY          0                           0       0      0
  MONTH TO DATE      0                           0       0      0
  SINCE JUN 1        0                           0       0      6
  SINCE JAN 1        0                           0       0      6
...................................................................

WIND (MPH)
 HIGHEST WIND SPEED     9     HIGHEST WIND DIRECTION    180
 HIGHEST GUST SPEED    11     HIGHEST GUST DIRECTION    200
 AVERAGE WIND SPEED   3.4

SKY COVER
  POSSIBLE SUNSHINE    MM          AVERAGE SKY COVER     MM

WEATHER CONDITIONS
 THE FOLLOWING WEATHER WAS RECORDED YESTERDAY.
  NO SIGNIFICANT WEATHER WAS OBSERVED.

RELATIVE HUMIDITY
 HIGHEST RH     MM PERCENT       MM
 LOWEST  RH     MM PERCENT       MM
 AVERAGE RH     MM PERCENT       MM
...................................................................

THE ANNETTE CLIMATE NORMALS FOR TODAY
                           NORMAL    RECORD   YEAR
 MAXIMUM TEMPERATURE (F)     64        81     1956
 MINIMUM TEMPERATURE (F)     53        41     1974

SUNRISE AND SUNSET
 JUL 13 2014..........SUNRISE  4:25 AM      SUNSET  9:19 PM
 JUL 14 2014..........SUNRISE  4:27 AM      SUNSET  9:18 PM

-  INDICATES NEGATIVE NUMBERS.
R  INDICATES RECORD HAS BEEN SET OR TIED.
MM INDICATES DATA IS MISSING.
T  INDICATES TRACE OF PRECIPITATION.

&&
-------------------------------------------------------------------

AMOUNT OF DAYLIGHT TODAY  (HOUR:MIN)........16 HOURS 54 MINUTES
GAIN/LOSS SINCE YESTERDAY (HOUR:MIN:SEC)....-0:02:26

$$
JH JUL 14
