000
CDAK47 PANT 300930
CLIANN

CLIMATE REPORT
NATIONAL WEATHER SERVICE ANNETTE, AK
130 AM AKDT TUE AUG 30 2016

...................................
...THE ANNETTE WSO AP CLIMATE SUMMARY FOR AUGUST 29 2016...

CLIMATE NORMAL PERIOD  1981 TO  2010
CLIMATE RECORD PERIOD  1948 TO  2016

WEATHER ITEM   OBSERVED TIME    RECORD YEAR NORMAL DEPARTURE LAST
               VALUE    (LST)   VALUE       VALUE  FROM      YEAR
                                                   NORMAL
...................................................................
TEMPERATURE
YESTERDAY
 MAXIMUM            61  0938 PM    82  1974     63      -2     60
 MINIMUM            56  0300 AM    42  1960     52       4     54
 AVERAGE            59                          57       2     57

PRECIPITATION
(INCHES)
 YESTERDAY        0.55           1.09  1980   0.27    0.28   0.43
 MONTH TO DATE    2.75                        6.40   -3.65   8.66
 SINCE JUN 1     10.76                       15.93   -5.17  20.29
 SINCE JAN 1     60.50                       54.35    6.15  63.77

SNOWFALL
(INCHES)
 YESTERDAY         0.0            0.0  2016    0.0     0.0    0.0
 MONTH TO DATE     0.0                         0.0     0.0    0.0
 SINCE JUN 1       0.0                         0.0     0.0    0.0
 SINCE JUL 1       0.0                         0.0     0.0    0.0
 SNOW DEPTH (IN)     0                                          0

DEGREE DAYS
 HEATING
  YESTERDAY          6                           8      -2      8
  MONTH TO DATE     63                         179    -116    150
  SINCE JUN 1      453                         683    -230    457
  SINCE JUL 1      184                         385    -201    269

 COOLING
  YESTERDAY          0                           0       0      0
  MONTH TO DATE     35                           0      35      0
  SINCE JUN 1       55                           0      55     37
  SINCE JAN 1       57                           0      57     37
...................................................................

WIND (MPH)
 HIGHEST WIND SPEED    20     HIGHEST WIND DIRECTION    130
 HIGHEST GUST SPEED    29     HIGHEST GUST DIRECTION    120
 AVERAGE WIND SPEED   9.6

SKY COVER
  POSSIBLE SUNSHINE    MM          AVERAGE SKY COVER     MM

WEATHER CONDITIONS
 THE FOLLOWING WEATHER WAS RECORDED YESTERDAY.
  FOG
RAIN


RELATIVE HUMIDITY
 HIGHEST RH     MM PERCENT       MM
 LOWEST  RH     MM PERCENT       MM
 AVERAGE RH     MM PERCENT       MM
...................................................................

THE ANNETTE CLIMATE NORMALS FOR TODAY
                           NORMAL    RECORD   YEAR
 MAXIMUM TEMPERATURE (F)     63        83     1974
 MINIMUM TEMPERATURE (F)     51        41     1960

SUNRISE AND SUNSET
 AUG 30 2016..........SUNRISE  5:51 AM      SUNSET  7:42 PM
 AUG 31 2016..........SUNRISE  5:52 AM      SUNSET  7:40 PM

-  INDICATES NEGATIVE NUMBERS.
R  INDICATES RECORD HAS BEEN SET OR TIED.
MM INDICATES DATA IS MISSING.
T  INDICATES TRACE OF PRECIPITATION.

&&
-------------------------------------------------------------------

AMOUNT OF DAYLIGHT TODAY  (HOUR:MIN)........13 HOURS 51 MINUTES
GAIN/LOSS SINCE YESTERDAY (HOUR:MIN:SEC)....-0:04:21

$$
JH AUG 16
