000
CDAK47 PANT 290907
CLIANN

CLIMATE REPORT
NATIONAL WEATHER SERVICE ANNETTE, AK
1207 AM AKST THU JAN 29 2015

...................................
...THE ANNETTE WSO AP CLIMATE SUMMARY FOR JANUARY 28 2015...

CLIMATE NORMAL PERIOD  1981 TO  2010
CLIMATE RECORD PERIOD  1948 TO  2015

WEATHER ITEM   OBSERVED TIME    RECORD YEAR NORMAL DEPARTURE LAST
               VALUE    (LST)   VALUE       VALUE  FROM      YEAR
                                                   NORMAL
...................................................................
TEMPERATURE
YESTERDAY
 MAXIMUM            45  1159 PM    53  1995     42       3     44
 MINIMUM            40  0742 AM     5  1969     33       7     38
 AVERAGE            43                          37       6     41

PRECIPITATION
(INCHES)
 YESTERDAY        1.47           2.28  1960   0.32    1.15   0.28
 MONTH TO DATE   14.19                        9.78    4.41   8.13
 SINCE DEC 1     27.15                       20.50    6.65  26.51
 SINCE JAN 1     14.19                        9.78    4.41   8.13

SNOWFALL
(INCHES)
 YESTERDAY         0.0            4.2  2009    0.2    -0.2    0.0
 MONTH TO DATE     3.3                         6.9    -3.6    1.0
 SINCE DEC 1       3.7                        15.0   -11.3    4.4
 SINCE JUL 1       7.9                        18.6   -10.7   10.1
 SNOW DEPTH (IN)     0                                          0

DEGREE DAYS
 HEATING
  YESTERDAY         22                          28      -6     24
  MONTH TO DATE    626                         784    -158    724
  SINCE DEC 1     1342                        1645    -303   1623
  SINCE JUL 1     3347                        3695    -348   3437

 COOLING
  YESTERDAY          0                           0       0      0
  MONTH TO DATE      0                           0       0      0
  SINCE DEC 1        0                           0       0      0
  SINCE JAN 1        0                           0       0      0
...................................................................

WIND (MPH)
 HIGHEST WIND SPEED    28     HIGHEST WIND DIRECTION    140
 HIGHEST GUST SPEED    39     HIGHEST GUST DIRECTION    130
 AVERAGE WIND SPEED  17.0

SKY COVER
  POSSIBLE SUNSHINE    MM          AVERAGE SKY COVER     MM

WEATHER CONDITIONS
 THE FOLLOWING WEATHER WAS RECORDED YESTERDAY.
  FOG
RAIN


RELATIVE HUMIDITY
 HIGHEST RH     MM PERCENT       MM
 LOWEST  RH     MM PERCENT       MM
 AVERAGE RH     MM PERCENT       MM
...................................................................

THE ANNETTE CLIMATE NORMALS FOR TODAY
                           NORMAL    RECORD   YEAR
 MAXIMUM TEMPERATURE (F)     42        52     2010
 MINIMUM TEMPERATURE (F)     33         4     1996

SUNRISE AND SUNSET
 JAN 29 2015..........SUNRISE  7:43 AM      SUNSET  4:18 PM
 JAN 30 2015..........SUNRISE  7:41 AM      SUNSET  4:20 PM

-  INDICATES NEGATIVE NUMBERS.
R  INDICATES RECORD HAS BEEN SET OR TIED.
MM INDICATES DATA IS MISSING.
T  INDICATES TRACE OF PRECIPITATION.

&&
-------------------------------------------------------------------

AMOUNT OF DAYLIGHT TODAY  (HOUR:MIN)........8 HOURS 35 MINUTES
GAIN/LOSS SINCE YESTERDAY (HOUR:MIN:SEC)....+0:03:44

$$
JZ JAN 15
