000
CDUS45 KBOU 270725
CLIAPA


CLIMATE REPORT
NATIONAL WEATHER SERVICE DENVER/BOULDER CO
125 AM MDT MON MAR 27 2017


...................................

...THE CENTENNIAL CO CLIMATE SUMMARY FOR MARCH 26 2017...

CLIMATE NORMAL PERIOD 1981 TO 2010
CLIMATE RECORD PERIOD 9999 TO 9999


WEATHER ITEM   OBSERVED RECORD YEAR NORMAL DEPARTURE LAST
                VALUE   VALUE       VALUE  FROM      YEAR
                                           NORMAL
...........................................................
TEMPERATURE (F)
 YESTERDAY
  MAXIMUM         51     MM      MM  55     -4       30
  MINIMUM         38     MM      MM  29      9       19
  AVERAGE         45                 42      3       25

PRECIPITATION (IN)
  YESTERDAY        T     MM      MM   0.05  -0.05     0.04
  MONTH TO DATE    0.53               0.85  -0.32     1.21
  SINCE MAR 1      0.53               0.85  -0.32     1.21
  SINCE JAN 1      0.74               1.78  -1.04     1.69

DEGREE DAYS
 HEATING
  YESTERDAY       20
  MONTH TO DATE  425

 COOLING
  YESTERDAY        0
  MONTH TO DATE    0
...........................................................


WIND (MPH)
  RESULTANT WIND SPEED   4   RESULTANT WIND DIRECTION   N (10)
  HIGHEST WIND SPEED    18   HIGHEST WIND DIRECTION     N (360)
  HIGHEST GUST SPEED    22   HIGHEST GUST DIRECTION     N (350)


SKY COVER
  POSSIBLE SUNSHINE  MM
  AVERAGE SKY COVER 0.8


WEATHER CONDITIONS
 THE FOLLOWING WEATHER WAS RECORDED YESTERDAY.
  LIGHT RAIN


RELATIVE HUMIDITY (PERCENT)
 HIGHEST    82
 LOWEST     50
 AVERAGE    66

..........................................................


THE CENTENNIAL CO CLIMATE NORMALS FOR TODAY
                         NORMAL    RECORD    YEAR
 MAXIMUM TEMPERATURE (F)   55        MM        MM
 MINIMUM TEMPERATURE (F)   29        MM        MM


SUNRISE AND SUNSET
MARCH 27 2017.........SUNRISE   651 AM MDT   SUNSET   719 PM MDT
MARCH 28 2017.........SUNRISE   650 AM MDT   SUNSET   720 PM MDT


-  INDICATES NEGATIVE NUMBERS.
R  INDICATES RECORD WAS SET OR TIED.
MM INDICATES DATA IS MISSING.
T  INDICATES TRACE AMOUNT.




$$
