000
CDUS45 KBOU 240725
CLIAPA


CLIMATE REPORT
NATIONAL WEATHER SERVICE DENVER/BOULDER CO
125 AM MDT MON APR 24 2017


...................................

...THE CENTENNIAL CO CLIMATE SUMMARY FOR APRIL 23 2017...

CLIMATE NORMAL PERIOD 1981 TO 2010
CLIMATE RECORD PERIOD 9999 TO 9999


WEATHER ITEM   OBSERVED RECORD YEAR NORMAL DEPARTURE LAST
                VALUE   VALUE       VALUE  FROM      YEAR
                                           NORMAL
...........................................................
TEMPERATURE (F)
 YESTERDAY
  MAXIMUM         76     MM      MM  61     15       75
  MINIMUM         39     MM      MM  35      4       43
  AVERAGE         58                 48     10       59

PRECIPITATION (IN)
  YESTERDAY        0.00  MM      MM   0.08  -0.08     0.00
  MONTH TO DATE    0.67               1.56  -0.89     1.34
  SINCE MAR 1      1.54               2.69  -1.15     2.69
  SINCE JAN 1      1.75               3.62  -1.87     3.17

DEGREE DAYS
 HEATING
  YESTERDAY        7
  MONTH TO DATE  346

 COOLING
  YESTERDAY        0
  MONTH TO DATE    0
...........................................................


WIND (MPH)
  RESULTANT WIND SPEED   8   RESULTANT WIND DIRECTION   S (170)
  HIGHEST WIND SPEED    24   HIGHEST WIND DIRECTION    SE (150)
  HIGHEST GUST SPEED    31   HIGHEST GUST DIRECTION    SE (150)


SKY COVER
  POSSIBLE SUNSHINE  MM
  AVERAGE SKY COVER 0.6


WEATHER CONDITIONS
 THE FOLLOWING WEATHER WAS RECORDED YESTERDAY.
  NO SIGNIFICANT WEATHER WAS OBSERVED.


RELATIVE HUMIDITY (PERCENT)
 HIGHEST    70
 LOWEST     12
 AVERAGE    41

..........................................................


THE CENTENNIAL CO CLIMATE NORMALS FOR TODAY
                         NORMAL    RECORD    YEAR
 MAXIMUM TEMPERATURE (F)   61        MM        MM
 MINIMUM TEMPERATURE (F)   36        MM        MM


SUNRISE AND SUNSET
APRIL 24 2017.........SUNRISE   609 AM MDT   SUNSET   747 PM MDT
APRIL 25 2017.........SUNRISE   608 AM MDT   SUNSET   748 PM MDT


-  INDICATES NEGATIVE NUMBERS.
R  INDICATES RECORD WAS SET OR TIED.
MM INDICATES DATA IS MISSING.
T  INDICATES TRACE AMOUNT.




$$
