000
CDUS42 KMFL 062016
CLIAPF


CLIMATE REPORT
NATIONAL WEATHER SERVICE MIAMI, FL
416 PM EDT FRI MAY 6 2016


...................................

...THE NAPLES CLIMATE SUMMARY FOR MAY 6 2016...
VALID TODAY AS OF 0400 PM LOCAL TIME.

CLIMATE NORMAL PERIOD 1981 TO 2010
CLIMATE RECORD PERIOD 1942 TO 2016


WEATHER ITEM   OBSERVED TIME   RECORD YEAR NORMAL DEPARTURE LAST
                VALUE   (LST)  VALUE       VALUE  FROM      YEAR
                                                  NORMAL
..................................................................
TEMPERATURE (F)
 TODAY
  MAXIMUM         78    246 PM  94    2002  87     -9       86
  MINIMUM         64    607 AM  52    1963  67     -3       69
  AVERAGE         71                        77     -6       78

PRECIPITATION (IN)
  TODAY            0.00          0.50 1985   0.09  -0.09     0.00
  MONTH TO DATE    0.69                      0.45   0.24     0.00
  SINCE NOV 1     14.93                     12.63   2.30     6.14
  SINCE JAN 1     10.31                      9.14   1.17     4.84

SNOWFALL (IN)
  TODAY            0.0
  MONTH TO DATE    0.0
  SINCE MAR 1      0.0
  SINCE JUL 1      0.0
  SNOW DEPTH       0

DEGREE DAYS
 HEATING
  TODAY            0                         0      0        0
  MONTH TO DATE    0                         0      0        0
  SINCE MAR 1      4                        27    -23        1
  SINCE JUL 1    142                       260   -118      198

 COOLING
  TODAY            6                        12     -6       13
  MONTH TO DATE   78                        67     11       63
  SINCE MAR 1    660                       496    164      780
  SINCE JAN 1    822                       687    135      956
..................................................................


WIND (MPH)
  HIGHEST WIND SPEED    18   HIGHEST WIND DIRECTION     W (290)
  HIGHEST GUST SPEED    26   HIGHEST GUST DIRECTION     W (280)
  AVERAGE WIND SPEED     7.8


SKY COVER
  AVERAGE SKY COVER 0.2


WEATHER CONDITIONS
 THE FOLLOWING WEATHER WAS RECORDED TODAY.
  NO SIGNIFICANT WEATHER WAS OBSERVED.


RELATIVE HUMIDITY (PERCENT)
 HIGHEST    68
 LOWEST     33
 AVERAGE    51

..........................................................


THE NAPLES CLIMATE NORMALS FOR TOMORROW
                         NORMAL    RECORD    YEAR
 MAXIMUM TEMPERATURE (F)   87        94      1984
 MINIMUM TEMPERATURE (F)   67        55      1970
                                             1962
                                             1945


SUNRISE AND SUNSET
MAY  6 2016...........SUNRISE   646 AM EDT   SUNSET   802 PM EDT
MAY  7 2016...........SUNRISE   645 AM EDT   SUNSET   802 PM EDT


-  INDICATES NEGATIVE NUMBERS.
R  INDICATES RECORD WAS SET OR TIED.
MM INDICATES DATA IS MISSING.
T  INDICATES TRACE AMOUNT.




$$
