000
CDUS42 KMFL 282119
CLIAPF


CLIMATE REPORT
NATIONAL WEATHER SERVICE MIAMI, FL
419 PM EST WED JAN 28 2015


...................................

...THE NAPLES CLIMATE SUMMARY FOR JANUARY 28 2015...
VALID TODAY AS OF 0400 PM LOCAL TIME.

CLIMATE NORMAL PERIOD 1981 TO 2010
CLIMATE RECORD PERIOD 1942 TO 2015


WEATHER ITEM   OBSERVED TIME   RECORD YEAR NORMAL DEPARTURE LAST
                VALUE   (LST)  VALUE       VALUE  FROM      YEAR
                                                  NORMAL
..................................................................
TEMPERATURE (F)
 TODAY
  MAXIMUM         68    351 PM  87    1975  75     -7       80
  MINIMUM         53    749 AM  32    1986  55     -2       61
  AVERAGE         61                        65     -4       71

PRECIPITATION (IN)
  TODAY            0.00          0.62 1979   0.07  -0.07     0.00
  MONTH TO DATE    0.10                      1.62  -1.52     0.54
  SINCE NOV 1      1.40                      5.11  -3.71     1.64
  SINCE JAN 1      0.10                      1.62  -1.52     0.54

SNOWFALL (IN)
  TODAY            0.0
  MONTH TO DATE    0.0
  SINCE DEC 1      0.0
  SINCE JUL 1      0.0
  SNOW DEPTH       0

DEGREE DAYS
 HEATING
  TODAY            4                         3      1
  MONTH TO DATE   28                        97    -69
  SINCE DEC 1     79                       161    -82
  SINCE JUL 1    108                       175    -67

 COOLING
  TODAY            0                         2     -2
  MONTH TO DATE  117                        82     35
  SINCE DEC 1    267                       202     65
  SINCE JAN 1    117                        82     35
..................................................................


WIND (MPH)
  HIGHEST WIND SPEED    15   HIGHEST WIND DIRECTION     N (10)
  HIGHEST GUST SPEED    21   HIGHEST GUST DIRECTION     N (340)
  AVERAGE WIND SPEED     8.5


SKY COVER
  AVERAGE SKY COVER 0.1


WEATHER CONDITIONS
 THE FOLLOWING WEATHER WAS RECORDED TODAY.
  NO SIGNIFICANT WEATHER WAS OBSERVED.


RELATIVE HUMIDITY (PERCENT)
 HIGHEST    77
 LOWEST     28
 AVERAGE    53

..........................................................


THE NAPLES CLIMATE NORMALS FOR TOMORROW
                         NORMAL    RECORD    YEAR
 MAXIMUM TEMPERATURE (F)   75        86      2002
                                             1975
 MINIMUM TEMPERATURE (F)   55        33      1986


SUNRISE AND SUNSET
JANUARY 28 2015.......SUNRISE   713 AM EST   SUNSET   607 PM EST
JANUARY 29 2015.......SUNRISE   713 AM EST   SUNSET   608 PM EST


-  INDICATES NEGATIVE NUMBERS.
R  INDICATES RECORD WAS SET OR TIED.
MM INDICATES DATA IS MISSING.
T  INDICATES TRACE AMOUNT.




$$
