000
CDUS42 KMFL 220025
CLIAPF


CLIMATE REPORT
NATIONAL WEATHER SERVICE MIAMI, FL
825 PM EDT TUE OCT 21 2014


...................................

...THE NAPLES CLIMATE SUMMARY FOR OCTOBER 21 2014...
VALID TODAY AS OF 0500 PM LOCAL TIME.

CLIMATE NORMAL PERIOD 1981 TO 2010
CLIMATE RECORD PERIOD 1942 TO 2014


WEATHER ITEM   OBSERVED TIME   RECORD YEAR NORMAL DEPARTURE LAST
                VALUE   (LST)  VALUE       VALUE  FROM      YEAR
                                                  NORMAL
..................................................................
TEMPERATURE (F)
 TODAY
  MAXIMUM         79   1216 PM  93    1993  86     -7       88
  MINIMUM         74    729 AM  48    1989  69      5       75
  AVERAGE         77                        78     -1       82

PRECIPITATION (IN)
  TODAY            0.00          1.55 1959   0.10  -0.10     0.00
  MONTH TO DATE    1.43                      3.31  -1.88     1.24
  SINCE JUN 1     40.53                     35.67   4.86    37.88
  SINCE JAN 1     49.36                     47.52   1.84    48.22

SNOWFALL (IN)
  TODAY            0.0
  MONTH TO DATE    0.0
  SINCE SEP 1      0.0
  SINCE JUL 1      0.0
  SNOW DEPTH       0

DEGREE DAYS
 HEATING
  TODAY            0                         0      0
  MONTH TO DATE    0                         0      0
  SINCE SEP 1      0                         0      0
  SINCE JUL 1      0                         0      0

 COOLING
  TODAY           12                        13     -1
  MONTH TO DATE  308                       303      5
  SINCE SEP 1    827                       823      4
  SINCE JAN 1   3697                      3480    217
..................................................................


WIND (MPH)
  HIGHEST WIND SPEED    14   HIGHEST WIND DIRECTION     S (170)
  HIGHEST GUST SPEED    22   HIGHEST GUST DIRECTION    SW (210)
  AVERAGE WIND SPEED     7.3


SKY COVER
  AVERAGE SKY COVER 0.5


WEATHER CONDITIONS
 THE FOLLOWING WEATHER WAS RECORDED TODAY.
  NO SIGNIFICANT WEATHER WAS OBSERVED.


RELATIVE HUMIDITY (PERCENT)
 HIGHEST    93
 LOWEST     74
 AVERAGE    84

..........................................................


THE NAPLES CLIMATE NORMALS FOR TOMORROW
                         NORMAL    RECORD    YEAR
 MAXIMUM TEMPERATURE (F)   86        94      1983
 MINIMUM TEMPERATURE (F)   69        51      1976


SUNRISE AND SUNSET
OCTOBER 21 2014.......SUNRISE   729 AM EDT   SUNSET   654 PM EDT
OCTOBER 22 2014.......SUNRISE   730 AM EDT   SUNSET   653 PM EDT


-  INDICATES NEGATIVE NUMBERS.
R  INDICATES RECORD WAS SET OR TIED.
MM INDICATES DATA IS MISSING.
T  INDICATES TRACE AMOUNT.




$$
