000
CDUS42 KMFL 270922
CLIAPF


CLIMATE REPORT
NATIONAL WEATHER SERVICE MIAMI, FL
422 AM EST MON FEB 27 2017


...................................

...THE NAPLES CLIMATE SUMMARY FOR FEBRUARY 26 2017...

CLIMATE NORMAL PERIOD 1981 TO 2010
CLIMATE RECORD PERIOD 1942 TO 2017


WEATHER ITEM   OBSERVED TIME   RECORD YEAR NORMAL DEPARTURE LAST
                VALUE   (LST)  VALUE       VALUE  FROM      YEAR
                                                  NORMAL
..................................................................
TEMPERATURE (F)
 YESTERDAY
  MAXIMUM         85    327 PM  89    1962  78      7       69
  MINIMUM         65    701 AM  31    1967  58      7       49
  AVERAGE         75                        68      7       59

PRECIPITATION (IN)
  YESTERDAY        0.00          0.92 1952   0.08  -0.08     0.00
  MONTH TO DATE    1.13                      1.96  -0.83     1.16
  SINCE NOV 1      2.27                      7.30  -5.03    13.32
  SINCE JAN 1      1.92                      3.81  -1.89     8.70

SNOWFALL (IN)
  YESTERDAY        0.0
  MONTH TO DATE    0.0
  SINCE DEC 1      0.0
  SINCE JUL 1      0.0
  SNOW DEPTH       0

DEGREE DAYS
 HEATING
  YESTERDAY        0                         1     -1        6
  MONTH TO DATE    3                        47    -44       61
  SINCE DEC 1     52                       213   -161      128
  SINCE JUL 1     56                       227   -171      128

 COOLING
  YESTERDAY       10                         5      5        0
  MONTH TO DATE  144                        97     47       79
  SINCE DEC 1    565                       303    262      515
  SINCE JAN 1    298                       183    115      159
..................................................................


WIND (MPH)
  HIGHEST WIND SPEED    14   HIGHEST WIND DIRECTION    NE (60)
  HIGHEST GUST SPEED    23   HIGHEST GUST DIRECTION     N (10)
  AVERAGE WIND SPEED     8.2


SKY COVER
  AVERAGE SKY COVER 0.2


WEATHER CONDITIONS
 THE FOLLOWING WEATHER WAS RECORDED YESTERDAY.
  NO SIGNIFICANT WEATHER WAS OBSERVED.


RELATIVE HUMIDITY (PERCENT)
 HIGHEST    93
 LOWEST     43
 AVERAGE    68

..........................................................


THE NAPLES CLIMATE NORMALS FOR TODAY
                         NORMAL    RECORD    YEAR
 MAXIMUM TEMPERATURE (F)   79        87      1971
                                             1962
 MINIMUM TEMPERATURE (F)   58        33      1974


SUNRISE AND SUNSET
FEBRUARY 27 2017......SUNRISE   652 AM EST   SUNSET   628 PM EST
FEBRUARY 28 2017......SUNRISE   651 AM EST   SUNSET   628 PM EST


-  INDICATES NEGATIVE NUMBERS.
R  INDICATES RECORD WAS SET OR TIED.
MM INDICATES DATA IS MISSING.
T  INDICATES TRACE AMOUNT.




$$
