000
CDUS42 KMFL 250825
CLIAPF


CLIMATE REPORT
NATIONAL WEATHER SERVICE MIAMI, FL
425 AM EDT FRI JUL 25 2014


...................................

...THE NAPLES CLIMATE SUMMARY FOR JULY 24 2014...

CLIMATE NORMAL PERIOD 1981 TO 2010
CLIMATE RECORD PERIOD 1942 TO 2014


WEATHER ITEM   OBSERVED TIME   RECORD YEAR NORMAL DEPARTURE LAST
                VALUE   (LST)  VALUE       VALUE  FROM      YEAR
                                                  NORMAL
..................................................................
TEMPERATURE (F)
 YESTERDAY
  MAXIMUM         90    203 PM  97    1998  91     -1       88
  MINIMUM         78   1014 AM  68    1981  75      3       79
  AVERAGE         84                        83      1       84

PRECIPITATION (IN)
  YESTERDAY        0.71          2.06 1985   0.21   0.50     0.00
  MONTH TO DATE    5.40                      5.83  -0.43     8.41
  SINCE JUN 1     13.58                     14.65  -1.07    17.17
  SINCE JAN 1     22.41                     26.50  -4.09    27.51

SNOWFALL (IN)
  YESTERDAY        0.0
  MONTH TO DATE    0.0
  SINCE JUN 1      0.0
  SINCE JUL 1      0.0
  SNOW DEPTH       0

DEGREE DAYS
 HEATING
  YESTERDAY        0                         0      0
  MONTH TO DATE    0                         0      0
  SINCE JUN 1      0                         0      0
  SINCE JUL 1      0                         0      0

 COOLING
  YESTERDAY       19                        18      1
  MONTH TO DATE  432                       432      0
  SINCE JUN 1    939                       939      0
  SINCE JAN 1   2128                      1967    161
..................................................................


WIND (MPH)
  HIGHEST WIND SPEED    22   HIGHEST WIND DIRECTION     S (190)
  HIGHEST GUST SPEED    28   HIGHEST GUST DIRECTION     S (190)
  AVERAGE WIND SPEED     4.3


SKY COVER
  AVERAGE SKY COVER 0.1


WEATHER CONDITIONS
 THE FOLLOWING WEATHER WAS RECORDED YESTERDAY.
  HEAVY RAIN
  FOG


RELATIVE HUMIDITY (PERCENT)
 HIGHEST   100
 LOWEST     70
 AVERAGE    85

..........................................................


THE NAPLES CLIMATE NORMALS FOR TODAY
                         NORMAL    RECORD    YEAR
 MAXIMUM TEMPERATURE (F)   91        97      1998
 MINIMUM TEMPERATURE (F)   75        63      2001


SUNRISE AND SUNSET
JULY 25 2014..........SUNRISE   649 AM EDT   SUNSET   818 PM EDT
JULY 26 2014..........SUNRISE   650 AM EDT   SUNSET   817 PM EDT


-  INDICATES NEGATIVE NUMBERS.
R  INDICATES RECORD WAS SET OR TIED.
MM INDICATES DATA IS MISSING.
T  INDICATES TRACE AMOUNT.




$$
