551
CDUS42 KMFL 100936
CLIAPF


CLIMATE REPORT
NATIONAL WEATHER SERVICE MIAMI, FL
436 AM EST SAT DEC 10 2016


...................................

...THE NAPLES CLIMATE SUMMARY FOR DECEMBER 9 2016...

CLIMATE NORMAL PERIOD 1981 TO 2010
CLIMATE RECORD PERIOD 1942 TO 2016


WEATHER ITEM   OBSERVED TIME   RECORD YEAR NORMAL DEPARTURE LAST
                VALUE   (LST)  VALUE       VALUE  FROM      YEAR
                                                  NORMAL
..................................................................
TEMPERATURE (F)
 YESTERDAY
  MAXIMUM         72   1246 PM  88    2001  77     -5       83
  MINIMUM         60   1159 PM  43    1984  58      2       67
                                      1976
                                      1973
  AVERAGE         66                        68     -2       75

PRECIPITATION (IN)
  YESTERDAY        T             1.11 1989   0.05  -0.05     0.00
  MONTH TO DATE    0.10                      0.42  -0.32     1.53
  SINCE NOV 1      0.10                      2.46  -2.36     4.51
  SINCE JAN 1     44.30                     50.86  -6.56    39.59

SNOWFALL (IN)
  YESTERDAY        0.0
  MONTH TO DATE    0.0
  SINCE DEC 1      0.0
  SINCE JUL 1      0.0
  SNOW DEPTH       0

DEGREE DAYS
 HEATING
  YESTERDAY        0                         2     -2        0
  MONTH TO DATE    0                        13    -13        0
  SINCE DEC 1      0                        13    -13        0
  SINCE JUL 1      4                        27    -23        0

 COOLING
  YESTERDAY        1                         5     -4       10
  MONTH TO DATE   87                        45     42       88
  SINCE DEC 1     87                        45     42       88
  SINCE JAN 1   4239                      3864    375     4570
..................................................................


WIND (MPH)
  HIGHEST WIND SPEED    18   HIGHEST WIND DIRECTION    NE (50)
  HIGHEST GUST SPEED    27   HIGHEST GUST DIRECTION     N (10)
  AVERAGE WIND SPEED    13.1


SKY COVER
  AVERAGE SKY COVER 0.7


WEATHER CONDITIONS
 THE FOLLOWING WEATHER WAS RECORDED YESTERDAY.
  LIGHT RAIN


RELATIVE HUMIDITY (PERCENT)
 HIGHEST    78
 LOWEST     61
 AVERAGE    70

..........................................................


THE NAPLES CLIMATE NORMALS FOR TODAY
                         NORMAL    RECORD    YEAR
 MAXIMUM TEMPERATURE (F)   77        88      2001
 MINIMUM TEMPERATURE (F)   58        39      1996
                                             1981
                                             1974


SUNRISE AND SUNSET
DECEMBER 10 2016......SUNRISE   704 AM EST   SUNSET   536 PM EST
DECEMBER 11 2016......SUNRISE   705 AM EST   SUNSET   537 PM EST


-  INDICATES NEGATIVE NUMBERS.
R  INDICATES RECORD WAS SET OR TIED.
MM INDICATES DATA IS MISSING.
T  INDICATES TRACE AMOUNT.




$$
