000
CDUS42 KMFL 190827
CLIAPF


CLIMATE REPORT
NATIONAL WEATHER SERVICE MIAMI, FL
427 AM EDT TUE SEP 19 2017


...................................

...THE NAPLES CLIMATE SUMMARY FOR SEPTEMBER 18 2017...

CLIMATE NORMAL PERIOD 1981 TO 2010
CLIMATE RECORD PERIOD 1942 TO 2017


WEATHER ITEM   OBSERVED TIME   RECORD YEAR NORMAL DEPARTURE LAST
                VALUE   (LST)  VALUE       VALUE  FROM      YEAR
                                                  NORMAL
..................................................................
TEMPERATURE (F)
 YESTERDAY
  MAXIMUM         88    155 PM  95    2005  90     -2       89
                                      1974
  MINIMUM         75    632 AM  66    1985  75      0       78
  AVERAGE         82                        82      0       84

PRECIPITATION (IN)
  YESTERDAY        0.00          2.49 2000   0.28  -0.28     0.00
  MONTH TO DATE    3.09                      4.64  -1.55     4.00
  SINCE JUN 1     44.51                     29.31  15.20    25.93
  SINCE JAN 1     50.14                     41.16   8.98    38.03

SNOWFALL (IN)
  YESTERDAY        0.0
  MONTH TO DATE    0.0
  SINCE SEP 1      0.0
  SINCE JUL 1      0.0
  SNOW DEPTH       0

DEGREE DAYS
 HEATING
  YESTERDAY        0                         0      0        0
  MONTH TO DATE    0                         0      0        0
  SINCE SEP 1      0                         0      0        0
  SINCE JUL 1      0                         0      0        0

 COOLING
  YESTERDAY       17                        17      0       19
  MONTH TO DATE  254                       321    -67      337
  SINCE SEP 1    254                       321    -67      337
  SINCE JAN 1   3294                      2978    316     3253
..................................................................


WIND (MPH)
  HIGHEST WIND SPEED    22   HIGHEST WIND DIRECTION     W (290)
  HIGHEST GUST SPEED    25   HIGHEST GUST DIRECTION     W (280)
  AVERAGE WIND SPEED     8.2


SKY COVER
  AVERAGE SKY COVER 0.1


WEATHER CONDITIONS
 THE FOLLOWING WEATHER WAS RECORDED YESTERDAY.
  NO SIGNIFICANT WEATHER WAS OBSERVED.


RELATIVE HUMIDITY (PERCENT)
 HIGHEST    88
 LOWEST     55
 AVERAGE    72

..........................................................


THE NAPLES CLIMATE NORMALS FOR TODAY
                         NORMAL    RECORD    YEAR
 MAXIMUM TEMPERATURE (F)   90        95      1944
 MINIMUM TEMPERATURE (F)   75        67      1981


SUNRISE AND SUNSET
SEPTEMBER 19 2017.....SUNRISE   714 AM EDT   SUNSET   726 PM EDT
SEPTEMBER 20 2017.....SUNRISE   715 AM EDT   SUNSET   725 PM EDT


-  INDICATES NEGATIVE NUMBERS.
R  INDICATES RECORD WAS SET OR TIED.
MM INDICATES DATA IS MISSING.
T  INDICATES TRACE AMOUNT.




$$
