000
CDUS42 KMFL 272017
CLIAPF


CLIMATE REPORT
NATIONAL WEATHER SERVICE MIAMI, FL
417 PM EDT FRI MAR 27 2015


...................................

...THE NAPLES CLIMATE SUMMARY FOR MARCH 27 2015...
VALID TODAY AS OF 0400 PM LOCAL TIME.

CLIMATE NORMAL PERIOD 1981 TO 2010
CLIMATE RECORD PERIOD 1942 TO 2015


WEATHER ITEM   OBSERVED TIME   RECORD YEAR NORMAL DEPARTURE LAST
                VALUE   (LST)  VALUE       VALUE  FROM      YEAR
                                                  NORMAL
..................................................................
TEMPERATURE (F)
 TODAY
  MAXIMUM         82    119 PM  90    2002  81      1       78
  MINIMUM         69    259 PM  43    1979  61      8       54
  AVERAGE         76                        71      5       66

PRECIPITATION (IN)
  TODAY            0.48          1.24 1987   0.08   0.40     0.00
  MONTH TO DATE    0.76                      1.99  -1.23     1.37
  SINCE NOV 1      3.70                      9.43  -5.73     5.63
  SINCE JAN 1      2.40                      5.94  -3.54     4.53

SNOWFALL (IN)
  TODAY            0.0
  MONTH TO DATE    0.0
  SINCE MAR 1      0.0
  SINCE JUL 1      0.0
  SNOW DEPTH       0

DEGREE DAYS
 HEATING
  TODAY            0                         0      0        0
  MONTH TO DATE    0                        19    -19        7
  SINCE MAR 1      0                        19    -19        7
  SINCE JUL 1    197                       252    -55      149

 COOLING
  TODAY           11                         6      5        1
  MONTH TO DATE  297                       147    150      135
  SINCE MAR 1    297                       147    150      135
  SINCE JAN 1    473                       338    135      408
..................................................................


WIND (MPH)
  HIGHEST WIND SPEED    31   HIGHEST WIND DIRECTION     W (280)
  HIGHEST GUST SPEED    42   HIGHEST GUST DIRECTION     W (280)
  AVERAGE WIND SPEED    10.4


SKY COVER
  AVERAGE SKY COVER 0.5


WEATHER CONDITIONS
 THE FOLLOWING WEATHER WAS RECORDED TODAY.
  THUNDERSTORM
  HEAVY RAIN
  LIGHT RAIN
  FOG
  FOG W/VISIBILITY <= 1/4 MILE
  HAZE


RELATIVE HUMIDITY (PERCENT)
 HIGHEST    94
 LOWEST     58
 AVERAGE    76

..........................................................


THE NAPLES CLIMATE NORMALS FOR TOMORROW
                         NORMAL    RECORD    YEAR
 MAXIMUM TEMPERATURE (F)   81        91      1975
 MINIMUM TEMPERATURE (F)   61        44      1969


SUNRISE AND SUNSET
MARCH 27 2015.........SUNRISE   724 AM EDT   SUNSET   742 PM EDT
MARCH 28 2015.........SUNRISE   723 AM EDT   SUNSET   742 PM EDT


-  INDICATES NEGATIVE NUMBERS.
R  INDICATES RECORD WAS SET OR TIED.
MM INDICATES DATA IS MISSING.
T  INDICATES TRACE AMOUNT.




$$
