000
CDUS42 KMFL 040246
CLIAPF


CLIMATE REPORT
NATIONAL WEATHER SERVICE MIAMI, FL
1046 PM EDT MON AUG 3 2015


...................................

...THE NAPLES CLIMATE SUMMARY FOR AUGUST 3 2015...
VALID TODAY AS OF 0500 PM LOCAL TIME.

CLIMATE NORMAL PERIOD 1981 TO 2010
CLIMATE RECORD PERIOD 1942 TO 2015


WEATHER ITEM   OBSERVED TIME   RECORD YEAR NORMAL DEPARTURE LAST
                VALUE   (LST)  VALUE       VALUE  FROM      YEAR
                                                  NORMAL
..................................................................
TEMPERATURE (F)
 TODAY
  MAXIMUM         91   1108 AM  97    1972  91      0       90
  MINIMUM         77    614 AM  68    1972  75      2       77
  AVERAGE         84                        83      1       84

PRECIPITATION (IN)
  TODAY            T             2.80 2001   0.27  -0.27     0.30
  MONTH TO DATE    T                         0.79  -0.79     0.64
  SINCE JUN 1     16.47                     16.88  -0.41    15.77
  SINCE JAN 1     24.49                     28.73  -4.24    24.60

SNOWFALL (IN)
  TODAY            0.0
  MONTH TO DATE    0.0
  SINCE JUN 1      0.0
  SINCE JUL 1      0.0
  SNOW DEPTH       0

DEGREE DAYS
 HEATING
  TODAY            0                         0      0        0
  MONTH TO DATE    0                         0      0        0
  SINCE JUN 1      0                         0      0        0
  SINCE JUL 1      0                         0      0        0

 COOLING
  TODAY           19                        18      1       19
  MONTH TO DATE   61                        54      7       56
  SINCE JUN 1   1137                      1120     17     1132
  SINCE JAN 1   2492                      2148    344     2321
..................................................................


WIND (MPH)
  HIGHEST WIND SPEED    21   HIGHEST WIND DIRECTION    NW (310)
  HIGHEST GUST SPEED    30   HIGHEST GUST DIRECTION    NW (310)
  AVERAGE WIND SPEED     4.9


SKY COVER
  AVERAGE SKY COVER 0.0


WEATHER CONDITIONS
 THE FOLLOWING WEATHER WAS RECORDED TODAY.
  LIGHT RAIN


RELATIVE HUMIDITY (PERCENT)
 HIGHEST    94
 LOWEST     47
 AVERAGE    71

..........................................................


THE NAPLES CLIMATE NORMALS FOR TOMORROW
                         NORMAL    RECORD    YEAR
 MAXIMUM TEMPERATURE (F)   91        97      1993
                                             1972
 MINIMUM TEMPERATURE (F)   75        67      1972


SUNRISE AND SUNSET
AUGUST  3 2015........SUNRISE   654 AM EDT   SUNSET   813 PM EDT
AUGUST  4 2015........SUNRISE   654 AM EDT   SUNSET   812 PM EDT


-  INDICATES NEGATIVE NUMBERS.
R  INDICATES RECORD WAS SET OR TIED.
MM INDICATES DATA IS MISSING.
T  INDICATES TRACE AMOUNT.




$$
