000
CDUS42 KMFL 312018
CLIAPF


CLIMATE REPORT
NATIONAL WEATHER SERVICE MIAMI, FL
417 PM EDT FRI OCT 31 2014


...................................

...THE NAPLES CLIMATE SUMMARY FOR OCTOBER 31 2014...
VALID TODAY AS OF 0400 PM LOCAL TIME.

CLIMATE NORMAL PERIOD 1981 TO 2010
CLIMATE RECORD PERIOD 1942 TO 2014


WEATHER ITEM   OBSERVED TIME   RECORD YEAR NORMAL DEPARTURE LAST
                VALUE   (LST)  VALUE       VALUE  FROM      YEAR
                                                  NORMAL
..................................................................
TEMPERATURE (F)
 TODAY
  MAXIMUM         82   1131 AM  90    1981  84     -2       88
                                      1972
  MINIMUM         71    509 AM  52    1968  67      4       67
                                      1953
  AVERAGE         77                        75      2       78

PRECIPITATION (IN)
  TODAY            0.00          0.86 1986   0.08  -0.08     0.00
  MONTH TO DATE    1.43                      4.19  -2.76     1.24
  SINCE JUN 1     40.53                     36.55   3.98    37.88
  SINCE JAN 1     49.36                     48.40   0.96    48.22

SNOWFALL (IN)
  TODAY            0.0
  MONTH TO DATE    0.0
  SINCE SEP 1      0.0
  SINCE JUL 1      0.0
  SNOW DEPTH       0

DEGREE DAYS
 HEATING
  TODAY            0                         0      0
  MONTH TO DATE    0                         0      0
  SINCE SEP 1      0                         1     -1
  SINCE JUL 1      0                         1     -1

 COOLING
  TODAY           12                        11      1
  MONTH TO DATE  422                       418      4
  SINCE SEP 1    941                       938      3
  SINCE JAN 1   3811                      3595    216
..................................................................


WIND (MPH)
  HIGHEST WIND SPEED    18   HIGHEST WIND DIRECTION    NW (310)
  HIGHEST GUST SPEED    25   HIGHEST GUST DIRECTION    NW (310)
  AVERAGE WIND SPEED     5.3


SKY COVER
  AVERAGE SKY COVER 0.3


WEATHER CONDITIONS
 THE FOLLOWING WEATHER WAS RECORDED TODAY.
  NO SIGNIFICANT WEATHER WAS OBSERVED.


RELATIVE HUMIDITY (PERCENT)
 HIGHEST    93
 LOWEST     58
 AVERAGE    76

..........................................................


THE NAPLES CLIMATE NORMALS FOR TOMORROW
                         NORMAL    RECORD    YEAR
 MAXIMUM TEMPERATURE (F)   84        90      1995
                                             1972
 MINIMUM TEMPERATURE (F)   66        47      1993


SUNRISE AND SUNSET
OCTOBER 31 2014.......SUNRISE   735 AM EDT   SUNSET   646 PM EDT
NOVEMBER  1 2014......SUNRISE   736 AM EDT   SUNSET   645 PM EDT


-  INDICATES NEGATIVE NUMBERS.
R  INDICATES RECORD WAS SET OR TIED.
MM INDICATES DATA IS MISSING.
T  INDICATES TRACE AMOUNT.




$$
