000
CDUS43 KAPX 180543
CLIAPN


CLIMATE REPORT
NATIONAL WEATHER SERVICE GAYLORD MI
1242 AM EST THU DEC 18 2014


...................................

...THE ALPENA MI CLIMATE SUMMARY FOR DECEMBER 17 2014...

CLIMATE NORMAL PERIOD 1981 TO 2010
CLIMATE RECORD PERIOD 1916 TO 2014


WEATHER ITEM   OBSERVED TIME   RECORD YEAR NORMAL DEPARTURE LAST
                VALUE   (LST)  VALUE       VALUE  FROM      YEAR
                                                  NORMAL
..................................................................
TEMPERATURE (F)
 YESTERDAY
  MAXIMUM         36    313 AM  47    2006  31      5       23
                                      1984
  MINIMUM         25   1159 PM -17    1980  18      7        9
  AVERAGE         31                        24      7       16

PRECIPITATION (IN)
  YESTERDAY        0.10          0.92 1921   0.05   0.05     0.07
  MONTH TO DATE    0.76                      1.02  -0.26     1.31
  SINCE DEC 1      0.76                      1.02  -0.26     1.31
  SINCE JAN 1     33.87                     27.43   6.44    30.78

SNOWFALL (IN)
  YESTERDAY        0.5           5.1  1991   0.6   -0.1      0.1
  MONTH TO DATE    0.5                      10.1   -9.6     12.6
  SINCE OCT 1     16.1                      18.2   -2.1     15.2
  SINCE JUL 1     16.1                      18.2   -2.1     15.2
  SNOW DEPTH       T

DEGREE DAYS
 HEATING
  YESTERDAY       34                        41     -7       49
  MONTH TO DATE  605                       644    -39      783
  SINCE DEC 1    605                       644    -39      783
  SINCE JUL 1   2538                      2467     71     2651
..................................................................


WIND (MPH)
  HIGHEST WIND SPEED    16   HIGHEST WIND DIRECTION    NW (330)
  HIGHEST GUST SPEED    22   HIGHEST GUST DIRECTION     W (270)
  AVERAGE WIND SPEED     8.1




RELATIVE HUMIDITY (PERCENT)
 HIGHEST   100
 LOWEST     81
 AVERAGE    91

..........................................................


THE ALPENA MI CLIMATE NORMALS FOR TODAY
                         NORMAL    RECORD    YEAR
 MAXIMUM TEMPERATURE (F)   31        51      1931
 MINIMUM TEMPERATURE (F)   18       -17      1926


SUNRISE AND SUNSET
DECEMBER 18 2014......SUNRISE   808 AM EST   SUNSET   454 PM EST
DECEMBER 19 2014......SUNRISE   809 AM EST   SUNSET   454 PM EST


-  INDICATES NEGATIVE NUMBERS.
R  INDICATES RECORD WAS SET OR TIED.
MM INDICATES DATA IS MISSING.
T  INDICATES TRACE AMOUNT.




$$
