000
CDUS43 KAPX 190547
CLIAPN


CLIMATE REPORT
NATIONAL WEATHER SERVICE GAYLORD MI
1247 AM EST THU JAN 19 2017


...................................

...THE ALPENA MI CLIMATE SUMMARY FOR JANUARY 18 2017...

CLIMATE NORMAL PERIOD 1981 TO 2010
CLIMATE RECORD PERIOD 1916 TO 2017


WEATHER ITEM   OBSERVED TIME   RECORD YEAR NORMAL DEPARTURE LAST
                VALUE   (LST)  VALUE       VALUE  FROM      YEAR
                                                  NORMAL
..................................................................
TEMPERATURE (F)
 YESTERDAY
  MAXIMUM         42    430 PM  52    1996  26     16       18
                                      1973
  MINIMUM         33   1009 AM -23    1948  11     22        5
  AVERAGE         38                        19     19       12

PRECIPITATION (IN)
  YESTERDAY        0.00          0.57 1943   0.05  -0.05     0.06
  MONTH TO DATE    1.62                      1.03   0.59     1.30
  SINCE DEC 1      3.66                      2.78   0.88     5.09
  SINCE JAN 1      1.62                      1.03   0.59     1.30

SNOWFALL (IN)
  YESTERDAY        0.0           7.4  1943   0.7   -0.7      0.6
  MONTH TO DATE   10.0                      12.6   -2.6      8.8
  SINCE OCT 1     37.7                      39.9   -2.2     20.8
  SINCE JUL 1     37.7                      39.9   -2.2     20.8
  SNOW DEPTH       5

DEGREE DAYS
 HEATING
  YESTERDAY       27                        46    -19       53
  MONTH TO DATE  783                       817    -34      777
  SINCE DEC 1   1949                      2055   -106     1652
  SINCE JUL 1   3158                      3878   -720     3025
..................................................................


WIND (MPH)
  HIGHEST WIND SPEED    14   HIGHEST WIND DIRECTION    SW (220)
  HIGHEST GUST SPEED    20   HIGHEST GUST DIRECTION    SW (210)
  AVERAGE WIND SPEED     6.1




RELATIVE HUMIDITY (PERCENT)
 HIGHEST    96
 LOWEST     67
 AVERAGE    82

..........................................................


THE ALPENA MI CLIMATE NORMALS FOR TODAY
                         NORMAL    RECORD    YEAR
 MAXIMUM TEMPERATURE (F)   26        51      1947
 MINIMUM TEMPERATURE (F)   11       -20      1962


SUNRISE AND SUNSET
JANUARY 19 2017.......SUNRISE   806 AM EST   SUNSET   524 PM EST
JANUARY 20 2017.......SUNRISE   806 AM EST   SUNSET   526 PM EST


-  INDICATES NEGATIVE NUMBERS.
R  INDICATES RECORD WAS SET OR TIED.
MM INDICATES DATA IS MISSING.
T  INDICATES TRACE AMOUNT.




$$
