000
CDUS43 KAPX 140532
CLIAPN


CLIMATE REPORT
NATIONAL WEATHER SERVICE GAYLORD MI
1231 AM EST THU DEC 14 2017


...................................

...THE ALPENA MI CLIMATE SUMMARY FOR DECEMBER 13 2017...

CLIMATE NORMAL PERIOD 1981 TO 2010
CLIMATE RECORD PERIOD 1916 TO 2017


WEATHER ITEM   OBSERVED TIME   RECORD YEAR NORMAL DEPARTURE LAST
                VALUE   (LST)  VALUE       VALUE  FROM      YEAR
                                                  NORMAL
..................................................................
TEMPERATURE (F)
 YESTERDAY
  MAXIMUM         17    816 PM  56    2015  32    -15       28
  MINIMUM         -1    527 AM  -9    1995  19    -20       11
                                      1976
  AVERAGE          8                        26    -18       20

PRECIPITATION (IN)
  YESTERDAY        0.03          0.65 2015   0.06  -0.03      T
  MONTH TO DATE    0.55                      0.80  -0.25     0.61
  SINCE DEC 1      0.55                      0.80  -0.25     0.61
  SINCE JAN 1     39.46                     27.21  12.25    28.45

SNOWFALL (IN)
  YESTERDAY        0.6           6.4  1933   0.6    0.0       T
  MONTH TO DATE    5.8                       7.6   -1.8      8.9
  SINCE OCT 1      6.3                      15.7   -9.4     10.7
  SINCE JUL 1      6.3                      15.7   -9.4     10.7
  SNOW DEPTH       3

DEGREE DAYS
 HEATING
  YESTERDAY       57                        39     18       45
  MONTH TO DATE  489                       483      6      451
  SINCE DEC 1    489                       483      6      451
  SINCE JUL 1   1993                      2306   -313     1660
..................................................................


WIND (MPH)
  HIGHEST WIND SPEED    17   HIGHEST WIND DIRECTION     N (10)
  HIGHEST GUST SPEED    21   HIGHEST GUST DIRECTION     N (10)
  AVERAGE WIND SPEED     5.6




RELATIVE HUMIDITY (PERCENT)
 HIGHEST    95
 LOWEST     67
 AVERAGE    81

..........................................................


THE ALPENA MI CLIMATE NORMALS FOR TODAY
                         NORMAL    RECORD    YEAR
 MAXIMUM TEMPERATURE (F)   32        61      1975
 MINIMUM TEMPERATURE (F)   19        -3      1943


SUNRISE AND SUNSET
DECEMBER 14 2017......SUNRISE   805 AM EST   SUNSET   453 PM EST
DECEMBER 15 2017......SUNRISE   806 AM EST   SUNSET   453 PM EST


-  INDICATES NEGATIVE NUMBERS.
R  INDICATES RECORD WAS SET OR TIED.
MM INDICATES DATA IS MISSING.
T  INDICATES TRACE AMOUNT.




$$
