000
CDUS43 KAPX 302132
CLIAPN


CLIMATE REPORT
NATIONAL WEATHER SERVICE GAYLORD MI
532 PM EDT MON MAR 30 2015


...................................

...THE ALPENA MI CLIMATE SUMMARY FOR MARCH 30 2015...
VALID TODAY AS OF 0500 PM LOCAL TIME.

CLIMATE NORMAL PERIOD 1981 TO 2010
CLIMATE RECORD PERIOD 1916 TO 2015


WEATHER ITEM   OBSERVED TIME   RECORD YEAR NORMAL DEPARTURE LAST
                VALUE   (LST)  VALUE       VALUE  FROM      YEAR
                                                  NORMAL
..................................................................
TEMPERATURE (F)
 TODAY
  MAXIMUM         41    348 PM  74    1998  44     -3       42
  MINIMUM         32   1008 AM   2    1941  25      7       16
                                      1926
                                      1923
  AVERAGE         37                        34      3       29

PRECIPITATION (IN)
  TODAY            0.05          0.85 1998   0.06  -0.01     0.00
  MONTH TO DATE    0.96                      1.79  -0.83     1.17
  SINCE MAR 1      0.96                      1.79  -0.83     1.17
  SINCE JAN 1      2.75                      4.77  -2.02     3.70

SNOWFALL (IN)
  TODAY            T             5.3  1934   0.3             0.0
  MONTH TO DATE    4.5                      11.9             7.3
  SINCE OCT 1     46.6                      78.0            62.8
  SINCE JUL 1     46.6                      78.0            62.8

DEGREE DAYS
 HEATING
  TODAY           28                        30     -2       36
  MONTH TO DATE 1140                      1092     48     1368
  SINCE MAR 1   1140                      1092     48     1368
  SINCE JUL 1   7403                      6824    579     7857

 COOLING
  TODAY            0                         0      0        0
  MONTH TO DATE    0                         0      0        0
  SINCE MAR 1      0                         0      0        0
  SINCE JAN 1      0                         0      0        0
..................................................................


WIND (MPH)
  RESULTANT WIND SPEED  13   RESULTANT WIND DIRECTION   W (290)
  HIGHEST WIND SPEED    22   HIGHEST WIND DIRECTION    NW (310)
  HIGHEST GUST SPEED    33   HIGHEST GUST DIRECTION    NW (310)
  AVERAGE WIND SPEED    13.4


SKY COVER
  POSSIBLE SUNSHINE  MM
  AVERAGE SKY COVER 0.9


WEATHER CONDITIONS
 THE FOLLOWING WEATHER WAS RECORDED TODAY.
  LIGHT RAIN
  SNOW
  LIGHT SNOW
  FOG
  FOG W/VISIBILITY <= 1/4 MILE


RELATIVE HUMIDITY (PERCENT)
 HIGHEST    89
 LOWEST     48
 AVERAGE    69

..........................................................


THE ALPENA MI CLIMATE NORMALS FOR TOMORROW
                         NORMAL    RECORD    YEAR
 MAXIMUM TEMPERATURE (F)   45        75      2010
 MINIMUM TEMPERATURE (F)   25       -10      1923


SUNRISE AND SUNSET
MARCH 30 2015.........SUNRISE   719 AM EDT   SUNSET   759 PM EDT
MARCH 31 2015.........SUNRISE   717 AM EDT   SUNSET   801 PM EDT


-  INDICATES NEGATIVE NUMBERS.
R  INDICATES RECORD WAS SET OR TIED.
MM INDICATES DATA IS MISSING.
T  INDICATES TRACE AMOUNT.




$$
