000
CDUS43 KAPX 180527
CLIAPN


CLIMATE REPORT
NATIONAL WEATHER SERVICE GAYLORD MI
127 AM EDT THU SEP 18 2014


...................................

...THE ALPENA MI CLIMATE SUMMARY FOR SEPTEMBER 17 2014...

CLIMATE NORMAL PERIOD 1981 TO 2010
CLIMATE RECORD PERIOD 1916 TO 2014


WEATHER ITEM   OBSERVED TIME   RECORD YEAR NORMAL DEPARTURE LAST
                VALUE   (LST)  VALUE       VALUE  FROM      YEAR
                                                  NORMAL
..................................................................
TEMPERATURE (F)
 YESTERDAY
  MAXIMUM         70    213 PM  92    1955  69      1       62
  MINIMUM         43    417 AM  28    1945  46     -3       30
                                      1923
  AVERAGE         57                        57      0       46

PRECIPITATION (IN)
  YESTERDAY        T             1.00 1931   0.09  -0.09     0.00
  MONTH TO DATE    2.79                      1.68   1.11     0.92
  SINCE SEP 1      2.79                      1.68   1.11     0.92
  SINCE JAN 1     24.69                     20.46   4.23    22.99

DEGREE DAYS
 HEATING
  YESTERDAY        8                         8      0       19
  MONTH TO DATE  118                       101     17      132
  SINCE SEP 1    118                       101     17      132
  SINCE JUL 1    242                       216     26      243

 COOLING
  YESTERDAY        0                         1     -1        0
  MONTH TO DATE   18                        19     -1       25
  SINCE SEP 1     18                        19     -1       25
  SINCE JAN 1    168                       285   -117      332
..................................................................


WIND (MPH)
  HIGHEST WIND SPEED    17   HIGHEST WIND DIRECTION     N (360)
  HIGHEST GUST SPEED    24   HIGHEST GUST DIRECTION    NW (330)
  AVERAGE WIND SPEED     6.9




RELATIVE HUMIDITY (PERCENT)
 HIGHEST    93
 LOWEST     40
 AVERAGE    67

..........................................................


THE ALPENA MI CLIMATE NORMALS FOR TODAY
                         NORMAL    RECORD    YEAR
 MAXIMUM TEMPERATURE (F)   68        93      1955
 MINIMUM TEMPERATURE (F)   46        27      1990


SUNRISE AND SUNSET
SEPTEMBER 18 2014.....SUNRISE   716 AM EDT   SUNSET   739 PM EDT
SEPTEMBER 19 2014.....SUNRISE   718 AM EDT   SUNSET   738 PM EDT


-  INDICATES NEGATIVE NUMBERS.
R  INDICATES RECORD WAS SET OR TIED.
MM INDICATES DATA IS MISSING.
T  INDICATES TRACE AMOUNT.




$$
