000
CDUS43 KAPX 300528
CLIAPN


CLIMATE REPORT
NATIONAL WEATHER SERVICE GAYLORD MI
127 AM EDT TUE SEP 30 2014


...................................

...THE ALPENA MI CLIMATE SUMMARY FOR SEPTEMBER 29 2014...

CLIMATE NORMAL PERIOD 1981 TO 2010
CLIMATE RECORD PERIOD 1916 TO 2014


WEATHER ITEM   OBSERVED TIME   RECORD YEAR NORMAL DEPARTURE LAST
                VALUE   (LST)  VALUE       VALUE  FROM      YEAR
                                                  NORMAL
..................................................................
TEMPERATURE (F)
 YESTERDAY
  MAXIMUM         77   1246 PM  84    1921  63     14       67
  MINIMUM         48   1159 PM  25    1942  42      6       41
  AVERAGE         63                        53     10       54

PRECIPITATION (IN)
  YESTERDAY        0.42          1.20 1917   0.10   0.32     0.40
  MONTH TO DATE    4.15                      2.83   1.32     1.59
  SINCE SEP 1      4.15                      2.83   1.32     1.59
  SINCE JAN 1     26.05                     21.61   4.44    23.66

DEGREE DAYS
 HEATING
  YESTERDAY        2                        13    -11       11
  MONTH TO DATE  207                       228    -21      260
  SINCE SEP 1    207                       228    -21      260
  SINCE JUL 1    331                       343    -12      371

 COOLING
  YESTERDAY        0                         0      0        0
  MONTH TO DATE   18                        21     -3       36
  SINCE SEP 1     18                        21     -3       36
  SINCE JAN 1    168                       287   -119      343
..................................................................


WIND (MPH)
  HIGHEST WIND SPEED    21   HIGHEST WIND DIRECTION     N (10)
  HIGHEST GUST SPEED    25   HIGHEST GUST DIRECTION     N (10)
  AVERAGE WIND SPEED     6.8




RELATIVE HUMIDITY (PERCENT)
 HIGHEST   100
 LOWEST     50
 AVERAGE    75

..........................................................


THE ALPENA MI CLIMATE NORMALS FOR TODAY
                         NORMAL    RECORD    YEAR
 MAXIMUM TEMPERATURE (F)   63        86      1922
 MINIMUM TEMPERATURE (F)   42        24      1945


SUNRISE AND SUNSET
SEPTEMBER 30 2014.....SUNRISE   731 AM EDT   SUNSET   717 PM EDT
OCTOBER  1 2014.......SUNRISE   732 AM EDT   SUNSET   715 PM EDT


-  INDICATES NEGATIVE NUMBERS.
R  INDICATES RECORD WAS SET OR TIED.
MM INDICATES DATA IS MISSING.
T  INDICATES TRACE AMOUNT.




$$
