000
CDUS43 KAPX 310545
CLIAPN


CLIMATE REPORT
NATIONAL WEATHER SERVICE GAYLORD MI
145 AM EDT MON AUG 31 2015


...................................

...THE ALPENA MI CLIMATE SUMMARY FOR AUGUST 30 2015...

CLIMATE NORMAL PERIOD 1981 TO 2010
CLIMATE RECORD PERIOD 1916 TO 2015


WEATHER ITEM   OBSERVED TIME   RECORD YEAR NORMAL DEPARTURE LAST
                VALUE   (LST)  VALUE       VALUE  FROM      YEAR
                                                  NORMAL
..................................................................
TEMPERATURE (F)
 YESTERDAY
  MAXIMUM         81    402 PM  96    1925  75      6       81
  MINIMUM         51    630 AM  29    1934  51      0       63
  AVERAGE         66                        63      3       72

PRECIPITATION (IN)
  YESTERDAY        0.00          1.95 1955   0.11  -0.11     0.85
  MONTH TO DATE    2.29                      3.12  -0.83     5.31
  SINCE JUN 1      6.10                      8.77  -2.67    10.40
  SINCE JAN 1     14.65                     18.67  -4.02    21.90

DEGREE DAYS
 HEATING
  YESTERDAY        0                         4     -4        0
  MONTH TO DATE   39                        68    -29       55
  SINCE JUN 1    217                       255    -38      236
  SINCE JUL 1     74                       112    -38      124

 COOLING
  YESTERDAY        1                         2     -1        7
  MONTH TO DATE  117                        78     39       37
  SINCE JUN 1    267                       250     17      143
  SINCE JAN 1    291                       263     28      148
..................................................................


WIND (MPH)
  HIGHEST WIND SPEED    13   HIGHEST WIND DIRECTION     S (200)
  HIGHEST GUST SPEED    21   HIGHEST GUST DIRECTION    SW (220)
  AVERAGE WIND SPEED     2.7




RELATIVE HUMIDITY (PERCENT)
 HIGHEST   100
 LOWEST     51
 AVERAGE    76

..........................................................


THE ALPENA MI CLIMATE NORMALS FOR TODAY
                         NORMAL    RECORD    YEAR
 MAXIMUM TEMPERATURE (F)   74        94      1953
                                             1932
 MINIMUM TEMPERATURE (F)   51        31      1931


SUNRISE AND SUNSET
AUGUST 31 2015........SUNRISE   655 AM EDT   SUNSET   814 PM EDT
SEPTEMBER  1 2015.....SUNRISE   656 AM EDT   SUNSET   812 PM EDT


-  INDICATES NEGATIVE NUMBERS.
R  INDICATES RECORD WAS SET OR TIED.
MM INDICATES DATA IS MISSING.
T  INDICATES TRACE AMOUNT.




$$
