000
CDUS43 KAPX 280539
CLIAPN


CLIMATE REPORT
NATIONAL WEATHER SERVICE GAYLORD MI
138 AM EDT THU JUL 28 2016


...................................

...THE ALPENA MI CLIMATE SUMMARY FOR JULY 27 2016...

CLIMATE NORMAL PERIOD 1981 TO 2010
CLIMATE RECORD PERIOD 1916 TO 2016


WEATHER ITEM   OBSERVED TIME   RECORD YEAR NORMAL DEPARTURE LAST
                VALUE   (LST)  VALUE       VALUE  FROM      YEAR
                                                  NORMAL
..................................................................
TEMPERATURE (F)
 YESTERDAY
  MAXIMUM         91    110 PM  96    1955  79     12       91
                                      1929
  MINIMUM         65    357 AM  39    1926  56      9       58
  AVERAGE         78                        68     10       75

PRECIPITATION (IN)
  YESTERDAY        0.48          1.61 2013   0.10   0.38     0.00
  MONTH TO DATE    2.47                      2.65  -0.18     1.62
  SINCE JUN 1      3.91                      5.27  -1.36     3.78
  SINCE JAN 1     18.64                     15.17   3.47    12.33

DEGREE DAYS
 HEATING
  YESTERDAY        0                         1     -1        0
  MONTH TO DATE   17                        37    -20       35
  SINCE JUN 1    125                       180    -55      178
  SINCE JUL 1     17                        37    -20       35

 COOLING
  YESTERDAY       13                         4      9       10
  MONTH TO DATE  179                       105     74      104
  SINCE JUN 1    244                       161     83      115
  SINCE JAN 1    276                       174    102      139
..................................................................


WIND (MPH)
  HIGHEST WIND SPEED    18   HIGHEST WIND DIRECTION     S (160)
  HIGHEST GUST SPEED    22   HIGHEST GUST DIRECTION     N (340)
  AVERAGE WIND SPEED     4.5




RELATIVE HUMIDITY (PERCENT)
 HIGHEST    93
 LOWEST     36
 AVERAGE    65

..........................................................


THE ALPENA MI CLIMATE NORMALS FOR TODAY
                         NORMAL    RECORD    YEAR
 MAXIMUM TEMPERATURE (F)   79        97      1931
 MINIMUM TEMPERATURE (F)   56        44      1978
                                             1925


SUNRISE AND SUNSET
JULY 28 2016..........SUNRISE   615 AM EDT   SUNSET   905 PM EDT
JULY 29 2016..........SUNRISE   617 AM EDT   SUNSET   904 PM EDT


-  INDICATES NEGATIVE NUMBERS.
R  INDICATES RECORD WAS SET OR TIED.
MM INDICATES DATA IS MISSING.
T  INDICATES TRACE AMOUNT.




$$
