497
CDUS44 KLCH 211245
CLIARA


CLIMATE REPORT
NATIONAL WEATHER SERVICE LAKE CHARLES, LA
645 AM CST TUE FEB 21 2017


...................................

...THE NEW IBERIA CLIMATE SUMMARY FOR FEBRUARY 20 2017...

CLIMATE NORMAL PERIOD 1981 TO 2010
CLIMATE RECORD PERIOD 1948 TO 2017


WEATHER ITEM   OBSERVED TIME   RECORD YEAR NORMAL DEPARTURE LAST
                VALUE   (LST)  VALUE       VALUE  FROM      YEAR
                                                  NORMAL
..................................................................
TEMPERATURE (F)
 YESTERDAY
  MAXIMUM         79   1132 AM  80    1994  67     12       78
                                      1976
  MINIMUM         60   1159 PM  29    1978  47     13       55
  AVERAGE         70                        57     13       67

PRECIPITATION (IN)
  YESTERDAY        0.04          1.82 1991   0.16  -0.12     0.00
  MONTH TO DATE    0.20                      2.97  -2.77     1.89
  SINCE DEC 1     11.34                     13.19  -1.85    11.18
  SINCE JAN 1      2.64                      8.19  -5.55     8.16

SNOWFALL (IN)
  YESTERDAY        0.0           0.0    MM  MM               0.0
  MONTH TO DATE    0.0                      MM               0.0
  SINCE DEC 1      0.0                      MM               0.0
  SINCE JUL 1      0.0                      MM               0.0

DEGREE DAYS
 HEATING
  YESTERDAY        0                         9     -9        0
  MONTH TO DATE   72                       214   -142      192
  SINCE DEC 1    520                       956   -436      778
  SINCE JUL 1    615                      1151   -536      849

 COOLING
  YESTERDAY        5                         1      4        2
  MONTH TO DATE   51                        16     35        7
  SINCE DEC 1    182                        50    132       91
  SINCE JAN 1    115                        28     87        8
..................................................................


WIND (MPH)
  RESULTANT WIND SPEED   8   RESULTANT WIND DIRECTION  SE (140)
  HIGHEST WIND SPEED    25   HIGHEST WIND DIRECTION    SE (150)
  HIGHEST GUST SPEED    34   HIGHEST GUST DIRECTION    SE (150)
  AVERAGE WIND SPEED    13.8


SKY COVER
  POSSIBLE SUNSHINE  MM
  AVERAGE SKY COVER 1.0


WEATHER CONDITIONS
 THE FOLLOWING WEATHER WAS RECORDED YESTERDAY.
  HEAVY RAIN
  RAIN
  LIGHT RAIN
  FOG


RELATIVE HUMIDITY (PERCENT)
 HIGHEST    90           200 AM
 LOWEST     69          1200 PM
 AVERAGE    80

..........................................................


THE NEW IBERIA CLIMATE NORMALS FOR TODAY
                         NORMAL    RECORD    YEAR
 MAXIMUM TEMPERATURE (F)   67        80      2005
                                             1985
 MINIMUM TEMPERATURE (F)   47        29      1978


SUNRISE AND SUNSET
FEBRUARY 21 2017......SUNRISE   641 AM CST   SUNSET   601 PM CST
FEBRUARY 22 2017......SUNRISE   640 AM CST   SUNSET   602 PM CST


-  INDICATES NEGATIVE NUMBERS.
R  INDICATES RECORD WAS SET OR TIED.
MM INDICATES DATA IS MISSING.
T  INDICATES TRACE AMOUNT.




$$
