000
CDUS44 KLCH 222215
CLIARA


CLIMATE REPORT
NATIONAL WEATHER SERVICE LAKE CHARLES, LA
514 PM CDT WED MAR 22 2017


...................................

...THE NEW IBERIA CLIMATE SUMMARY FOR MARCH 22 2017...
VALID TODAY AS OF 0500 PM LOCAL TIME.

CLIMATE NORMAL PERIOD 1981 TO 2010
CLIMATE RECORD PERIOD 1948 TO 2017


WEATHER ITEM   OBSERVED TIME   RECORD YEAR NORMAL DEPARTURE LAST
                VALUE   (LST)  VALUE       VALUE  FROM      YEAR
                                                  NORMAL
..................................................................
TEMPERATURE (F)
 TODAY
  MAXIMUM         85R   253 PM  82    1982  74     11       69
  MINIMUM         59    223 AM  31    1955  52      7       40
  AVERAGE         72                        63      9       55

PRECIPITATION (IN)
  TODAY            0.00          0.95 1989   0.10  -0.10     0.00
  MONTH TO DATE    0.69                      2.68  -1.99     3.55
  SINCE MAR 1      0.69                      2.68  -1.99     3.55
  SINCE JAN 1      3.49                     12.09  -8.60    13.78

SNOWFALL (IN)
  TODAY            0.0           T    1968  MM               0.0
  MONTH TO DATE    0.0                      MM               0.0
  SINCE MAR 1      0.0                      MM               0.0
  SINCE JUL 1      0.0                      MM               0.0

DEGREE DAYS
 HEATING
  TODAY            0                         4     -4       10
  MONTH TO DATE   71                       117    -46       58
  SINCE MAR 1     71                       117    -46       58
  SINCE JUL 1    700                      1333   -633      974

 COOLING
  TODAY            7                         2      5        0
  MONTH TO DATE   63                        29     34       71
  SINCE MAR 1     63                        29     34       71
  SINCE JAN 1    198                        60    138       81
..................................................................


WIND (MPH)
  RESULTANT WIND SPEED   2   RESULTANT WIND DIRECTION   W (290)
  HIGHEST WIND SPEED    12   HIGHEST WIND DIRECTION    NW (320)
  HIGHEST GUST SPEED    18   HIGHEST GUST DIRECTION    NW (310)
  AVERAGE WIND SPEED     4.1


SKY COVER
  POSSIBLE SUNSHINE  MM
  AVERAGE SKY COVER 0.6


WEATHER CONDITIONS
 THE FOLLOWING WEATHER WAS RECORDED TODAY.
  FOG
  FOG W/VISIBILITY <= 1/4 MILE


RELATIVE HUMIDITY (PERCENT)
 HIGHEST   100           400 AM
 LOWEST     37           300 PM
 AVERAGE    69

..........................................................


THE NEW IBERIA CLIMATE NORMALS FOR TOMORROW
                         NORMAL    RECORD    YEAR
 MAXIMUM TEMPERATURE (F)   74        82      2012
                                             2011
                                             2000
 MINIMUM TEMPERATURE (F)   53        33      1955


SUNRISE AND SUNSET
MARCH 22 2017.........SUNRISE   709 AM CDT   SUNSET   720 PM CDT
MARCH 23 2017.........SUNRISE   707 AM CDT   SUNSET   721 PM CDT


-  INDICATES NEGATIVE NUMBERS.
R  INDICATES RECORD WAS SET OR TIED.
MM INDICATES DATA IS MISSING.
T  INDICATES TRACE AMOUNT.




$$
