000
CDUS44 KLCH 200817
CLIARA


CLIMATE REPORT
NATIONAL WEATHER SERVICE LAKE CHARLES, LA
317 AM CDT WED AUG 20 2014


...................................

...THE NEW IBERIA CLIMATE SUMMARY FOR AUGUST 19 2014...

CLIMATE NORMAL PERIOD 1981 TO 2010
CLIMATE RECORD PERIOD 1948 TO 2014


WEATHER ITEM   OBSERVED TIME   RECORD YEAR NORMAL DEPARTURE LAST
                VALUE   (LST)  VALUE       VALUE  FROM      YEAR
                                                  NORMAL
..................................................................
TEMPERATURE (F)
 YESTERDAY
  MAXIMUM         94    130 PM  98    2011  92      2       92
  MINIMUM         74    921 PM  67    1961  74      0       73
  AVERAGE         84                        83      1       83

PRECIPITATION (IN)
  YESTERDAY        T             2.07 2012   0.17  -0.17     0.23
  MONTH TO DATE    1.96                      2.96  -1.00     3.30
  SINCE JUN 1     18.97                     16.50   2.47    17.01
  SINCE JAN 1     35.31                     38.73  -3.42    52.38

SNOWFALL (IN)
  YESTERDAY        0.0           0.0    MM  MM               0.0
  MONTH TO DATE    0.0                      MM               0.0
  SINCE JUN 1      0.0                      MM               0.0
  SINCE JUL 1      0.0                      MM               0.0

DEGREE DAYS
 HEATING
  YESTERDAY        0                         0      0        0
  MONTH TO DATE    0                         0      0        0
  SINCE JUN 1      0                         0      0        0
  SINCE JUL 1      0                         0      0        0

 COOLING
  YESTERDAY       19                        18      1       18
  MONTH TO DATE  348                       342      6      380
  SINCE JUN 1   1391                      1360     31     1510
  SINCE JAN 1   1877                      1930    -53     2091
..................................................................


WIND (MPH)
  RESULTANT WIND SPEED   2   RESULTANT WIND DIRECTION  SW (240)
  HIGHEST WIND SPEED    23   HIGHEST WIND DIRECTION     W (280)
  HIGHEST GUST SPEED    30   HIGHEST GUST DIRECTION     W (280)
  AVERAGE WIND SPEED     4.6


SKY COVER
  POSSIBLE SUNSHINE  MM
  AVERAGE SKY COVER 0.1


WEATHER CONDITIONS
 THE FOLLOWING WEATHER WAS RECORDED YESTERDAY.
  THUNDERSTORM
  LIGHT RAIN
  FOG


RELATIVE HUMIDITY (PERCENT)
 HIGHEST   100           600 AM
 LOWEST     56          1100 AM
 AVERAGE    78

..........................................................


THE NEW IBERIA CLIMATE NORMALS FOR TODAY
                         NORMAL    RECORD    YEAR
 MAXIMUM TEMPERATURE (F)   92        98      1948
 MINIMUM TEMPERATURE (F)   74        62      1976


SUNRISE AND SUNSET
AUGUST 20 2014........SUNRISE   638 AM CDT   SUNSET   743 PM CDT
AUGUST 21 2014........SUNRISE   638 AM CDT   SUNSET   742 PM CDT


-  INDICATES NEGATIVE NUMBERS.
R  INDICATES RECORD WAS SET OR TIED.
MM INDICATES DATA IS MISSING.
T  INDICATES TRACE AMOUNT.




$$
