000
CDUS44 KLCH 262215
CLIARA


CLIMATE REPORT
NATIONAL WEATHER SERVICE LAKE CHARLES, LA
515 PM CDT MON JUN 26 2017


...................................

...THE NEW IBERIA CLIMATE SUMMARY FOR JUNE 26 2017...
VALID TODAY AS OF 0500 PM LOCAL TIME.

CLIMATE NORMAL PERIOD 1981 TO 2010
CLIMATE RECORD PERIOD 1948 TO 2017


WEATHER ITEM   OBSERVED TIME   RECORD YEAR NORMAL DEPARTURE LAST
                VALUE   (LST)  VALUE       VALUE  FROM      YEAR
                                                  NORMAL
..................................................................
TEMPERATURE (F)
 TODAY
  MAXIMUM         90    305 PM 101    2012  91     -1       97
                                      2009
  MINIMUM         73    459 AM  62    1974  72      1       76
  AVERAGE         82                        82      0       87

PRECIPITATION (IN)
  TODAY            0.00          1.90 1999   0.19  -0.19     0.00
  MONTH TO DATE    7.49                      6.10   1.39     6.91
  SINCE JUN 1      7.49                      6.10   1.39     6.91
  SINCE JAN 1     25.73                     28.33  -2.60    32.44

SNOWFALL (IN)
  TODAY            0.0           0.0    MM  MM               0.0
  MONTH TO DATE    0.0                      MM               0.0
  SINCE JUN 1      0.0                      MM               0.0
  SINCE JUL 1      0.0                      MM               0.0

DEGREE DAYS
 HEATING
  TODAY            0                         0      0        0
  MONTH TO DATE    0                         0      0        0
  SINCE JUN 1      0                         0      0        0
  SINCE JUL 1    716                      1409   -693      997

 COOLING
  TODAY           17                        17      0       22
  MONTH TO DATE  399                       404     -5      441
  SINCE JUN 1    399                       404     -5      441
  SINCE JAN 1   1146                       974    172     1067
..................................................................


WIND (MPH)
  RESULTANT WIND SPEED   7   RESULTANT WIND DIRECTION  NE (50)
  HIGHEST WIND SPEED    14   HIGHEST WIND DIRECTION    NE (50)
  HIGHEST GUST SPEED    17   HIGHEST GUST DIRECTION    NE (40)
  AVERAGE WIND SPEED     7.3


SKY COVER
  POSSIBLE SUNSHINE  MM
  AVERAGE SKY COVER 0.2


WEATHER CONDITIONS
 THE FOLLOWING WEATHER WAS RECORDED TODAY.
  NO SIGNIFICANT WEATHER WAS OBSERVED.


RELATIVE HUMIDITY (PERCENT)
 HIGHEST    84           500 AM
 LOWEST     57           400 PM
 AVERAGE    71

..........................................................


THE NEW IBERIA CLIMATE NORMALS FOR TOMORROW
                         NORMAL    RECORD    YEAR
 MAXIMUM TEMPERATURE (F)   91        97      2016
                                             2012
                                             2009
 MINIMUM TEMPERATURE (F)   73        61      1974


SUNRISE AND SUNSET
JUNE 26 2017..........SUNRISE   608 AM CDT   SUNSET   813 PM CDT
JUNE 27 2017..........SUNRISE   609 AM CDT   SUNSET   813 PM CDT


-  INDICATES NEGATIVE NUMBERS.
R  INDICATES RECORD WAS SET OR TIED.
MM INDICATES DATA IS MISSING.
T  INDICATES TRACE AMOUNT.




$$
