000
CDUS44 KLCH 150842
CLIARA


CLIMATE REPORT
NATIONAL WEATHER SERVICE LAKE CHARLES, LA
242 AM CST FRI DEC 15 2017


...................................

...THE NEW IBERIA CLIMATE SUMMARY FOR DECEMBER 14 2017...

CLIMATE NORMAL PERIOD 1981 TO 2010
CLIMATE RECORD PERIOD 1948 TO 2017


WEATHER ITEM   OBSERVED TIME   RECORD YEAR NORMAL DEPARTURE LAST
                VALUE   (LST)  VALUE       VALUE  FROM      YEAR
                                                  NORMAL
..................................................................
TEMPERATURE (F)
 YESTERDAY
  MAXIMUM         66   1258 PM  81    1984  65      1       63
  MINIMUM         38    731 AM  25    1966  44     -6       49
                                      1954
  AVERAGE         52                        54     -2       56

PRECIPITATION (IN)
  YESTERDAY        0.00          2.15 1977   0.16  -0.16     0.00
  MONTH TO DATE    5.51                      2.52   2.99     5.24
  SINCE DEC 1      5.51                      2.52   2.99     5.24
  SINCE JAN 1     65.26                     57.21   8.05    82.52

SNOWFALL (IN)
  YESTERDAY        0.0           0.0    MM  MM               0.0
  MONTH TO DATE    2.4                      MM               0.0
  SINCE DEC 1      2.4                      MM               0.0
  SINCE JUL 1      2.4                      MM               0.0

DEGREE DAYS
 HEATING
  YESTERDAY       13                        11      2        9
  MONTH TO DATE  187                       145     42      116
  SINCE DEC 1    187                       145     42      116
  SINCE JUL 1    366                       340     26      211

 COOLING
  YESTERDAY        0                         1     -1        0
  MONTH TO DATE    4                        14    -10       13
  SINCE DEC 1      4                        14    -10       13
  SINCE JAN 1   3091                      2806    285     3156
..................................................................


WIND (MPH)
  RESULTANT WIND SPEED   2   RESULTANT WIND DIRECTION   S (200)
  HIGHEST WIND SPEED    10   HIGHEST WIND DIRECTION     N (10)
  HIGHEST GUST SPEED    13   HIGHEST GUST DIRECTION     N (360)
  AVERAGE WIND SPEED     3.0


SKY COVER
  POSSIBLE SUNSHINE  MM
  AVERAGE SKY COVER 0.1


WEATHER CONDITIONS
 THE FOLLOWING WEATHER WAS RECORDED YESTERDAY.
  FOG


RELATIVE HUMIDITY (PERCENT)
 HIGHEST   100           700 AM
 LOWEST     43           100 PM
 AVERAGE    72

..........................................................


THE NEW IBERIA CLIMATE NORMALS FOR TODAY
                         NORMAL    RECORD    YEAR
 MAXIMUM TEMPERATURE (F)   64        81      1995
 MINIMUM TEMPERATURE (F)   44        24      1958


SUNRISE AND SUNSET
DECEMBER 15 2017......SUNRISE   656 AM CST   SUNSET   510 PM CST
DECEMBER 16 2017......SUNRISE   657 AM CST   SUNSET   510 PM CST


-  INDICATES NEGATIVE NUMBERS.
R  INDICATES RECORD WAS SET OR TIED.
MM INDICATES DATA IS MISSING.
T  INDICATES TRACE AMOUNT.




$$
