000
CDUS44 KLCH 280827
CLIARA


CLIMATE REPORT
NATIONAL WEATHER SERVICE LAKE CHARLES, LA
327 AM CDT SAT MAR 28 2015


...................................

...THE NEW IBERIA CLIMATE SUMMARY FOR MARCH 27 2015...

CLIMATE NORMAL PERIOD 1981 TO 2010
CLIMATE RECORD PERIOD 1948 TO 2015


WEATHER ITEM   OBSERVED TIME   RECORD YEAR NORMAL DEPARTURE LAST
                VALUE   (LST)  VALUE       VALUE  FROM      YEAR
                                                  NORMAL
..................................................................
TEMPERATURE (F)
 YESTERDAY
  MAXIMUM         74    410 PM  85    2011  75     -1       68
  MINIMUM         46    637 AM  29    1955  53     -7       50
  AVERAGE         60                        64     -4       59

PRECIPITATION (IN)
  YESTERDAY        0.00          0.97 1949   0.13  -0.13     0.06
  MONTH TO DATE    3.88                      3.29   0.59     1.26
  SINCE MAR 1      3.88                      3.29   0.59     1.26
  SINCE JAN 1     10.34                     12.70  -2.36     9.60

SNOWFALL (IN)
  YESTERDAY        0.0           0.0    MM  MM               0.0
  MONTH TO DATE    T                        MM               0.0
  SINCE MAR 1      T                        MM               0.0
  SINCE JUL 1      T                        MM               0.1

DEGREE DAYS
 HEATING
  YESTERDAY        5                         3      2        6
  MONTH TO DATE   68                       135    -67      202
  SINCE MAR 1     68                       135    -67      202
  SINCE JUL 1   1411                      1351     60     1726

 COOLING
  YESTERDAY        0                         2     -2        0
  MONTH TO DATE   81                        39     42       16
  SINCE MAR 1     81                        39     42       16
  SINCE JAN 1     85                        70     15       34
..................................................................


WIND (MPH)
  RESULTANT WIND SPEED  10   RESULTANT WIND DIRECTION  NW (330)
  HIGHEST WIND SPEED    25   HIGHEST WIND DIRECTION     N (360)
  HIGHEST GUST SPEED    32   HIGHEST GUST DIRECTION     N (360)
  AVERAGE WIND SPEED    10.0


SKY COVER
  POSSIBLE SUNSHINE  MM
  AVERAGE SKY COVER 0.2


WEATHER CONDITIONS
 THE FOLLOWING WEATHER WAS RECORDED YESTERDAY.
  NO SIGNIFICANT WEATHER WAS OBSERVED.


RELATIVE HUMIDITY (PERCENT)
 HIGHEST    82           600 AM
 LOWEST     29           500 PM
 AVERAGE    56

..........................................................


THE NEW IBERIA CLIMATE NORMALS FOR TODAY
                         NORMAL    RECORD    YEAR
 MAXIMUM TEMPERATURE (F)   75        84      1961
 MINIMUM TEMPERATURE (F)   53        40      2013
                                             1958


SUNRISE AND SUNSET
MARCH 28 2015.........SUNRISE   702 AM CDT   SUNSET   724 PM CDT
MARCH 29 2015.........SUNRISE   701 AM CDT   SUNSET   724 PM CDT


-  INDICATES NEGATIVE NUMBERS.
R  INDICATES RECORD WAS SET OR TIED.
MM INDICATES DATA IS MISSING.
T  INDICATES TRACE AMOUNT.




$$
