000
CDUS43 KLOT 270636
CLIARR


CLIMATE REPORT
NATIONAL WEATHER SERVICE CHICAGO IL
134 AM CDT WED JUL 27 2016


...................................

...THE AURORA MUNICIPAL AIRPORT CLIMATE SUMMARY FOR JULY 26 2016...

CLIMATE NORMAL PERIOD 1981 TO 2010
CLIMATE RECORD PERIOD 1998 TO 2016


WEATHER ITEM   OBSERVED TIME   RECORD YEAR NORMAL DEPARTURE LAST
                VALUE   (LST)  VALUE       VALUE  FROM      YEAR
                                                  NORMAL
..................................................................
TEMPERATURE (F)
 YESTERDAY
  MAXIMUM         88R  1225 PM  88    2012  83      5       80
                                      2011
  MINIMUM         64    330 AM  53    2004  59      5       65
  AVERAGE         76                        71      5       73

PRECIPITATION (IN)
  YESTERDAY        0.00          1.45 2007   0.13  -0.13     0.01
  MONTH TO DATE    5.24                      3.51   1.73     4.40
  SINCE JUN 1      8.74                      7.52   1.22    13.09
  SINCE JAN 1     22.37                     20.40   1.97    22.44

DEGREE DAYS
 HEATING
  YESTERDAY        0                         0      0        0
  MONTH TO DATE    2                         0      2       12
  SINCE JUN 1     10                        41    -31       30
  SINCE JUL 1      2                         0      2       12

 COOLING
  YESTERDAY       11                         6      5        8
  MONTH TO DATE  240                       181     59      167
  SINCE JUN 1    440                       336    104      318
  SINCE JAN 1    522                       377    145      387
..................................................................


WIND (MPH)
  RESULTANT WIND SPEED   1   RESULTANT WIND DIRECTION  NW (330)
  HIGHEST WIND SPEED     9   HIGHEST WIND DIRECTION     S (170)
  HIGHEST GUST SPEED    12   HIGHEST GUST DIRECTION    SE (140)
  AVERAGE WIND SPEED     3.1


SKY COVER
  POSSIBLE SUNSHINE  MM
  AVERAGE SKY COVER 0.1


WEATHER CONDITIONS
 THE FOLLOWING WEATHER WAS RECORDED YESTERDAY.
  FOG
  HAZE


RELATIVE HUMIDITY (PERCENT)
 HIGHEST    93           100 AM
 LOWEST     55          1100 AM
 AVERAGE    74

..........................................................


THE AURORA MUNICIPAL AIRPORT CLIMATE NORMALS FOR TODAY
                         NORMAL    RECORD    YEAR
 MAXIMUM TEMPERATURE (F)   83        90      2015
                                             2011
 MINIMUM TEMPERATURE (F)   59        51      2013
                                             2004


SUNRISE AND SUNSET
JULY 27 2016..........SUNRISE   544 AM CDT   SUNSET   817 PM CDT
JULY 28 2016..........SUNRISE   544 AM CDT   SUNSET   816 PM CDT


-  INDICATES NEGATIVE NUMBERS.
R  INDICATES RECORD WAS SET OR TIED.
MM INDICATES DATA IS MISSING.
T  INDICATES TRACE AMOUNT.




$$
