000
CDUS43 KLOT 160640
CLIARR


CLIMATE REPORT
NATIONAL WEATHER SERVICE CHICAGO IL
140 AM CDT WED APR 16 2014


...................................

...THE AURORA MUNICIPAL AIRPORT CLIMATE SUMMARY FOR APRIL 15 2014...

CLIMATE NORMAL PERIOD 1981 TO 2010
CLIMATE RECORD PERIOD 1998 TO 2014


WEATHER ITEM   OBSERVED TIME   RECORD YEAR NORMAL DEPARTURE LAST
                VALUE   (LST)  VALUE       VALUE  FROM      YEAR
                                                  NORMAL
..................................................................
TEMPERATURE (F)
 YESTERDAY
  MAXIMUM         38    508 PM  87    2002  60    -22       65
  MINIMUM         20R   507 AM  25    2008  37    -17       43
  AVERAGE         29                        48    -19       54

PRECIPITATION (IN)
  YESTERDAY        0.00          0.88 1999   0.09  -0.09     0.43
  MONTH TO DATE    1.38                      1.54  -0.16     2.23
  SINCE MAR 1      2.10                      3.77  -1.67     3.58
  SINCE JAN 1      3.95                      6.86  -2.91     8.45

DEGREE DAYS
 HEATING
  YESTERDAY       36                        17     19       11
  MONTH TO DATE  289                       287      2      312
  SINCE MAR 1   1370                      1157    213     1397
  SINCE JUL 1   6946                      6295    651     6226

 COOLING
  YESTERDAY        0                         0      0        0
  MONTH TO DATE    0                         0      0        0
  SINCE MAR 1      0                         0      0        0
  SINCE JAN 1      0                         0      0        0
..................................................................


WIND (MPH)
  RESULTANT WIND SPEED   5   RESULTANT WIND DIRECTION  NW (310)
  HIGHEST WIND SPEED    15   HIGHEST WIND DIRECTION    NW (310)
  HIGHEST GUST SPEED    24   HIGHEST GUST DIRECTION    NW (320)
  AVERAGE WIND SPEED     6.8


SKY COVER
  POSSIBLE SUNSHINE  MM
  AVERAGE SKY COVER 0.3


WEATHER CONDITIONS
 THE FOLLOWING WEATHER WAS RECORDED YESTERDAY.
  NO SIGNIFICANT WEATHER WAS OBSERVED.


RELATIVE HUMIDITY (PERCENT)
 HIGHEST    88           200 AM
 LOWEST     47           200 PM
 AVERAGE    68

..........................................................


THE AURORA MUNICIPAL AIRPORT CLIMATE NORMALS FOR TODAY
                         NORMAL    RECORD    YEAR
 MAXIMUM TEMPERATURE (F)   60        87      2002
 MINIMUM TEMPERATURE (F)   37        26      2007


SUNRISE AND SUNSET
APRIL 16 2014.........SUNRISE   612 AM CDT   SUNSET   736 PM CDT
APRIL 17 2014.........SUNRISE   611 AM CDT   SUNSET   737 PM CDT


-  INDICATES NEGATIVE NUMBERS.
R  INDICATES RECORD WAS SET OR TIED.
MM INDICATES DATA IS MISSING.
T  INDICATES TRACE AMOUNT.




$$
