000
CDUS43 KLOT 030644
CLIARR


CLIMATE REPORT
NATIONAL WEATHER SERVICE CHICAGO IL
139 AM CDT WED JUN 3 2015


...................................

...THE AURORA MUNICIPAL AIRPORT CLIMATE SUMMARY FOR JUNE 2 2015...

CLIMATE NORMAL PERIOD 1981 TO 2010
CLIMATE RECORD PERIOD 1998 TO 2015


WEATHER ITEM   OBSERVED TIME   RECORD YEAR NORMAL DEPARTURE LAST
                VALUE   (LST)  VALUE       VALUE  FROM      YEAR
                                                  NORMAL
..................................................................
TEMPERATURE (F)
 YESTERDAY
  MAXIMUM         74    452 PM  86    2008  76     -2       82
  MINIMUM         42    459 AM  40    2003  54    -12       68
  AVERAGE         58                        65     -7       75

PRECIPITATION (IN)
  YESTERDAY        0.00          0.37 2010   0.18  -0.18     0.12
  MONTH TO DATE    0.00                      0.36  -0.36     0.19
  SINCE JUN 1      0.00                      0.36  -0.36     0.19
  SINCE JAN 1      9.35                     13.24  -3.89     8.18

DEGREE DAYS
 HEATING
  YESTERDAY        7                         3      4        0
  MONTH TO DATE   15                         6      9        0
  SINCE JUN 1     15                         6      9        0
  SINCE JUL 1   7020                      6740    280     7346

 COOLING
  YESTERDAY        0                         3     -3       10
  MONTH TO DATE    0                         6     -6       21
  SINCE JUN 1      0                         6     -6       21
  SINCE JAN 1     69                        47     22      107
..................................................................


WIND (MPH)
  RESULTANT WIND SPEED   4   RESULTANT WIND DIRECTION   E (110)
  HIGHEST WIND SPEED    14   HIGHEST WIND DIRECTION     E (110)
  HIGHEST GUST SPEED    18   HIGHEST GUST DIRECTION     S (170)
  AVERAGE WIND SPEED     4.7


SKY COVER
  POSSIBLE SUNSHINE  MM
  AVERAGE SKY COVER 0.0


WEATHER CONDITIONS
 THE FOLLOWING WEATHER WAS RECORDED YESTERDAY.
  NO SIGNIFICANT WEATHER WAS OBSERVED.


RELATIVE HUMIDITY (PERCENT)
 HIGHEST    82           500 AM
 LOWEST     35           400 PM
 AVERAGE    59

..........................................................


THE AURORA MUNICIPAL AIRPORT CLIMATE NORMALS FOR TODAY
                         NORMAL    RECORD    YEAR
 MAXIMUM TEMPERATURE (F)   76        90      2011
 MINIMUM TEMPERATURE (F)   54        40      2009


SUNRISE AND SUNSET
JUNE  3 2015..........SUNRISE   521 AM CDT   SUNSET   824 PM CDT
JUNE  4 2015..........SUNRISE   520 AM CDT   SUNSET   824 PM CDT


-  INDICATES NEGATIVE NUMBERS.
R  INDICATES RECORD WAS SET OR TIED.
MM INDICATES DATA IS MISSING.
T  INDICATES TRACE AMOUNT.




$$
