000
CDUS43 KLOT 040649
CLIARR


CLIMATE REPORT
NATIONAL WEATHER SERVICE CHICAGO IL
1249 AM CST WED MAR 4 2015


...................................

...THE AURORA MUNICIPAL AIRPORT CLIMATE SUMMARY FOR MARCH 3 2015...

CLIMATE NORMAL PERIOD 1981 TO 2010
CLIMATE RECORD PERIOD 1998 TO 2015


WEATHER ITEM   OBSERVED TIME   RECORD YEAR NORMAL DEPARTURE LAST
                VALUE   (LST)  VALUE       VALUE  FROM      YEAR
                                                  NORMAL
..................................................................
TEMPERATURE (F)
 YESTERDAY
  MAXIMUM         35    350 PM  50    2008  41     -6       16
  MINIMUM         25    514 AM  -9    2014  22      3       -9
  AVERAGE         30                        31     -1        4

PRECIPITATION (IN)
  YESTERDAY       MM             0.26 2008   0.07  MM        0.00
  MONTH TO DATE    0.00                      0.20  -0.20     0.00
  SINCE MAR 1      0.00                      0.20  -0.20     0.00
  SINCE JAN 1      0.68                      3.29  -2.61     1.85

DEGREE DAYS
 HEATING
  YESTERDAY       35                        34      1       61
  MONTH TO DATE  135                       103     32      168
  SINCE MAR 1    135                       103     32      168
  SINCE JUL 1   5590                      5241    349     5744

 COOLING
  YESTERDAY        0                         0      0        0
  MONTH TO DATE    0                         0      0        0
  SINCE MAR 1      0                         0      0        0
  SINCE JAN 1      0                         0      0        0
..................................................................


WIND (MPH)
  RESULTANT WIND SPEED   7   RESULTANT WIND DIRECTION  SW (220)
  HIGHEST WIND SPEED    25   HIGHEST WIND DIRECTION     W (270)
  HIGHEST GUST SPEED    32   HIGHEST GUST DIRECTION     S (170)
  AVERAGE WIND SPEED    15.0


SKY COVER
  POSSIBLE SUNSHINE  MM
  AVERAGE SKY COVER 1.0


WEATHER CONDITIONS
 THE FOLLOWING WEATHER WAS RECORDED YESTERDAY.
  LT FREEZING RAIN
  LIGHT SNOW
  FOG
  HAZE


RELATIVE HUMIDITY (PERCENT)
 HIGHEST    89          1200 PM
 LOWEST     63           100 AM
 AVERAGE    76

..........................................................


THE AURORA MUNICIPAL AIRPORT CLIMATE NORMALS FOR TODAY
                         NORMAL    RECORD    YEAR
 MAXIMUM TEMPERATURE (F)   41        63      2000
 MINIMUM TEMPERATURE (F)   22       -12      2002


SUNRISE AND SUNSET
MARCH  4 2015.........SUNRISE   624 AM CST   SUNSET   547 PM CST
MARCH  5 2015.........SUNRISE   623 AM CST   SUNSET   549 PM CST


-  INDICATES NEGATIVE NUMBERS.
R  INDICATES RECORD WAS SET OR TIED.
MM INDICATES DATA IS MISSING.
T  INDICATES TRACE AMOUNT.




$$
