000
CDUS43 KLOT 290635
CLIARR


CLIMATE REPORT
NATIONAL WEATHER SERVICE CHICAGO IL
134 AM CDT SUN MAY 29 2016


...................................

...THE AURORA MUNICIPAL AIRPORT CLIMATE SUMMARY FOR MAY 28 2016...

CLIMATE NORMAL PERIOD 1981 TO 2010
CLIMATE RECORD PERIOD 1998 TO 2016


WEATHER ITEM   OBSERVED TIME   RECORD YEAR NORMAL DEPARTURE LAST
                VALUE   (LST)  VALUE       VALUE  FROM      YEAR
                                                  NORMAL
..................................................................
TEMPERATURE (F)
 YESTERDAY
  MAXIMUM         85    449 PM  93    2006  74     11       84
  MINIMUM         65    848 PM  39    2008  52     13       52
  AVERAGE         75                        63     12       68

PRECIPITATION (IN)
  YESTERDAY        0.44R         0.29 2003   0.13   0.31     0.00
  MONTH TO DATE    6.48                      3.84   2.64     3.74
  SINCE MAR 1     11.81                      9.37   2.44     8.37
  SINCE JAN 1     13.30                     12.46   0.84     9.05

DEGREE DAYS
 HEATING
  YESTERDAY        0                         4     -4        0
  MONTH TO DATE  204                       218    -14      138
  SINCE MAR 1   1332                      1586   -254     1532
  SINCE JUL 1   5453                      6724  -1271     6987

 COOLING
  YESTERDAY       10                         2      8        3
  MONTH TO DATE   52                        30     22       60
  SINCE MAR 1     57                        33     24       60
  SINCE JAN 1     57                        33     24       60
..................................................................


WIND (MPH)
  RESULTANT WIND SPEED  16   RESULTANT WIND DIRECTION   S (180)
  HIGHEST WIND SPEED    28   HIGHEST WIND DIRECTION    SW (240)
  HIGHEST GUST SPEED    34   HIGHEST GUST DIRECTION    SW (240)
  AVERAGE WIND SPEED    15.3


SKY COVER
  POSSIBLE SUNSHINE  MM
  AVERAGE SKY COVER 0.6


WEATHER CONDITIONS
 THE FOLLOWING WEATHER WAS RECORDED YESTERDAY.
  THUNDERSTORM
  HEAVY RAIN
  RAIN
  LIGHT RAIN
  FOG


RELATIVE HUMIDITY (PERCENT)
 HIGHEST    84          1200 AM
 LOWEST     48           400 PM
 AVERAGE    66

..........................................................


THE AURORA MUNICIPAL AIRPORT CLIMATE NORMALS FOR TODAY
                         NORMAL    RECORD    YEAR
 MAXIMUM TEMPERATURE (F)   75        92      2006
 MINIMUM TEMPERATURE (F)   52        40      2008


SUNRISE AND SUNSET
MAY 29 2016...........SUNRISE   523 AM CDT   SUNSET   820 PM CDT
MAY 30 2016...........SUNRISE   522 AM CDT   SUNSET   821 PM CDT


-  INDICATES NEGATIVE NUMBERS.
R  INDICATES RECORD WAS SET OR TIED.
MM INDICATES DATA IS MISSING.
T  INDICATES TRACE AMOUNT.




$$
