000
CDUS41 KBUF 292104
CLIART


CLIMATE REPORT
NATIONAL WEATHER SERVICE BUFFALO NY
504 PM EDT TUE JUL 29 2014


...................................

...THE WATERTOWN NY CLIMATE SUMMARY FOR JULY 29 2014...
VALID TODAY AS OF 0500 PM LOCAL TIME.

CLIMATE NORMAL PERIOD 1981 TO 2010
CLIMATE RECORD PERIOD 1949 TO 2014


WEATHER ITEM   OBSERVED TIME   RECORD YEAR NORMAL DEPARTURE LAST
                VALUE   (LST)  VALUE       VALUE  FROM      YEAR
                                                  NORMAL
..................................................................
TEMPERATURE (F)
 TODAY
  MAXIMUM         71    229 PM  91    1955  79     -8       73
  MINIMUM         51    517 AM  42    1989  59     -8       57
  AVERAGE         61                        69     -8       65

PRECIPITATION (IN)
  TODAY            0.00          0.90 1957   0.09  -0.09     0.01
  MONTH TO DATE    4.85                      2.46   2.39     3.05
  SINCE JUN 1      7.76                      5.31   2.45     9.09
  SINCE JAN 1     26.36                     18.46   7.90    19.71

DEGREE DAYS
 HEATING
  TODAY            4                         1      3        0
  MONTH TO DATE   19                        30    -11       10
  SINCE JUN 1     81                       137    -56      113
  SINCE JUL 1     19                        30    -11       10

 COOLING
  TODAY            0                         5     -5        0
  MONTH TO DATE  121                       134    -13      220
  SINCE JUN 1    233                       196     37      294
  SINCE JAN 1    256                       207     49      326
..................................................................


WIND (MPH)
  HIGHEST WIND SPEED    17   HIGHEST WIND DIRECTION     W (260)
  HIGHEST GUST SPEED    23   HIGHEST GUST DIRECTION     W (260)
  AVERAGE WIND SPEED     4.9


SKY COVER
  AVERAGE SKY COVER 0.4


WEATHER CONDITIONS
 THE FOLLOWING WEATHER WAS RECORDED TODAY.
  NO SIGNIFICANT WEATHER WAS OBSERVED.


RELATIVE HUMIDITY (PERCENT)
 HIGHEST    89           500 AM
 LOWEST     53          1100 AM
 AVERAGE    71

..........................................................


THE WATERTOWN NY CLIMATE NORMALS FOR TOMORROW
                         NORMAL    RECORD    YEAR
 MAXIMUM TEMPERATURE (F)   79        91      1955
 MINIMUM TEMPERATURE (F)   58        41      1968


SUNRISE AND SUNSET
JULY 29 2014..........SUNRISE   549 AM EDT   SUNSET   831 PM EDT
JULY 30 2014..........SUNRISE   550 AM EDT   SUNSET   830 PM EDT


-  INDICATES NEGATIVE NUMBERS.
R  INDICATES RECORD WAS SET OR TIED.
MM INDICATES DATA IS MISSING.
T  INDICATES TRACE AMOUNT.




$$
