000
CDUS41 KBUF 041004
CLIART


CLIMATE REPORT
NATIONAL WEATHER SERVICE BUFFALO NY
503 AM EST WED MAR 4 2015


...................................

...THE WATERTOWN NY CLIMATE SUMMARY FOR MARCH 3 2015...

CLIMATE NORMAL PERIOD 1981 TO 2010
CLIMATE RECORD PERIOD 1949 TO 2015


WEATHER ITEM   OBSERVED TIME   RECORD YEAR NORMAL DEPARTURE LAST
                VALUE   (LST)  VALUE       VALUE  FROM      YEAR
                                                  NORMAL
..................................................................
TEMPERATURE (F)
 YESTERDAY
  MAXIMUM         34   1159 PM  59    2008  36     -2       12
  MINIMUM        -10    621 AM -19    2014  15    -25      -19
  AVERAGE         12                        25    -13       -3

PRECIPITATION (IN)
  YESTERDAY        0.05          1.52 1999   0.08  -0.03     0.00
  MONTH TO DATE    0.13                      0.23  -0.10     0.02
  SINCE MAR 1      0.13                      0.23  -0.10     0.02
  SINCE JAN 1      3.22                      5.11  -1.89     7.12

DEGREE DAYS
 HEATING
  YESTERDAY       53                        40     13       68
  MONTH TO DATE  155                       120     35      176
  SINCE MAR 1    155                       120     35      176
  SINCE JUL 1   5675                      5561    114     5847

 COOLING
  YESTERDAY        0                         0      0        0
  MONTH TO DATE    0                         0      0        0
  SINCE MAR 1      0                         0      0        0
  SINCE JAN 1      0                         0      0        0
..................................................................


WIND (MPH)
  HIGHEST WIND SPEED    25   HIGHEST WIND DIRECTION    SW (210)
  HIGHEST GUST SPEED    36   HIGHEST GUST DIRECTION     S (190)
  AVERAGE WIND SPEED     8.0


SKY COVER
  AVERAGE SKY COVER 0.5


WEATHER CONDITIONS
 THE FOLLOWING WEATHER WAS RECORDED YESTERDAY.
  LT FREEZING RAIN
  SNOW
  LIGHT SNOW
  FOG
  HAZE


RELATIVE HUMIDITY (PERCENT)
 HIGHEST    87           800 AM
 LOWEST     39           200 PM
 AVERAGE    63

..........................................................


THE WATERTOWN NY CLIMATE NORMALS FOR TODAY
                         NORMAL    RECORD    YEAR
 MAXIMUM TEMPERATURE (F)   36        56      1974
 MINIMUM TEMPERATURE (F)   15       -15      1950


SUNRISE AND SUNSET
MARCH  4 2015.........SUNRISE   636 AM EST   SUNSET   556 PM EST
MARCH  5 2015.........SUNRISE   635 AM EST   SUNSET   557 PM EST


-  INDICATES NEGATIVE NUMBERS.
R  INDICATES RECORD WAS SET OR TIED.
MM INDICATES DATA IS MISSING.
T  INDICATES TRACE AMOUNT.




$$
