000
CDUS41 KBUF 201007
CLIART


CLIMATE REPORT
NATIONAL WEATHER SERVICE BUFFALO NY
506 AM EST SAT DEC 20 2014


...................................

...THE WATERTOWN NY CLIMATE SUMMARY FOR DECEMBER 19 2014...

CLIMATE NORMAL PERIOD 1981 TO 2010
CLIMATE RECORD PERIOD 1949 TO 2014


WEATHER ITEM   OBSERVED TIME   RECORD YEAR NORMAL DEPARTURE LAST
                VALUE   (LST)  VALUE       VALUE  FROM      YEAR
                                                  NORMAL
..................................................................
TEMPERATURE (F)
 YESTERDAY
  MAXIMUM         28    141 AM  56    1957  34     -6       38
  MINIMUM         15   1159 PM -21    1983  16     -1       27
  AVERAGE         22                        25     -3       33

PRECIPITATION (IN)
  YESTERDAY        T             0.43 1985   0.09  -0.09     0.06
  MONTH TO DATE    0.59                      2.00  -1.41     0.58
  SINCE DEC 1      0.59                      2.00  -1.41     0.58
  SINCE JAN 1     40.81                     34.93   5.88    32.92

DEGREE DAYS
 HEATING
  YESTERDAY       43                        40      3       32
  MONTH TO DATE  629                       693    -64      775
  SINCE DEC 1    629                       693    -64      775
  SINCE JUL 1   1982                      2292   -310     2350

 COOLING
  YESTERDAY        0                         0      0        0
  MONTH TO DATE    0                         0      0        0
  SINCE DEC 1      0                         0      0        0
  SINCE JAN 1    433                       362     71      481
..................................................................


WIND (MPH)
  HIGHEST WIND SPEED    10   HIGHEST WIND DIRECTION    NW (330)
  HIGHEST GUST SPEED    13   HIGHEST GUST DIRECTION    NW (310)
  AVERAGE WIND SPEED     5.5


SKY COVER
  AVERAGE SKY COVER 0.8


WEATHER CONDITIONS
 THE FOLLOWING WEATHER WAS RECORDED YESTERDAY.
  LIGHT SNOW
  HAZE


RELATIVE HUMIDITY (PERCENT)
 HIGHEST    81           200 AM
 LOWEST     63          1200 PM
 AVERAGE    72

..........................................................


THE WATERTOWN NY CLIMATE NORMALS FOR TODAY
                         NORMAL    RECORD    YEAR
 MAXIMUM TEMPERATURE (F)   33        62      1957
 MINIMUM TEMPERATURE (F)   16       -24      1963


SUNRISE AND SUNSET
DECEMBER 20 2014......SUNRISE   735 AM EST   SUNSET   428 PM EST
DECEMBER 21 2014......SUNRISE   736 AM EST   SUNSET   429 PM EST


-  INDICATES NEGATIVE NUMBERS.
R  INDICATES RECORD WAS SET OR TIED.
MM INDICATES DATA IS MISSING.
T  INDICATES TRACE AMOUNT.

$$
