099
CDUS41 KBUF 030705
CLIART


CLIMATE REPORT
NATIONAL WEATHER SERVICE BUFFALO NY
205 AM EST SAT DEC 3 2016


...................................

...THE WATERTOWN NY CLIMATE SUMMARY FOR DECEMBER 2 2016...

CLIMATE NORMAL PERIOD 1981 TO 2010
CLIMATE RECORD PERIOD 1949 TO 2016


WEATHER ITEM   OBSERVED TIME   RECORD YEAR NORMAL DEPARTURE LAST
                VALUE   (LST)  VALUE       VALUE  FROM      YEAR
                                                  NORMAL
..................................................................
TEMPERATURE (F)
 YESTERDAY
  MAXIMUM         44    519 AM  60    1982  40      4       50
  MINIMUM         34    939 PM -11    1976  24     10       38
  AVERAGE         39                        32      7       44

PRECIPITATION (IN)
  YESTERDAY        0.01          0.64 2010   0.11  -0.10     0.50
  MONTH TO DATE    0.22                      0.22   0.00     0.58
  SINCE DEC 1      0.22                      0.22   0.00     0.58
  SINCE JAN 1     28.55                     33.15  -4.60    26.17

DEGREE DAYS
 HEATING
  YESTERDAY       26                        33     -7       21
  MONTH TO DATE   44                        66    -22       50
  SINCE DEC 1     44                        66    -22       50
  SINCE JUL 1   1386                      1665   -279     1417

 COOLING
  YESTERDAY        0                         0      0        0
  MONTH TO DATE    0                         0      0        0
  SINCE DEC 1      0                         0      0        0
  SINCE JAN 1    566                       362    204      388
..................................................................


WIND (MPH)
  HIGHEST WIND SPEED    25   HIGHEST WIND DIRECTION     W (260)
  HIGHEST GUST SPEED    37   HIGHEST GUST DIRECTION     W (270)
  AVERAGE WIND SPEED    16.6


SKY COVER
  AVERAGE SKY COVER 1.0


WEATHER CONDITIONS
 THE FOLLOWING WEATHER WAS RECORDED YESTERDAY.
  LIGHT RAIN


RELATIVE HUMIDITY (PERCENT)
 HIGHEST    82           200 AM
 LOWEST     70           100 AM
 AVERAGE    76

..........................................................


THE WATERTOWN NY CLIMATE NORMALS FOR TODAY
                         NORMAL    RECORD    YEAR
 MAXIMUM TEMPERATURE (F)   40        67      1982
 MINIMUM TEMPERATURE (F)   23       -21      1976


SUNRISE AND SUNSET
DECEMBER  3 2016......SUNRISE   721 AM EST   SUNSET   427 PM EST
DECEMBER  4 2016......SUNRISE   722 AM EST   SUNSET   426 PM EST


-  INDICATES NEGATIVE NUMBERS.
R  INDICATES RECORD WAS SET OR TIED.
MM INDICATES DATA IS MISSING.
T  INDICATES TRACE AMOUNT.




$$
