000
CDUS41 KBUF 141026
CLIART


CLIMATE REPORT
NATIONAL WEATHER SERVICE BUFFALO NY
525 AM EST SUN FEB 14 2016


...................................

...THE WATERTOWN NY CLIMATE SUMMARY FOR FEBRUARY 13 2016...

CLIMATE NORMAL PERIOD 1981 TO 2010
CLIMATE RECORD PERIOD 1949 TO 2016


WEATHER ITEM   OBSERVED TIME   RECORD YEAR NORMAL DEPARTURE LAST
                VALUE   (LST)  VALUE       VALUE  FROM      YEAR
                                                  NORMAL
..................................................................
TEMPERATURE (F)
 YESTERDAY
  MAXIMUM         13   1222 AM  57    1984  31    -18        9
  MINIMUM        -22   1051 PM -32    2015  10    -32      -32
  AVERAGE         -4                        20    -24      -11

PRECIPITATION (IN)
  YESTERDAY        T             1.32 1971   0.08  -0.08      T
  MONTH TO DATE    0.78                      1.02  -0.24     1.04
  SINCE DEC 1      4.74                      6.83  -2.09     4.63
  SINCE JAN 1      2.30                      3.68  -1.38     2.91

DEGREE DAYS
 HEATING
  YESTERDAY       69                        45     24       76
  MONTH TO DATE  511                       592    -81      748
  SINCE DEC 1   2578                      3204   -626     3272
  SINCE JUL 1   3945                      4803   -858     4625

 COOLING
  YESTERDAY        0                         0      0        0
  MONTH TO DATE    0                         0      0        0
  SINCE DEC 1      0                         0      0        0
  SINCE JAN 1      0                         0      0        0
..................................................................


WIND (MPH)
  HIGHEST WIND SPEED    17   HIGHEST WIND DIRECTION    NW (310)
  HIGHEST GUST SPEED    22   HIGHEST GUST DIRECTION     N (360)
  AVERAGE WIND SPEED     9.8


SKY COVER
  AVERAGE SKY COVER 0.7


WEATHER CONDITIONS
 THE FOLLOWING WEATHER WAS RECORDED YESTERDAY.
  HEAVY SNOW
  LIGHT SNOW
  HAZE


RELATIVE HUMIDITY (PERCENT)
 HIGHEST    83           300 AM
 LOWEST     49          1200 PM
 AVERAGE    66

..........................................................


THE WATERTOWN NY CLIMATE NORMALS FOR TODAY
                         NORMAL    RECORD    YEAR
 MAXIMUM TEMPERATURE (F)   31        56      1984
 MINIMUM TEMPERATURE (F)   10       -30      1979


SUNRISE AND SUNSET
FEBRUARY 14 2016......SUNRISE   705 AM EST   SUNSET   532 PM EST
FEBRUARY 15 2016......SUNRISE   704 AM EST   SUNSET   533 PM EST


-  INDICATES NEGATIVE NUMBERS.
R  INDICATES RECORD WAS SET OR TIED.
MM INDICATES DATA IS MISSING.
T  INDICATES TRACE AMOUNT.




$$
