000
CDUS45 KGJT 280736
CLIASE


CLIMATE REPORT
NATIONAL WEATHER SERVICE GRAND JUNCTION CO
133 AM MDT THU AUG 28 2014


...................................

...THE ASPEN CO CLIMATE SUMMARY FOR AUGUST 27 2014...

CLIMATE NORMAL PERIOD 1981 TO 2010
CLIMATE RECORD PERIOD 9999 TO 9999


WEATHER ITEM   OBSERVED TIME   RECORD YEAR NORMAL DEPARTURE LAST
                VALUE   (LST)  VALUE       VALUE  FROM      YEAR
                                                  NORMAL
..................................................................
TEMPERATURE (F)
 YESTERDAY
  MAXIMUM         66    107 PM  MM      MM  75     -9       82
  MINIMUM         49   1159 PM  MM      MM  44      5       47
  AVERAGE         58                        59     -1       65

PRECIPITATION (IN)
  YESTERDAY        0.24         MM      MM   0.06   0.18      T
  MONTH TO DATE    1.67                      1.46   0.21     1.24
  SINCE JUN 1      3.61                      4.30  -0.69     2.91
  SINCE JAN 1      9.14                     11.24  -2.10     9.59

SNOWFALL (IN)
  YESTERDAY       MM            MM      MM  MM     MM       MM
  MONTH TO DATE   MM                        MM     MM       MM
  SINCE JUN 1     MM                        MM     MM       MM
  SINCE JUL 1     MM                        MM     MM       MM
  SNOW DEPTH      MM

DEGREE DAYS
 HEATING
  YESTERDAY        7                         6      1        0
  MONTH TO DATE  103                        99      4      102
  SINCE JUN 1    333                       399    -66      280
  SINCE JUL 1    128                       170    -42      134

 COOLING
  YESTERDAY        0                         0      0        0
  MONTH TO DATE    1                         9     -8        4
  SINCE JUN 1     56                        38     18       60
  SINCE JAN 1     56                        38     18       60
..................................................................


WIND (MPH)
  HIGHEST WIND SPEED    21   HIGHEST WIND DIRECTION    NW (320)
  HIGHEST GUST SPEED    32   HIGHEST GUST DIRECTION     N (360)
  AVERAGE WIND SPEED     3.7


SKY COVER
  POSSIBLE SUNSHINE  MM
  AVERAGE SKY COVER 0.8


WEATHER CONDITIONS
 THE FOLLOWING WEATHER WAS RECORDED YESTERDAY.
  THUNDERSTORM
  RAIN
  LIGHT RAIN
  FOG


RELATIVE HUMIDITY (PERCENT)
 HIGHEST    96           100 AM
 LOWEST     40           100 PM
 AVERAGE    68

..........................................................


THE ASPEN CO CLIMATE NORMALS FOR TODAY
                         NORMAL    RECORD    YEAR
 MAXIMUM TEMPERATURE (F)   75        MM        MM
 MINIMUM TEMPERATURE (F)   44        MM        MM


SUNRISE AND SUNSET
AUGUST 28 2014........SUNRISE   632 AM MDT   SUNSET   744 PM MDT
AUGUST 29 2014........SUNRISE   633 AM MDT   SUNSET   743 PM MDT


-  INDICATES NEGATIVE NUMBERS.
R  INDICATES RECORD WAS SET OR TIED.
MM INDICATES DATA IS MISSING.
T  INDICATES TRACE AMOUNT.




$$
