000
CDUS45 KGJT 240727
CLIASE


CLIMATE REPORT
NATIONAL WEATHER SERVICE GRAND JUNCTION CO
126 AM MDT THU JUL 24 2014


...................................

...THE ASPEN CO CLIMATE SUMMARY FOR JULY 23 2014...

CLIMATE NORMAL PERIOD 1981 TO 2010
CLIMATE RECORD PERIOD 9999 TO 9999


WEATHER ITEM   OBSERVED TIME   RECORD YEAR NORMAL DEPARTURE LAST
                VALUE   (LST)  VALUE       VALUE  FROM      YEAR
                                                  NORMAL
..................................................................
TEMPERATURE (F)
 YESTERDAY
  MAXIMUM         90    136 PM  MM      MM  80     10       87
  MINIMUM         62   1100 PM  MM      MM  48     14       47
  AVERAGE         76                        64     12       67

PRECIPITATION (IN)
  YESTERDAY        0.08         MM      MM   0.07   0.01     0.00
  MONTH TO DATE    0.81                      1.19  -0.38     0.41
  SINCE JUN 1      0.85                      2.32  -1.47     0.50
  SINCE JAN 1      6.38                      9.26  -2.88     7.18

SNOWFALL (IN)
  YESTERDAY       MM            MM      MM  MM     MM       MM
  MONTH TO DATE   MM                        MM     MM       MM
  SINCE JUN 1     MM                        MM     MM       MM
  SINCE JUL 1     MM                        MM     MM       MM
  SNOW DEPTH      MM

DEGREE DAYS
 HEATING
  YESTERDAY        0                         2     -2        0
  MONTH TO DATE   13                        55    -42       10
  SINCE JUN 1    218                       284    -66      156
  SINCE JUL 1     13                        55    -42       10

 COOLING
  YESTERDAY       11                         1     10        2
  MONTH TO DATE   46                        21     25       39
  SINCE JUN 1     47                        25     22       55
  SINCE JAN 1     47                        25     22       55
..................................................................


WIND (MPH)
  HIGHEST WIND SPEED    28   HIGHEST WIND DIRECTION     S (190)
  HIGHEST GUST SPEED    37   HIGHEST GUST DIRECTION     S (170)
  AVERAGE WIND SPEED     8.4


SKY COVER
  POSSIBLE SUNSHINE  MM
  AVERAGE SKY COVER 0.1


WEATHER CONDITIONS
 THE FOLLOWING WEATHER WAS RECORDED YESTERDAY.
  THUNDERSTORM
  HEAVY RAIN
  LIGHT RAIN


RELATIVE HUMIDITY (PERCENT)
 HIGHEST    56           900 PM
 LOWEST     16           200 PM
 AVERAGE    36

..........................................................


THE ASPEN CO CLIMATE NORMALS FOR TODAY
                         NORMAL    RECORD    YEAR
 MAXIMUM TEMPERATURE (F)   80        MM        MM
 MINIMUM TEMPERATURE (F)   48        MM        MM


SUNRISE AND SUNSET
JULY 24 2014..........SUNRISE   601 AM MDT   SUNSET   827 PM MDT
JULY 25 2014..........SUNRISE   602 AM MDT   SUNSET   826 PM MDT


-  INDICATES NEGATIVE NUMBERS.
R  INDICATES RECORD WAS SET OR TIED.
MM INDICATES DATA IS MISSING.
T  INDICATES TRACE AMOUNT.




$$
